{"id":9723,"date":"2023-04-14T07:14:16","date_gmt":"2023-04-14T05:14:16","guid":{"rendered":"https:\/\/vivasem.ro\/?post_type=product&#038;p=9723"},"modified":"2024-08-13T18:34:27","modified_gmt":"2024-08-13T16:34:27","slug":"patrunjel-de-frunze-italian-giant-3","status":"publish","type":"product","link":"https:\/\/vivasem.ro\/?product=patrunjel-de-frunze-italian-giant-3","title":{"rendered":"\u201e\u201ePATRUNJEL DE FRUNZE GIGANTE DI NAPOLI"},"content":{"rendered":"<p><span style=\"color: #ff0000;\"><u><b>PATRUNJEL DE FRUNZE\u00a0 GIGANTE DI NAPOLI<\/b><\/u><\/span><\/p>\n<p><span style=\"color: #ff0000;\"><u><b>Produc\u0103tor:-Horticola\u00a0 Green Paradise Italia<\/b><\/u><\/span><\/p>\n<h6>Patrunjelul\u00a0 Gigante di Napoli, este o planta foarte aromat\u0103 cu crestere viguroas\u0103, cu frunze mari,\u00a0 crestate, de culoare verde \u00eenchis.<\/h6>\n<h6>Plantele sunt de talie \u00eenalt\u0103, cu pe\u021biol lung, ce cresc din nou foarte rapid dupa t\u0103iere.<\/h6>\n<h6>.<\/h6>\n<h6>Se cultiva din primavar\u0103 pan\u0103 toamna t\u00e2rziu.<\/h6>\n<h6>Se poate cutiva in c\u00e2mp, in spatii acoperite, in jardiniere, etc.<\/h6>\n<h6>Se consuma in stare proaspata sau conservat.<\/h6>\n<h6>Sem\u0103nare in aer liber: martie-aprilie.<\/h6>\n<h6>Distanta intre plante: 30 x 4 cm.<\/h6>\n<h6>Recoltare: iunie-septembrie.<\/h6>\n<h6>Perioada de vegetatie este de 75-85 zile.<\/h6>\n<h6>Se recomanda nivelarea solului si stropirea usoara dupa insamantare.<\/h6>\n<h6>Perioada de insamantat: 20 februarie-10 martie si 01-15 decembrie.<\/h6>\n<h6>Specificatii tehnice:<\/h6>\n<ul>\n<li>\n<h6>adancime 2-2,5 cm<\/h6>\n<\/li>\n<li>\n<h6>insamantat incepand cu luna februarie-decembrie<\/h6>\n<\/li>\n<li>\n<h6>norma de insamantat 8-10 grame\/100 mp<\/h6>\n<\/li>\n<li>\n<h6>-sunt cca. 600 seminte\/gram<\/h6>\n<\/li>\n<li>\n<h6>varietate semi timpurie<\/h6>\n<\/li>\n<li>\n<h6>germinatie minima 65%<\/h6>\n<\/li>\n<li>\n<h6>puritate 97%<\/h6>\n<\/li>\n<li>\n<h6>semanare in camp: martie-septembrie<\/h6>\n<\/li>\n<li>\n<h6>recoltare: iunie-decembrie<\/h6>\n<\/li>\n<\/ul>\n","protected":false},"excerpt":{"rendered":"<p><span style=\"color: #0000ff;\">5 GRAME\/3000 semin\u021be<\/span><\/p>\n","protected":false},"featured_media":9724,"comment_status":"open","ping_status":"closed","template":"","meta":{"site-sidebar-layout":"default","site-content-layout":"default","ast-site-content-layout":"default","site-content-style":"default","site-sidebar-style":"default","ast-global-header-display":"","ast-banner-title-visibility":"","ast-main-header-display":"","ast-hfb-above-header-display":"","ast-hfb-below-header-display":"","ast-hfb-mobile-header-display":"","site-post-title":"","ast-breadcrumbs-content":"","ast-featured-img":"","footer-sml-layout":"","ast-disable-related-posts":"","theme-transparent-header-meta":"default","adv-header-id-meta":"","stick-header-meta":"","header-above-stick-meta":"","header-main-stick-meta":"","header-below-stick-meta":"","astra-migrate-meta-layouts":"set","ast-page-background-enabled":"default","ast-page-background-meta":{"desktop":{"background-color":"var(--ast-global-color-4)","background-image":"","background-repeat":"repeat","background-position":"center center","background-size":"auto","background-attachment":"scroll","background-type":"","background-media":"","overlay-type":"","overlay-color":"","overlay-opacity":"","overlay-gradient":""},"tablet":{"background-color":"","background-image":"","background-repeat":"repeat","background-position":"center center","background-size":"auto","background-attachment":"scroll","background-type":"","background-media":"","overlay-type":"","overlay-color":"","overlay-opacity":"","overlay-gradient":""},"mobile":{"background-color":"","background-image":"","background-repeat":"repeat","background-position":"center center","background-size":"auto","background-attachment":"scroll","background-type":"","background-media":"","overlay-type":"","overlay-color":"","overlay-opacity":"","overlay-gradient":""}},"ast-content-background-meta":{"desktop":{"background-color":"var(--ast-global-color-5)","background-image":"","background-repeat":"repeat","background-position":"center center","background-size":"auto","background-attachment":"scroll","background-type":"","background-media":"","overlay-type":"","overlay-color":"","overlay-opacity":"","overlay-gradient":""},"tablet":{"background-color":"var(--ast-global-color-5)","background-image":"","background-repeat":"repeat","background-position":"center center","background-size":"auto","background-attachment":"scroll","background-type":"","background-media":"","overlay-type":"","overlay-color":"","overlay-opacity":"","overlay-gradient":""},"mobile":{"background-color":"var(--ast-global-color-5)","background-image":"","background-repeat":"repeat","background-position":"center center","background-size":"auto","background-attachment":"scroll","background-type":"","background-media":"","overlay-type":"","overlay-color":"","overlay-opacity":"","overlay-gradient":""}}},"product_brand":[],"product_cat":[90],"product_tag":[],"class_list":{"0":"post-9723","1":"product","2":"type-product","3":"status-publish","4":"has-post-thumbnail","6":"product_cat-plante-aromatice","7":"desktop-align-left","8":"tablet-align-left","9":"mobile-align-left","11":"first","12":"outofstock","13":"taxable","14":"shipping-taxable","15":"purchasable","16":"product-type-simple"},"_links":{"self":[{"href":"https:\/\/vivasem.ro\/index.php?rest_route=\/wp\/v2\/product\/9723","targetHints":{"allow":["GET"]}}],"collection":[{"href":"https:\/\/vivasem.ro\/index.php?rest_route=\/wp\/v2\/product"}],"about":[{"href":"https:\/\/vivasem.ro\/index.php?rest_route=\/wp\/v2\/types\/product"}],"replies":[{"embeddable":true,"href":"https:\/\/vivasem.ro\/index.php?rest_route=%2Fwp%2Fv2%2Fcomments&post=9723"}],"wp:featuredmedia":[{"embeddable":true,"href":"https:\/\/vivasem.ro\/index.php?rest_route=\/wp\/v2\/media\/9724"}],"wp:attachment":[{"href":"https:\/\/vivasem.ro\/index.php?rest_route=%2Fwp%2Fv2%2Fmedia&parent=9723"}],"wp:term":[{"taxonomy":"product_brand","embeddable":true,"href":"https:\/\/vivasem.ro\/index.php?rest_route=%2Fwp%2Fv2%2Fproduct_brand&post=9723"},{"taxonomy":"product_cat","embeddable":true,"href":"https:\/\/vivasem.ro\/index.php?rest_route=%2Fwp%2Fv2%2Fproduct_cat&post=9723"},{"taxonomy":"product_tag","embeddable":true,"href":"https:\/\/vivasem.ro\/index.php?rest_route=%2Fwp%2Fv2%2Fproduct_tag&post=9723"}],"curies":[{"name":"wp","href":"https:\/\/api.w.org\/{rel}","templated":true}]}}