{"id":9180,"date":"2023-02-04T14:46:13","date_gmt":"2023-02-04T12:46:13","guid":{"rendered":"https:\/\/vivasem.ro\/?post_type=product&#038;p=9180"},"modified":"2025-01-26T10:10:59","modified_gmt":"2025-01-26T08:10:59","slug":"varza-chinezeasca-graanat","status":"publish","type":"product","link":"https:\/\/vivasem.ro\/?product=varza-chinezeasca-graanat","title":{"rendered":"\u201e\u201eVARZA CHINEZEASC\u00c5 GRAANAT"},"content":{"rendered":"<h6><u><b><span style=\"color: #ff0000;\">VARZA CHINEZEASC\u00c5 GRAANAT-Agrosem Tg. Mure\u0219<\/span>,<\/b><\/u><\/h6>\n<h6>Varza chinezeasc\u0103 Granaat este un soi cu perioada de vegetatie de 70-75 de zile.<\/h6>\n<h6>C\u0103p\u0103\u021b\u00e2na are forma alungit-cilindrica ,cu frunze de culoare verde deschis \u0219i pe\u021biolul alb.<\/h6>\n<h6>Greutatea este de 1,5-2 kg. Se recomanda pentru consum in stare proaspata.<\/h6>\n<h6>Sem\u0103nat \u00een loc ad\u0103postit: februarie.<\/h6>\n<h6>Sem\u0103nat \u00een aer liber: aprilie.<\/h6>\n<h6>Plantare r\u0103sad: martie-aprilie; iulie.<\/h6>\n<h6>Distan\u021ba \u00eentre plante: 60&#215;30 cm.<\/h6>\n<h6>Recolt\u0103: mai-iunie; octombrie-noiembrie.<\/h6>\n<h6>SE POT CULEGE FRUNZELE,PE R\u00c2ND SAU \u00ceNTREAGA PLANT\u0102,CE POATE AJUNGE LA 2,5 kilograme.<\/h6>\n<h6>A fost cultivata in China inca din antichitate, dar europenii si americanii au introdus-o in bucataria lor abia in secolul XIX; este un ingredient foarte versatil si se regaseste deopotriva in supe , salate si feluri principale.<\/h6>\n<h6>Se pastreaza perfect la frigider \u0219i o saptaman\u0103.<\/h6>\n","protected":false},"excerpt":{"rendered":"<h6><span style=\"color: #0000ff;\">2 grame<\/span><\/h6>\n","protected":false},"featured_media":9182,"comment_status":"open","ping_status":"closed","template":"","meta":{"site-sidebar-layout":"default","site-content-layout":"default","ast-site-content-layout":"default","site-content-style":"default","site-sidebar-style":"default","ast-global-header-display":"","ast-banner-title-visibility":"","ast-main-header-display":"","ast-hfb-above-header-display":"","ast-hfb-below-header-display":"","ast-hfb-mobile-header-display":"","site-post-title":"","ast-breadcrumbs-content":"","ast-featured-img":"","footer-sml-layout":"","ast-disable-related-posts":"","theme-transparent-header-meta":"default","adv-header-id-meta":"","stick-header-meta":"","header-above-stick-meta":"","header-main-stick-meta":"","header-below-stick-meta":"","astra-migrate-meta-layouts":"set","ast-page-background-enabled":"default","ast-page-background-meta":{"desktop":{"background-color":"var(--ast-global-color-4)","background-image":"","background-repeat":"repeat","background-position":"center center","background-size":"auto","background-attachment":"scroll","background-type":"","background-media":"","overlay-type":"","overlay-color":"","overlay-opacity":"","overlay-gradient":""},"tablet":{"background-color":"","background-image":"","background-repeat":"repeat","background-position":"center center","background-size":"auto","background-attachment":"scroll","background-type":"","background-media":"","overlay-type":"","overlay-color":"","overlay-opacity":"","overlay-gradient":""},"mobile":{"background-color":"","background-image":"","background-repeat":"repeat","background-position":"center center","background-size":"auto","background-attachment":"scroll","background-type":"","background-media":"","overlay-type":"","overlay-color":"","overlay-opacity":"","overlay-gradient":""}},"ast-content-background-meta":{"desktop":{"background-color":"var(--ast-global-color-5)","background-image":"","background-repeat":"repeat","background-position":"center center","background-size":"auto","background-attachment":"scroll","background-type":"","background-media":"","overlay-type":"","overlay-color":"","overlay-opacity":"","overlay-gradient":""},"tablet":{"background-color":"var(--ast-global-color-5)","background-image":"","background-repeat":"repeat","background-position":"center center","background-size":"auto","background-attachment":"scroll","background-type":"","background-media":"","overlay-type":"","overlay-color":"","overlay-opacity":"","overlay-gradient":""},"mobile":{"background-color":"var(--ast-global-color-5)","background-image":"","background-repeat":"repeat","background-position":"center center","background-size":"auto","background-attachment":"scroll","background-type":"","background-media":"","overlay-type":"","overlay-color":"","overlay-opacity":"","overlay-gradient":""}}},"product_brand":[],"product_cat":[88,148],"product_tag":[],"class_list":{"0":"post-9180","1":"product","2":"type-product","3":"status-publish","4":"has-post-thumbnail","6":"product_cat-salata-varza-kale","7":"product_cat-10-varza-varza-kale","8":"desktop-align-left","9":"tablet-align-left","10":"mobile-align-left","12":"first","13":"outofstock","14":"taxable","15":"shipping-taxable","16":"purchasable","17":"product-type-simple"},"_links":{"self":[{"href":"https:\/\/vivasem.ro\/index.php?rest_route=\/wp\/v2\/product\/9180","targetHints":{"allow":["GET"]}}],"collection":[{"href":"https:\/\/vivasem.ro\/index.php?rest_route=\/wp\/v2\/product"}],"about":[{"href":"https:\/\/vivasem.ro\/index.php?rest_route=\/wp\/v2\/types\/product"}],"replies":[{"embeddable":true,"href":"https:\/\/vivasem.ro\/index.php?rest_route=%2Fwp%2Fv2%2Fcomments&post=9180"}],"wp:featuredmedia":[{"embeddable":true,"href":"https:\/\/vivasem.ro\/index.php?rest_route=\/wp\/v2\/media\/9182"}],"wp:attachment":[{"href":"https:\/\/vivasem.ro\/index.php?rest_route=%2Fwp%2Fv2%2Fmedia&parent=9180"}],"wp:term":[{"taxonomy":"product_brand","embeddable":true,"href":"https:\/\/vivasem.ro\/index.php?rest_route=%2Fwp%2Fv2%2Fproduct_brand&post=9180"},{"taxonomy":"product_cat","embeddable":true,"href":"https:\/\/vivasem.ro\/index.php?rest_route=%2Fwp%2Fv2%2Fproduct_cat&post=9180"},{"taxonomy":"product_tag","embeddable":true,"href":"https:\/\/vivasem.ro\/index.php?rest_route=%2Fwp%2Fv2%2Fproduct_tag&post=9180"}],"curies":[{"name":"wp","href":"https:\/\/api.w.org\/{rel}","templated":true}]}}