{"id":9134,"date":"2023-01-29T18:00:30","date_gmt":"2023-01-29T16:00:30","guid":{"rendered":"https:\/\/vivasem.ro\/?post_type=product&#038;p=9134"},"modified":"2025-12-28T12:14:44","modified_gmt":"2025-12-28T10:14:44","slug":"pisanello-da-bruschetta-oferta-21","status":"publish","type":"product","link":"https:\/\/vivasem.ro\/?product=pisanello-da-bruschetta-oferta-21","title":{"rendered":".PISANELLO DA BRUSCHETTA (Ofert\u0103 de pret\/G. 70-95%)"},"content":{"rendered":"<h6><strong><span style=\"color: #ff0000;\">PISANELLO DA BRUSCHETTA<\/span>,<\/strong><\/h6>\n<h6><strong>Lot cu germina\u021bie de 70-95%.<\/strong><\/h6>\n<h6><strong>SOI TRADI\u021aIONAL ITALIAN, HEIRLOOM, DE RO\u0218II CRE\u021aE, <span style=\"color: #0000ff;\">MULT FOLOSIT IN BUC\u0102T\u0102RIA DIN PENINSUL\u0102, \u00ceN SPECIAL \u00ceN STARE PROASP\u0102T\u0102, DUP\u0102 CUM \u00ceI SPUNE \u0218I NUMELE ,,RO\u0218IA PENTRU BRUSCHETE DIN PISA ,, .<\/span><\/strong><\/h6>\n<h6><strong>\u0218I-A C\u00c2\u0218TIGAT FAIMA, DATORIT\u0102 <span style=\"color: #0000ff;\">GUSTULUI EXCELENT<\/span><\/strong><span style=\"color: #0000ff;\">, DULCE ,CU AROM\u0102 PUTERNIC\u0102 DE RO\u0218IE \u021a\u0102R\u0102NEASC\u0102, CU FRUCTE C\u0102RNOASE, SEMIN\u021aE PU\u021aINE ,CULOARE INTENS\u0102 RO\u0218IE, \u00ceN CONCLUZIE ESTE O TOMAT\u0102 FRUMOAS\u0102.<\/span><\/h6>\n<h6>GREUTATEA MEDIE ESTE DE 100-150 grame,DAR AJUNG P\u00c2N\u0102 LA 350 grame.<\/h6>\n<h6>PLANTELE NEDETERMINATE, <span style=\"color: #0000ff;\">SUNT EXTRAORDINAR DE PRODUCTIVE,<\/span> P\u0102NA LA SFAR\u0218ITUL SEZONULUI\u00a0 ,RECOLTELE FIIND TIMPURII.<\/h6>\n","protected":false},"excerpt":{"rendered":"<h6><span style=\"color: #ff00ff;\">EXTREM DE PRODUCTIV, GUST EXCELENT !<\/span><\/h6>\n","protected":false},"featured_media":1078,"comment_status":"open","ping_status":"closed","template":"","meta":{"site-sidebar-layout":"default","site-content-layout":"default","ast-site-content-layout":"default","site-content-style":"default","site-sidebar-style":"default","ast-global-header-display":"","ast-banner-title-visibility":"","ast-main-header-display":"","ast-hfb-above-header-display":"","ast-hfb-below-header-display":"","ast-hfb-mobile-header-display":"","site-post-title":"","ast-breadcrumbs-content":"","ast-featured-img":"","footer-sml-layout":"","ast-disable-related-posts":"","theme-transparent-header-meta":"default","adv-header-id-meta":"","stick-header-meta":"","header-above-stick-meta":"","header-main-stick-meta":"","header-below-stick-meta":"","astra-migrate-meta-layouts":"set","ast-page-background-enabled":"default","ast-page-background-meta":{"desktop":{"background-color":"var(--ast-global-color-4)","background-image":"","background-repeat":"repeat","background-position":"center center","background-size":"auto","background-attachment":"scroll","background-type":"","background-media":"","overlay-type":"","overlay-color":"","overlay-opacity":"","overlay-gradient":""},"tablet":{"background-color":"","background-image":"","background-repeat":"repeat","background-position":"center center","background-size":"auto","background-attachment":"scroll","background-type":"","background-media":"","overlay-type":"","overlay-color":"","overlay-opacity":"","overlay-gradient":""},"mobile":{"background-color":"","background-image":"","background-repeat":"repeat","background-position":"center center","background-size":"auto","background-attachment":"scroll","background-type":"","background-media":"","overlay-type":"","overlay-color":"","overlay-opacity":"","overlay-gradient":""}},"ast-content-background-meta":{"desktop":{"background-color":"var(--ast-global-color-5)","background-image":"","background-repeat":"repeat","background-position":"center center","background-size":"auto","background-attachment":"scroll","background-type":"","background-media":"","overlay-type":"","overlay-color":"","overlay-opacity":"","overlay-gradient":""},"tablet":{"background-color":"var(--ast-global-color-5)","background-image":"","background-repeat":"repeat","background-position":"center center","background-size":"auto","background-attachment":"scroll","background-type":"","background-media":"","overlay-type":"","overlay-color":"","overlay-opacity":"","overlay-gradient":""},"mobile":{"background-color":"var(--ast-global-color-5)","background-image":"","background-repeat":"repeat","background-position":"center center","background-size":"auto","background-attachment":"scroll","background-type":"","background-media":"","overlay-type":"","overlay-color":"","overlay-opacity":"","overlay-gradient":""}}},"product_brand":[],"product_cat":[180,151,142,15],"product_tag":[],"class_list":{"0":"post-9134","1":"product","2":"type-product","3":"status-publish","4":"has-post-thumbnail","6":"product_cat-oferte-de-pret-cantitate","7":"product_cat-soiuri-italiene","8":"product_cat-soiuri-rosii-roz","9":"product_cat-tomate-soi","10":"pa_numar-s-40-100-seminte","11":"pa_numar-s-40-120-seminte","12":"pa_numar-s-40-160-seminte","13":"pa_numar-s-40-20-seminte","14":"pa_numar-s-40-200-seminte","15":"pa_numar-s-40-40-seminte","16":"pa_numar-s-40-400-seminte","17":"pa_numar-s-40-80-seminte","18":"desktop-align-left","19":"tablet-align-left","20":"mobile-align-left","22":"first","23":"instock","24":"sale","25":"taxable","26":"shipping-taxable","27":"purchasable","28":"product-type-variable"},"_links":{"self":[{"href":"https:\/\/vivasem.ro\/index.php?rest_route=\/wp\/v2\/product\/9134","targetHints":{"allow":["GET"]}}],"collection":[{"href":"https:\/\/vivasem.ro\/index.php?rest_route=\/wp\/v2\/product"}],"about":[{"href":"https:\/\/vivasem.ro\/index.php?rest_route=\/wp\/v2\/types\/product"}],"replies":[{"embeddable":true,"href":"https:\/\/vivasem.ro\/index.php?rest_route=%2Fwp%2Fv2%2Fcomments&post=9134"}],"wp:featuredmedia":[{"embeddable":true,"href":"https:\/\/vivasem.ro\/index.php?rest_route=\/wp\/v2\/media\/1078"}],"wp:attachment":[{"href":"https:\/\/vivasem.ro\/index.php?rest_route=%2Fwp%2Fv2%2Fmedia&parent=9134"}],"wp:term":[{"taxonomy":"product_brand","embeddable":true,"href":"https:\/\/vivasem.ro\/index.php?rest_route=%2Fwp%2Fv2%2Fproduct_brand&post=9134"},{"taxonomy":"product_cat","embeddable":true,"href":"https:\/\/vivasem.ro\/index.php?rest_route=%2Fwp%2Fv2%2Fproduct_cat&post=9134"},{"taxonomy":"product_tag","embeddable":true,"href":"https:\/\/vivasem.ro\/index.php?rest_route=%2Fwp%2Fv2%2Fproduct_tag&post=9134"}],"curies":[{"name":"wp","href":"https:\/\/api.w.org\/{rel}","templated":true}]}}