{"id":8693,"date":"2022-12-29T10:59:47","date_gmt":"2022-12-29T08:59:47","guid":{"rendered":"https:\/\/vivasem.ro\/?post_type=product&#038;p=8693"},"modified":"2026-01-08T16:32:42","modified_gmt":"2026-01-08T14:32:42","slug":"corlonese","status":"publish","type":"product","link":"https:\/\/vivasem.ro\/?product=corlonese","title":{"rendered":"CORLEONESE"},"content":{"rendered":"<h6 class=\"page-title\"><span class=\"base\" style=\"color: #ff0000;\" data-ui-id=\"page-title-wrapper\">CORLEONESE ,<\/span><\/h6>\n<h6 class=\"page-title\"><span style=\"color: #ff0000;\">-Produc\u0103tor :La Semiorto Sementi ITALIA<a href=\"https:\/\/vivasem.ro\/wp-content\/uploads\/2022\/12\/LA-SEMIORTO-2.jpg\"><img loading=\"lazy\" decoding=\"async\" class=\"alignnone size-medium wp-image-8634\" src=\"https:\/\/vivasem.ro\/wp-content\/uploads\/2022\/12\/LA-SEMIORTO-2-300x83.jpg\" alt=\"\" width=\"300\" height=\"83\" srcset=\"https:\/\/vivasem.ro\/wp-content\/uploads\/2022\/12\/LA-SEMIORTO-2-300x83.jpg 300w, https:\/\/vivasem.ro\/wp-content\/uploads\/2022\/12\/LA-SEMIORTO-2-248x69.jpg 248w, https:\/\/vivasem.ro\/wp-content\/uploads\/2022\/12\/LA-SEMIORTO-2.jpg 523w\" sizes=\"auto, (max-width: 300px) 100vw, 300px\" \/><\/a>\u00a0 \u00a0 \u00a0 \u00a0 \u00a0 \u00a0 \u00a0 \u00a0 \u00a0 \u00a0 \u00a0 \u00a0 \u00a0 \u00a0 \u00a0 \u00a0 \u00a0 \u00a0 \u00a0 \u00a0 \u00a0 \u00a0 \u00a0 \u00a0 \u00a0 \u00a0 \u00a0 \u00a0<\/span><\/h6>\n<h6><strong><span style=\"color: #0000ff;\">SOI\u00a0 CLASIC\u00a0 SICILIAN , DIN REGIUNEA PALERMO, RUSTIC,\u00a0 PUTERNIC COSTAT.<\/span><\/strong><\/h6>\n<h6><span style=\"color: #ff0000;\"><strong>UNA DIN PRINCIPALELE CARACTERISTICI, CONST\u0102 \u00ceN DEOSEBITA REZISTEN\u021a\u0102 LA SECET\u0102 \u0218I TEMPERATURI RIDICATE, FAPT CE ASIGUR\u0102 O PRODUCTIVITATE RIDICAT\u0102.<\/strong><\/span><\/h6>\n<h6><span style=\"color: #000000;\">FRUCTELE SUNT <strong>C\u0102RNOASE , CU PULPA FERM\u0102, <\/strong>CU SEMIN\u021aE PU\u021aINE ,<\/span><span style=\"color: #ff0000;\"><strong>\u00a0MARI, \u00ceN MEDIE DE 100-120 gr.,DAR <\/strong>POT AJUNGE \u0218I MAI MARI !<\/span><\/h6>\n<h6><span style=\"color: #000000;\">CULOAREA FOARTE FRUMOAS\u0102,\u00a0 RO\u0218U-APRINS.<\/span><\/h6>\n<h6><strong><span style=\"color: #0000ff;\">GUST EXCELENT ,DE RO\u0218IE \u021a\u0102R\u0102NEASC\u0102, FOARTE DULCE , AROM\u0102 PUTERNIC\u0102.<\/span><\/strong><\/h6>\n<h6><strong><span style=\"color: #0000ff;\">DE UTILIZAT\u00a0 \u00ceN BUC\u0102T\u0102RIE, \u0218I \u00ceN FORM\u0102 PROASP\u0102T\u0102, DATORIT\u0102 CALIT\u0102\u021aILOR ORGANOLEPTICE DEOSEBITE, DAR \u0218I PENTRU SOSURI, SALSA, PASTE .<\/span><\/strong><\/h6>\n<h6><span style=\"color: #ff0000;\"><strong>Tomatele\u00a0Corleonese\u00a0<\/strong>sunt un soi semitimpuriu, rustic, u\u0219or de crescut in aer liber.<\/span><\/h6>\n<h6><span style=\"color: #ff0000;\">Cre\u0219terea plantei este determinat\u0103, rosiile Corleonese fiind pretabile cultivarii afar\u0103, pe araci. <\/span><\/h6>\n<h6>Fructele au un aspect comercial excelent, ce le face foarte u\u0219or vandabile.<\/h6>\n<h6><span style=\"color: #ff0000;\">RODE\u0218TE FOARTE MULT, FIIND CARACTERIZAT CU PRODUC\u021aIE MARE.<\/span><\/h6>\n<h6>DE\u0218I ESTE DESTINAT DE A FI CULTIVAT \u00ceN C\u00c2MP \u0218I GR\u0102DIN\u0102 , D\u0102 REZULTATE FOARTE BUNE \u00ceN SOLARII SAU SERE.<\/h6>\n<h6><\/h6>\n","protected":false},"excerpt":{"rendered":"<h6><span style=\"color: #ff00ff;\">SOI DETERMINAT, FOARTE REZISTENT LA SECET\u0102 \u0218I C\u0102LDUR\u0102, FOARTE PRODUCTIV !<\/span><\/h6>\n","protected":false},"featured_media":8694,"comment_status":"open","ping_status":"closed","template":"","meta":{"site-sidebar-layout":"default","site-content-layout":"default","ast-site-content-layout":"default","site-content-style":"default","site-sidebar-style":"default","ast-global-header-display":"","ast-banner-title-visibility":"","ast-main-header-display":"","ast-hfb-above-header-display":"","ast-hfb-below-header-display":"","ast-hfb-mobile-header-display":"","site-post-title":"","ast-breadcrumbs-content":"","ast-featured-img":"","footer-sml-layout":"","ast-disable-related-posts":"","theme-transparent-header-meta":"default","adv-header-id-meta":"","stick-header-meta":"","header-above-stick-meta":"","header-main-stick-meta":"","header-below-stick-meta":"","astra-migrate-meta-layouts":"set","ast-page-background-enabled":"default","ast-page-background-meta":{"desktop":{"background-color":"var(--ast-global-color-4)","background-image":"","background-repeat":"repeat","background-position":"center center","background-size":"auto","background-attachment":"scroll","background-type":"","background-media":"","overlay-type":"","overlay-color":"","overlay-opacity":"","overlay-gradient":""},"tablet":{"background-color":"","background-image":"","background-repeat":"repeat","background-position":"center center","background-size":"auto","background-attachment":"scroll","background-type":"","background-media":"","overlay-type":"","overlay-color":"","overlay-opacity":"","overlay-gradient":""},"mobile":{"background-color":"","background-image":"","background-repeat":"repeat","background-position":"center center","background-size":"auto","background-attachment":"scroll","background-type":"","background-media":"","overlay-type":"","overlay-color":"","overlay-opacity":"","overlay-gradient":""}},"ast-content-background-meta":{"desktop":{"background-color":"var(--ast-global-color-5)","background-image":"","background-repeat":"repeat","background-position":"center center","background-size":"auto","background-attachment":"scroll","background-type":"","background-media":"","overlay-type":"","overlay-color":"","overlay-opacity":"","overlay-gradient":""},"tablet":{"background-color":"var(--ast-global-color-5)","background-image":"","background-repeat":"repeat","background-position":"center center","background-size":"auto","background-attachment":"scroll","background-type":"","background-media":"","overlay-type":"","overlay-color":"","overlay-opacity":"","overlay-gradient":""},"mobile":{"background-color":"var(--ast-global-color-5)","background-image":"","background-repeat":"repeat","background-position":"center center","background-size":"auto","background-attachment":"scroll","background-type":"","background-media":"","overlay-type":"","overlay-color":"","overlay-opacity":"","overlay-gradient":""}}},"product_brand":[],"product_cat":[167,151,142,144,15],"product_tag":[],"class_list":{"0":"post-8693","1":"product","2":"type-product","3":"status-publish","4":"has-post-thumbnail","6":"product_cat-tufa","7":"product_cat-soiuri-italiene","8":"product_cat-soiuri-rosii-roz","9":"product_cat-soiuri-tip-inima-de-bou","10":"product_cat-tomate-soi","11":"pa_numar-s-40-100-seminte","12":"pa_numar-s-40-120-seminte","13":"pa_numar-s-40-160-seminte","14":"pa_numar-s-40-20-seminte","15":"pa_numar-s-40-200-seminte","16":"pa_numar-s-40-40-seminte","17":"pa_numar-s-40-400-seminte","18":"pa_numar-s-40-80-seminte","19":"desktop-align-left","20":"tablet-align-left","21":"mobile-align-left","23":"first","24":"instock","25":"sale","26":"taxable","27":"shipping-taxable","28":"purchasable","29":"product-type-variable"},"_links":{"self":[{"href":"https:\/\/vivasem.ro\/index.php?rest_route=\/wp\/v2\/product\/8693","targetHints":{"allow":["GET"]}}],"collection":[{"href":"https:\/\/vivasem.ro\/index.php?rest_route=\/wp\/v2\/product"}],"about":[{"href":"https:\/\/vivasem.ro\/index.php?rest_route=\/wp\/v2\/types\/product"}],"replies":[{"embeddable":true,"href":"https:\/\/vivasem.ro\/index.php?rest_route=%2Fwp%2Fv2%2Fcomments&post=8693"}],"wp:featuredmedia":[{"embeddable":true,"href":"https:\/\/vivasem.ro\/index.php?rest_route=\/wp\/v2\/media\/8694"}],"wp:attachment":[{"href":"https:\/\/vivasem.ro\/index.php?rest_route=%2Fwp%2Fv2%2Fmedia&parent=8693"}],"wp:term":[{"taxonomy":"product_brand","embeddable":true,"href":"https:\/\/vivasem.ro\/index.php?rest_route=%2Fwp%2Fv2%2Fproduct_brand&post=8693"},{"taxonomy":"product_cat","embeddable":true,"href":"https:\/\/vivasem.ro\/index.php?rest_route=%2Fwp%2Fv2%2Fproduct_cat&post=8693"},{"taxonomy":"product_tag","embeddable":true,"href":"https:\/\/vivasem.ro\/index.php?rest_route=%2Fwp%2Fv2%2Fproduct_tag&post=8693"}],"curies":[{"name":"wp","href":"https:\/\/api.w.org\/{rel}","templated":true}]}}