{"id":8691,"date":"2022-12-29T10:47:06","date_gmt":"2022-12-29T08:47:06","guid":{"rendered":"https:\/\/vivasem.ro\/?post_type=product&#038;p=8691"},"modified":"2024-01-11T18:36:28","modified_gmt":"2024-01-11T16:36:28","slug":"sunatoare-horti-tops","status":"publish","type":"product","link":"https:\/\/vivasem.ro\/?product=sunatoare-horti-tops","title":{"rendered":"\u201e\u201eSUN\u0102TOARE -Horti Tops"},"content":{"rendered":"<h6><span style=\"color: #ff0000;\"><strong><u>SUN\u0102TOARE-Horti Tops.OLANDA<\/u><\/strong><strong>\u00a0,<\/strong><\/span><\/h6>\n<h6>Plant\u0103 erbacee perena cu o in\u0103l\u021bime de 30-70 cm.<\/h6>\n<h6>Se culeg inflorescen\u021bele cu flori neofilite \u0219i o parte din tulpin\u0103, in buchete, care se taie la 20 cm de la v\u00e2rf.<\/h6>\n<h6>Se utilizeaz\u0103 ca plant\u0103 medicinal\u0103 cu actiune multipl\u0103.<\/h6>\n<h6>Se insaman\u021beaz\u0103 in perioada martie-aprilie.<\/h6>\n<h6>Specificatii tehnice:<\/h6>\n<ul>\n<li>\n<h6>Adancime 2-2,5 cm<\/h6>\n<\/li>\n<li>\n<h6>Insamantat incepand cu luna martie-aprilie<\/h6>\n<\/li>\n<li>\n<h6>Tipuri de productie din seminte<\/h6>\n<\/li>\n<\/ul>\n<h6>Generalitati:<\/h6>\n<ul>\n<li>\n<h6>Plantare martie-aprilie<\/h6>\n<\/li>\n<li>\n<h6>Recoltare iulie-august<\/h6>\n<\/li>\n<li>\n<h6>Vegetatie 120 zile<\/h6>\n<\/li>\n<li>\n<h6><strong style=\"font-size: 16px;\">U\u0218OR DE CULTIVAT, \u00ceN GR\u0102DIN\u0102 ,IAR\u00a0 \u00ceN GHIVECE, SE POATE CULTIVA CU EXCELENTE REZULTATE, \u00ceN SPECIAL \u00ceN ANOTIMPUL RECE.<\/strong><\/h6>\n<\/li>\n<\/ul>\n","protected":false},"excerpt":{"rendered":"<p style=\"text-align: left;\"><span style=\"color: #0000ff;\">0,3\u00a0 GRAME\/ circa 1000 semin\u021be<\/span><\/p>\n","protected":false},"featured_media":8692,"comment_status":"open","ping_status":"closed","template":"","meta":{"site-sidebar-layout":"default","site-content-layout":"default","ast-site-content-layout":"default","site-content-style":"default","site-sidebar-style":"default","ast-global-header-display":"","ast-banner-title-visibility":"","ast-main-header-display":"","ast-hfb-above-header-display":"","ast-hfb-below-header-display":"","ast-hfb-mobile-header-display":"","site-post-title":"","ast-breadcrumbs-content":"","ast-featured-img":"","footer-sml-layout":"","ast-disable-related-posts":"","theme-transparent-header-meta":"default","adv-header-id-meta":"","stick-header-meta":"","header-above-stick-meta":"","header-main-stick-meta":"","header-below-stick-meta":"","astra-migrate-meta-layouts":"set","ast-page-background-enabled":"default","ast-page-background-meta":{"desktop":{"background-color":"var(--ast-global-color-4)","background-image":"","background-repeat":"repeat","background-position":"center center","background-size":"auto","background-attachment":"scroll","background-type":"","background-media":"","overlay-type":"","overlay-color":"","overlay-opacity":"","overlay-gradient":""},"tablet":{"background-color":"","background-image":"","background-repeat":"repeat","background-position":"center center","background-size":"auto","background-attachment":"scroll","background-type":"","background-media":"","overlay-type":"","overlay-color":"","overlay-opacity":"","overlay-gradient":""},"mobile":{"background-color":"","background-image":"","background-repeat":"repeat","background-position":"center center","background-size":"auto","background-attachment":"scroll","background-type":"","background-media":"","overlay-type":"","overlay-color":"","overlay-opacity":"","overlay-gradient":""}},"ast-content-background-meta":{"desktop":{"background-color":"var(--ast-global-color-5)","background-image":"","background-repeat":"repeat","background-position":"center center","background-size":"auto","background-attachment":"scroll","background-type":"","background-media":"","overlay-type":"","overlay-color":"","overlay-opacity":"","overlay-gradient":""},"tablet":{"background-color":"var(--ast-global-color-5)","background-image":"","background-repeat":"repeat","background-position":"center center","background-size":"auto","background-attachment":"scroll","background-type":"","background-media":"","overlay-type":"","overlay-color":"","overlay-opacity":"","overlay-gradient":""},"mobile":{"background-color":"var(--ast-global-color-5)","background-image":"","background-repeat":"repeat","background-position":"center center","background-size":"auto","background-attachment":"scroll","background-type":"","background-media":"","overlay-type":"","overlay-color":"","overlay-opacity":"","overlay-gradient":""}}},"product_brand":[],"product_cat":[90],"product_tag":[],"class_list":{"0":"post-8691","1":"product","2":"type-product","3":"status-publish","4":"has-post-thumbnail","6":"product_cat-plante-aromatice","7":"desktop-align-left","8":"tablet-align-left","9":"mobile-align-left","11":"first","12":"outofstock","13":"taxable","14":"shipping-taxable","15":"purchasable","16":"product-type-simple"},"_links":{"self":[{"href":"https:\/\/vivasem.ro\/index.php?rest_route=\/wp\/v2\/product\/8691","targetHints":{"allow":["GET"]}}],"collection":[{"href":"https:\/\/vivasem.ro\/index.php?rest_route=\/wp\/v2\/product"}],"about":[{"href":"https:\/\/vivasem.ro\/index.php?rest_route=\/wp\/v2\/types\/product"}],"replies":[{"embeddable":true,"href":"https:\/\/vivasem.ro\/index.php?rest_route=%2Fwp%2Fv2%2Fcomments&post=8691"}],"wp:featuredmedia":[{"embeddable":true,"href":"https:\/\/vivasem.ro\/index.php?rest_route=\/wp\/v2\/media\/8692"}],"wp:attachment":[{"href":"https:\/\/vivasem.ro\/index.php?rest_route=%2Fwp%2Fv2%2Fmedia&parent=8691"}],"wp:term":[{"taxonomy":"product_brand","embeddable":true,"href":"https:\/\/vivasem.ro\/index.php?rest_route=%2Fwp%2Fv2%2Fproduct_brand&post=8691"},{"taxonomy":"product_cat","embeddable":true,"href":"https:\/\/vivasem.ro\/index.php?rest_route=%2Fwp%2Fv2%2Fproduct_cat&post=8691"},{"taxonomy":"product_tag","embeddable":true,"href":"https:\/\/vivasem.ro\/index.php?rest_route=%2Fwp%2Fv2%2Fproduct_tag&post=8691"}],"curies":[{"name":"wp","href":"https:\/\/api.w.org\/{rel}","templated":true}]}}