{"id":859,"date":"2021-11-08T15:24:17","date_gmt":"2021-11-08T13:24:17","guid":{"rendered":"https:\/\/vivasem.ro\/?post_type=product&#038;p=859"},"modified":"2025-11-27T16:10:14","modified_gmt":"2025-11-27T14:10:14","slug":"inima-de-belarus-natasa","status":"publish","type":"product","link":"https:\/\/vivasem.ro\/?product=inima-de-belarus-natasa","title":{"rendered":"INIM\u0102 DE BELARUS-NATA\u0218A"},"content":{"rendered":"<h6><span style=\"color: #ff0000;\">INIM\u0102 DE BELARUS-NATA\u0218A,<\/span><\/h6>\n<h6><span style=\"color: #0000ff;\">UN SOI DE EXCEP\u021aIE,RAR, DE INIM\u0102 RO\u0218IE, CU FRUCTE URIA\u0218E, CARE POT DEP\u0102\u0218II 1 kilogram, IN MEDIE ATING 200-500 grame.<\/span><\/h6>\n<h6>TOMATELE SUNT C\u0102RNOASE, <span style=\"color: #0000ff;\">DEOSEBIT DE\u00a0 GUSTOASE, DULCI-AROMATE,<\/span> MIEZUL ESTE FRAGED, MARE,CU TEXTUR\u0102 FIN\u0102,CU PUTINE SEMIN\u021aE ESTE NEZEMOS SI CA ATARE POATE FI FELIAT SI T\u0102IAT CUBURI F\u0102R\u0102 A SE INMUIA.<\/h6>\n<h6>FRUCTELE PREZINT\u0102 FA\u021aETE LATERALE,ASTFEL C\u0102, \u00ceN SEC\u021aIUNE,PREZINT\u0102 UN DESEN UNIC, DE PENTAGON SAU HEXAGON, CARACTERISTIC ACESTUI SOI.<\/h6>\n<h6><span style=\"color: #0000ff;\">PLANTELE SUNT \u00a0FOARTE PRODUCTIVE, FRUCTELE RODESC IN BUCHETE DE 2-3 BUC\u0102\u021aI \u0218I DE MULTE ORI SE POT OB\u021aINE PESTE 1,2 kilograme\/PLANT\u0102\/ O RECOLTARE.<\/span><\/h6>\n<h6>SOI\u00a0 VIGUROS, NEDERERMINAT, SEMITIMPURIU.<\/h6>\n","protected":false},"excerpt":{"rendered":"<h6><span style=\"color: #0000ff;\">30 SEMIN\u021aE<\/span><\/h6>\n<h6>SOI URIA\u0218 EXCEP\u021aIONAL !<\/h6>\n<h6>DEOSEBIT DE GUSTOS !<\/h6>\n","protected":false},"featured_media":1401,"comment_status":"open","ping_status":"closed","template":"","meta":{"site-sidebar-layout":"default","site-content-layout":"default","ast-site-content-layout":"default","site-content-style":"default","site-sidebar-style":"default","ast-global-header-display":"","ast-banner-title-visibility":"","ast-main-header-display":"","ast-hfb-above-header-display":"","ast-hfb-below-header-display":"","ast-hfb-mobile-header-display":"","site-post-title":"","ast-breadcrumbs-content":"","ast-featured-img":"","footer-sml-layout":"","ast-disable-related-posts":"","theme-transparent-header-meta":"default","adv-header-id-meta":"","stick-header-meta":"","header-above-stick-meta":"","header-main-stick-meta":"","header-below-stick-meta":"","astra-migrate-meta-layouts":"set","ast-page-background-enabled":"default","ast-page-background-meta":{"desktop":{"background-color":"var(--ast-global-color-4)","background-image":"","background-repeat":"repeat","background-position":"center center","background-size":"auto","background-attachment":"scroll","background-type":"","background-media":"","overlay-type":"","overlay-color":"","overlay-opacity":"","overlay-gradient":""},"tablet":{"background-color":"","background-image":"","background-repeat":"repeat","background-position":"center center","background-size":"auto","background-attachment":"scroll","background-type":"","background-media":"","overlay-type":"","overlay-color":"","overlay-opacity":"","overlay-gradient":""},"mobile":{"background-color":"","background-image":"","background-repeat":"repeat","background-position":"center center","background-size":"auto","background-attachment":"scroll","background-type":"","background-media":"","overlay-type":"","overlay-color":"","overlay-opacity":"","overlay-gradient":""}},"ast-content-background-meta":{"desktop":{"background-color":"var(--ast-global-color-5)","background-image":"","background-repeat":"repeat","background-position":"center center","background-size":"auto","background-attachment":"scroll","background-type":"","background-media":"","overlay-type":"","overlay-color":"","overlay-opacity":"","overlay-gradient":""},"tablet":{"background-color":"var(--ast-global-color-5)","background-image":"","background-repeat":"repeat","background-position":"center center","background-size":"auto","background-attachment":"scroll","background-type":"","background-media":"","overlay-type":"","overlay-color":"","overlay-opacity":"","overlay-gradient":""},"mobile":{"background-color":"var(--ast-global-color-5)","background-image":"","background-repeat":"repeat","background-position":"center center","background-size":"auto","background-attachment":"scroll","background-type":"","background-media":"","overlay-type":"","overlay-color":"","overlay-opacity":"","overlay-gradient":""}}},"product_brand":[],"product_cat":[141,142,144,15],"product_tag":[],"class_list":{"0":"post-859","1":"product","2":"type-product","3":"status-publish","4":"has-post-thumbnail","6":"product_cat-soi-gigant-urias","7":"product_cat-soiuri-rosii-roz","8":"product_cat-soiuri-tip-inima-de-bou","9":"product_cat-tomate-soi","10":"desktop-align-left","11":"tablet-align-left","12":"mobile-align-left","14":"first","15":"instock","16":"taxable","17":"shipping-taxable","18":"purchasable","19":"product-type-simple"},"_links":{"self":[{"href":"https:\/\/vivasem.ro\/index.php?rest_route=\/wp\/v2\/product\/859","targetHints":{"allow":["GET"]}}],"collection":[{"href":"https:\/\/vivasem.ro\/index.php?rest_route=\/wp\/v2\/product"}],"about":[{"href":"https:\/\/vivasem.ro\/index.php?rest_route=\/wp\/v2\/types\/product"}],"replies":[{"embeddable":true,"href":"https:\/\/vivasem.ro\/index.php?rest_route=%2Fwp%2Fv2%2Fcomments&post=859"}],"wp:featuredmedia":[{"embeddable":true,"href":"https:\/\/vivasem.ro\/index.php?rest_route=\/wp\/v2\/media\/1401"}],"wp:attachment":[{"href":"https:\/\/vivasem.ro\/index.php?rest_route=%2Fwp%2Fv2%2Fmedia&parent=859"}],"wp:term":[{"taxonomy":"product_brand","embeddable":true,"href":"https:\/\/vivasem.ro\/index.php?rest_route=%2Fwp%2Fv2%2Fproduct_brand&post=859"},{"taxonomy":"product_cat","embeddable":true,"href":"https:\/\/vivasem.ro\/index.php?rest_route=%2Fwp%2Fv2%2Fproduct_cat&post=859"},{"taxonomy":"product_tag","embeddable":true,"href":"https:\/\/vivasem.ro\/index.php?rest_route=%2Fwp%2Fv2%2Fproduct_tag&post=859"}],"curies":[{"name":"wp","href":"https:\/\/api.w.org\/{rel}","templated":true}]}}