{"id":8568,"date":"2022-12-26T10:12:40","date_gmt":"2022-12-26T08:12:40","guid":{"rendered":"https:\/\/vivasem.ro\/?post_type=product&#038;p=8568"},"modified":"2026-01-12T11:32:24","modified_gmt":"2026-01-12T09:32:24","slug":"prekos-f1-geosem-bulgaria-250s","status":"publish","type":"product","link":"https:\/\/vivasem.ro\/?product=prekos-f1-geosem-bulgaria-250s","title":{"rendered":"PREKOS F1 (Geosem-Bulgaria) 250s"},"content":{"rendered":"<h6><span style=\"color: #ff0000;\"><strong><u>PREKOS F1<\/u><\/strong><\/span><\/h6>\n<h6><span style=\"color: #ff0000;\"><span class=\"post-meta-key\">Produs \u0219i ambalat de :GEOSEM SELECT -Bulgaria<\/span>,<img loading=\"lazy\" decoding=\"async\" class=\"alignnone wp-image-17542\" src=\"https:\/\/vivasem.ro\/wp-content\/uploads\/2022\/12\/GEOSEM-NOU-300x97.jpg\" alt=\"\" width=\"173\" height=\"56\" srcset=\"https:\/\/vivasem.ro\/wp-content\/uploads\/2022\/12\/GEOSEM-NOU-300x97.jpg 300w, https:\/\/vivasem.ro\/wp-content\/uploads\/2022\/12\/GEOSEM-NOU-150x49.jpg 150w, https:\/\/vivasem.ro\/wp-content\/uploads\/2022\/12\/GEOSEM-NOU-248x80.jpg 248w, https:\/\/vivasem.ro\/wp-content\/uploads\/2022\/12\/GEOSEM-NOU.jpg 413w\" sizes=\"auto, (max-width: 173px) 100vw, 173px\" \/><\/span><\/h6>\n<h6><span style=\"color: #0000ff;\"><strong>E<\/strong><\/span><span style=\"color: #0000ff;\">ste dintre cei mai cultiva\u021bi hibrizi de tomate bulg\u0103re\u0219ti, pentru c\u0103<\/span> <span style=\"color: #0000ff;\">are un gust deosebit, foarte bun \u0219i maturitate extratimpurie (95 de zile de la sem\u0103nare).<\/span><\/h6>\n<h6><span style=\"color: #0000ff;\">Prekos F1 are cre\u0219tere semideterminat\u0103, nu se c\u00e2rne\u0219te \u0219i este recomandat pentru produc\u021bia in spa\u021bii protejate (sere si solarii), at\u00e2t in ciclul de primavar\u0103, c\u00e2t \u0219i \u00een cel de toamn\u0103. <\/span><\/h6>\n<h6><span style=\"color: #0000ff;\"><span style=\"color: #ff0000;\">Fructele au o greutate de 100 &#8211; 200 grame, sunt netede, tari, au un gust foarte dulce, nu formeaza capac verde, leaga foarte bine in conditii de temperaturi ridicate.<\/span><\/span><\/h6>\n<h6><span style=\"color: #0000ff;\"> Formeaza aproximativ 4 &#8211; 5 ciorchini pe planta. <\/span><\/h6>\n<h6><span style=\"color: #0000ff;\">Prezinta rezistenta mare la transport .<\/span><\/h6>\n<h6>\u00a0Fructele provenite din flori stimulate, iau forma fructului tip inima de bou, altfel au forma clasic\u0103, rotund-turtit\u0103.<\/h6>\n<h6><span style=\"color: #ff0000;\">Destinat \u00een special consumului in stare proaspat\u0103,dar \u0219i pentru conservat.<\/span><\/h6>\n<h6><\/h6>\n","protected":false},"excerpt":{"rendered":"<h6><span style=\"color: #0000ff;\">250 SEMIN\u021aE<img loading=\"lazy\" decoding=\"async\" class=\"alignnone wp-image-5567\" src=\"https:\/\/vivasem.ro\/wp-content\/uploads\/2021\/11\/NOU3.jpg\" alt=\"\" width=\"61\" height=\"59\" srcset=\"https:\/\/vivasem.ro\/wp-content\/uploads\/2021\/11\/NOU3.jpg 270w, https:\/\/vivasem.ro\/wp-content\/uploads\/2021\/11\/NOU3-248x241.jpg 248w\" sizes=\"auto, (max-width: 61px) 100vw, 61px\" \/><\/span><\/h6>\n<h6><span style=\"color: #ff00ff;\">EXTRATIMPURIU \u0218I FOARTE GUSTOS<\/span><\/h6>\n","protected":false},"featured_media":17694,"comment_status":"open","ping_status":"closed","template":"","meta":{"site-sidebar-layout":"default","site-content-layout":"default","ast-site-content-layout":"default","site-content-style":"default","site-sidebar-style":"default","ast-global-header-display":"","ast-banner-title-visibility":"","ast-main-header-display":"","ast-hfb-above-header-display":"","ast-hfb-below-header-display":"","ast-hfb-mobile-header-display":"","site-post-title":"","ast-breadcrumbs-content":"","ast-featured-img":"","footer-sml-layout":"","ast-disable-related-posts":"","theme-transparent-header-meta":"default","adv-header-id-meta":"","stick-header-meta":"","header-above-stick-meta":"","header-main-stick-meta":"","header-below-stick-meta":"","astra-migrate-meta-layouts":"set","ast-page-background-enabled":"default","ast-page-background-meta":{"desktop":{"background-color":"var(--ast-global-color-4)","background-image":"","background-repeat":"repeat","background-position":"center center","background-size":"auto","background-attachment":"scroll","background-type":"","background-media":"","overlay-type":"","overlay-color":"","overlay-opacity":"","overlay-gradient":""},"tablet":{"background-color":"","background-image":"","background-repeat":"repeat","background-position":"center center","background-size":"auto","background-attachment":"scroll","background-type":"","background-media":"","overlay-type":"","overlay-color":"","overlay-opacity":"","overlay-gradient":""},"mobile":{"background-color":"","background-image":"","background-repeat":"repeat","background-position":"center center","background-size":"auto","background-attachment":"scroll","background-type":"","background-media":"","overlay-type":"","overlay-color":"","overlay-opacity":"","overlay-gradient":""}},"ast-content-background-meta":{"desktop":{"background-color":"var(--ast-global-color-5)","background-image":"","background-repeat":"repeat","background-position":"center center","background-size":"auto","background-attachment":"scroll","background-type":"","background-media":"","overlay-type":"","overlay-color":"","overlay-opacity":"","overlay-gradient":""},"tablet":{"background-color":"var(--ast-global-color-5)","background-image":"","background-repeat":"repeat","background-position":"center center","background-size":"auto","background-attachment":"scroll","background-type":"","background-media":"","overlay-type":"","overlay-color":"","overlay-opacity":"","overlay-gradient":""},"mobile":{"background-color":"var(--ast-global-color-5)","background-image":"","background-repeat":"repeat","background-position":"center center","background-size":"auto","background-attachment":"scroll","background-type":"","background-media":"","overlay-type":"","overlay-color":"","overlay-opacity":"","overlay-gradient":""}}},"product_brand":[],"product_cat":[110,150],"product_tag":[],"class_list":{"0":"post-8568","1":"product","2":"type-product","3":"status-publish","4":"has-post-thumbnail","6":"product_cat-tomate-hibrid","7":"product_cat-hibrizi-bulgaresti","8":"desktop-align-left","9":"tablet-align-left","10":"mobile-align-left","12":"first","13":"instock","14":"taxable","15":"shipping-taxable","16":"purchasable","17":"product-type-simple"},"_links":{"self":[{"href":"https:\/\/vivasem.ro\/index.php?rest_route=\/wp\/v2\/product\/8568","targetHints":{"allow":["GET"]}}],"collection":[{"href":"https:\/\/vivasem.ro\/index.php?rest_route=\/wp\/v2\/product"}],"about":[{"href":"https:\/\/vivasem.ro\/index.php?rest_route=\/wp\/v2\/types\/product"}],"replies":[{"embeddable":true,"href":"https:\/\/vivasem.ro\/index.php?rest_route=%2Fwp%2Fv2%2Fcomments&post=8568"}],"wp:featuredmedia":[{"embeddable":true,"href":"https:\/\/vivasem.ro\/index.php?rest_route=\/wp\/v2\/media\/17694"}],"wp:attachment":[{"href":"https:\/\/vivasem.ro\/index.php?rest_route=%2Fwp%2Fv2%2Fmedia&parent=8568"}],"wp:term":[{"taxonomy":"product_brand","embeddable":true,"href":"https:\/\/vivasem.ro\/index.php?rest_route=%2Fwp%2Fv2%2Fproduct_brand&post=8568"},{"taxonomy":"product_cat","embeddable":true,"href":"https:\/\/vivasem.ro\/index.php?rest_route=%2Fwp%2Fv2%2Fproduct_cat&post=8568"},{"taxonomy":"product_tag","embeddable":true,"href":"https:\/\/vivasem.ro\/index.php?rest_route=%2Fwp%2Fv2%2Fproduct_tag&post=8568"}],"curies":[{"name":"wp","href":"https:\/\/api.w.org\/{rel}","templated":true}]}}