{"id":829,"date":"2021-11-06T17:52:01","date_gmt":"2021-11-06T15:52:01","guid":{"rendered":"https:\/\/vivasem.ro\/?post_type=product&#038;p=829"},"modified":"2025-12-30T17:25:27","modified_gmt":"2025-12-30T15:25:27","slug":"brandywine-roz","status":"publish","type":"product","link":"https:\/\/vivasem.ro\/?product=brandywine-roz","title":{"rendered":"BRANDYWINE (25s)"},"content":{"rendered":"<h6><span style=\"color: #ff0000;\"><strong>BRANDYWINE ,sau <\/strong><strong>BRANDYWINE PINK,sau <\/strong><strong>BRANDYWINE ROZ-Reimer<\/strong><\/span><span style=\"color: #ff0000;\"> Seeds .USA,<\/span><\/h6>\n<h6><span style=\"color: #0000ff;\"><strong>ESTE STANDARDUL DE REFERIN\u021a\u0102 AL GUSTULUI DE RO\u0218IE, CONSIDERAT\u0102 DE MUL\u021aI SPECIALI\u0218TI, CEA MAI GUSTOAS\u0102 TOMAT\u0102 DIN LUME, \u00ceNTR-O COMBINA\u021aIE PERFECT\u0102 DE DULCE, ACID \u0218I AROM\u0102 INTENS\u0102, CLASIC\u0102.<\/strong><\/span><\/h6>\n<h6>\u00ceN AFAR\u0102 DE GUST PERFECT, BRANDYWINE\u00a0 PRODUCE \u0218I FRUCTE FOARTE MARI, \u00ceN MEDIE DE 200-300 grame, IAR\u00a0 <span style=\"color: #0000ff;\">UNELE POT AJUNGE GIGANT, PESTE 700 DE grame<\/span>.<\/h6>\n<h6>PULPA ESTE C\u0102RNOAS\u0102, FERM\u0102, TIP BEEFSTEAK ,CE SE POATE FELIA\u00a0 ,ECELENT\u0102 DE CONSUM PROASP\u0102T, \u00ceN SANDVI\u0218URI, SALATE,ETC.<\/h6>\n<h6><strong>SOI HEIRLOOM\u00a0 LEGENDAR, CULTIVAT IN SUA\u00a0 DE PESTE 200 DE ANI,DIN CARE S-AU CREEAT NUMEROASE VARIET\u0102\u021aI \u0218I HIBRIZI..<\/strong><\/h6>\n<h6>PLANTELE SUNT NEDETERMINATE,CU FRUNZE TIP CARTOF, SEMITIMPURII.<\/h6>\n","protected":false},"excerpt":{"rendered":"<h6><span style=\"color: #0000ff;\">25 SEMIN\u021aE<\/span><\/h6>\n<h6><span style=\"color: #ff00ff;\">CONSIDERAT\u0102 CEA MAI GUSTOAS\u0102<\/span><\/h6>\n<h6><span style=\"color: #ff00ff;\">TOMAT\u0102 DIN LUME ! SOI <\/span><span style=\"color: #ff00ff;\">GIGANT !<\/span><\/h6>\n","protected":false},"featured_media":3357,"comment_status":"open","ping_status":"closed","template":"","meta":{"site-sidebar-layout":"default","site-content-layout":"default","ast-site-content-layout":"default","site-content-style":"default","site-sidebar-style":"default","ast-global-header-display":"","ast-banner-title-visibility":"","ast-main-header-display":"","ast-hfb-above-header-display":"","ast-hfb-below-header-display":"","ast-hfb-mobile-header-display":"","site-post-title":"","ast-breadcrumbs-content":"","ast-featured-img":"","footer-sml-layout":"","ast-disable-related-posts":"","theme-transparent-header-meta":"default","adv-header-id-meta":"","stick-header-meta":"","header-above-stick-meta":"","header-main-stick-meta":"","header-below-stick-meta":"","astra-migrate-meta-layouts":"set","ast-page-background-enabled":"default","ast-page-background-meta":{"desktop":{"background-color":"var(--ast-global-color-4)","background-image":"","background-repeat":"repeat","background-position":"center center","background-size":"auto","background-attachment":"scroll","background-type":"","background-media":"","overlay-type":"","overlay-color":"","overlay-opacity":"","overlay-gradient":""},"tablet":{"background-color":"","background-image":"","background-repeat":"repeat","background-position":"center center","background-size":"auto","background-attachment":"scroll","background-type":"","background-media":"","overlay-type":"","overlay-color":"","overlay-opacity":"","overlay-gradient":""},"mobile":{"background-color":"","background-image":"","background-repeat":"repeat","background-position":"center center","background-size":"auto","background-attachment":"scroll","background-type":"","background-media":"","overlay-type":"","overlay-color":"","overlay-opacity":"","overlay-gradient":""}},"ast-content-background-meta":{"desktop":{"background-color":"var(--ast-global-color-5)","background-image":"","background-repeat":"repeat","background-position":"center center","background-size":"auto","background-attachment":"scroll","background-type":"","background-media":"","overlay-type":"","overlay-color":"","overlay-opacity":"","overlay-gradient":""},"tablet":{"background-color":"var(--ast-global-color-5)","background-image":"","background-repeat":"repeat","background-position":"center center","background-size":"auto","background-attachment":"scroll","background-type":"","background-media":"","overlay-type":"","overlay-color":"","overlay-opacity":"","overlay-gradient":""},"mobile":{"background-color":"var(--ast-global-color-5)","background-image":"","background-repeat":"repeat","background-position":"center center","background-size":"auto","background-attachment":"scroll","background-type":"","background-media":"","overlay-type":"","overlay-color":"","overlay-opacity":"","overlay-gradient":""}}},"product_brand":[],"product_cat":[141,142,15],"product_tag":[],"class_list":{"0":"post-829","1":"product","2":"type-product","3":"status-publish","4":"has-post-thumbnail","6":"product_cat-soi-gigant-urias","7":"product_cat-soiuri-rosii-roz","8":"product_cat-tomate-soi","9":"desktop-align-left","10":"tablet-align-left","11":"mobile-align-left","13":"first","14":"instock","15":"sale","16":"taxable","17":"shipping-taxable","18":"purchasable","19":"product-type-simple"},"_links":{"self":[{"href":"https:\/\/vivasem.ro\/index.php?rest_route=\/wp\/v2\/product\/829","targetHints":{"allow":["GET"]}}],"collection":[{"href":"https:\/\/vivasem.ro\/index.php?rest_route=\/wp\/v2\/product"}],"about":[{"href":"https:\/\/vivasem.ro\/index.php?rest_route=\/wp\/v2\/types\/product"}],"replies":[{"embeddable":true,"href":"https:\/\/vivasem.ro\/index.php?rest_route=%2Fwp%2Fv2%2Fcomments&post=829"}],"wp:featuredmedia":[{"embeddable":true,"href":"https:\/\/vivasem.ro\/index.php?rest_route=\/wp\/v2\/media\/3357"}],"wp:attachment":[{"href":"https:\/\/vivasem.ro\/index.php?rest_route=%2Fwp%2Fv2%2Fmedia&parent=829"}],"wp:term":[{"taxonomy":"product_brand","embeddable":true,"href":"https:\/\/vivasem.ro\/index.php?rest_route=%2Fwp%2Fv2%2Fproduct_brand&post=829"},{"taxonomy":"product_cat","embeddable":true,"href":"https:\/\/vivasem.ro\/index.php?rest_route=%2Fwp%2Fv2%2Fproduct_cat&post=829"},{"taxonomy":"product_tag","embeddable":true,"href":"https:\/\/vivasem.ro\/index.php?rest_route=%2Fwp%2Fv2%2Fproduct_tag&post=829"}],"curies":[{"name":"wp","href":"https:\/\/api.w.org\/{rel}","templated":true}]}}