{"id":824,"date":"2021-11-06T10:15:54","date_gmt":"2021-11-06T08:15:54","guid":{"rendered":"https:\/\/vivasem.ro\/?post_type=product&#038;p=824"},"modified":"2025-10-20T14:58:26","modified_gmt":"2025-10-20T12:58:26","slug":"matador","status":"publish","type":"product","link":"https:\/\/vivasem.ro\/?product=matador","title":{"rendered":"\u201e\u201eMATADOR"},"content":{"rendered":"<h6><span style=\"color: #ff0000;\">MATADOR,<\/span><\/h6>\n<h6><span style=\"color: #0000ff;\"><strong>EXCELENT SOI RUSESC CU FRUCTE MARI, TIMPURIU, AL COMPANIEI SEMKO.<\/strong><\/span><\/h6>\n<h6><strong><span style=\"color: #0000ff;\"> MULT CULTIVAT<\/span> \u00ceN SPA\u021aIUL FOSTULUI URSS, PENTRU MULTIPLELE CALIT\u0102\u021aI \u0218I ANUME:<\/strong><\/h6>\n<h6><span style=\"color: #0000ff;\"><strong>GUSTUL EXCELENT<\/strong>, PERFECT ECHILIBRAT \u00ceNTRE DULCE \u0218I ACID.<\/span><\/h6>\n<h6><span style=\"color: #0000ff;\">FRUCTELE SUNT MARI \u0218I FOARTE MARI ,IN MEDIE DE 200-400 grame, IAR UNELE AJUNG URIA\u0218E, \u00ceN JUR LA 700 grame.<\/span><\/h6>\n<h6><span style=\"color: #0000ff;\">CULOAREA RO\u0218IE-APRINS\u0102, PULPA C\u0102RNOAS\u0102,TIP BEEFSTEAK.<\/span><\/h6>\n<h6><span style=\"color: #0000ff;\">REZISTEN\u021aA LA TRANSPORT , LA DEPOZITARE , LA TEMPERATURI EXTREME\u00a0 \u0218I LA VARIA\u021aII TERMICE, LA CR\u0102PAREA FRUCTELOR \u0218I LA DIVERSE BOLI.<\/span><\/h6>\n<h6>PLANTELE SUNT SEMIDETERMINATE, DE CIRCA 1,5 metrii<\/h6>\n<h6>SOI SPECIAL DE GR\u0102DIN\u0102, DAR \u0218I DE SOLAR.<\/h6>\n<h6>\u00ceN CULTURA PROTEJAT\u0102, POATE FI UTILIZAT \u00ceN DOU\u0102 CICLURI DE PRODUC\u021aIE.<\/h6>\n","protected":false},"excerpt":{"rendered":"<h6><span style=\"color: #0000ff;\">30 SEMIN\u021aE <\/span><\/h6>\n<h6><span style=\"color: #ff6600;\">SOI TIP GIGANT, EXTREM DE REZISTENT, <\/span><span style=\"color: #ff6600;\">GUST EXCEP\u021aIONAL !<\/span><\/h6>\n<h6>M\u0102RIME: 200-700 gr.<\/h6>\n","protected":false},"featured_media":3889,"comment_status":"open","ping_status":"closed","template":"","meta":{"site-sidebar-layout":"default","site-content-layout":"default","ast-site-content-layout":"default","site-content-style":"default","site-sidebar-style":"default","ast-global-header-display":"","ast-banner-title-visibility":"","ast-main-header-display":"","ast-hfb-above-header-display":"","ast-hfb-below-header-display":"","ast-hfb-mobile-header-display":"","site-post-title":"","ast-breadcrumbs-content":"","ast-featured-img":"","footer-sml-layout":"","ast-disable-related-posts":"","theme-transparent-header-meta":"default","adv-header-id-meta":"","stick-header-meta":"","header-above-stick-meta":"","header-main-stick-meta":"","header-below-stick-meta":"","astra-migrate-meta-layouts":"set","ast-page-background-enabled":"default","ast-page-background-meta":{"desktop":{"background-color":"var(--ast-global-color-4)","background-image":"","background-repeat":"repeat","background-position":"center center","background-size":"auto","background-attachment":"scroll","background-type":"","background-media":"","overlay-type":"","overlay-color":"","overlay-opacity":"","overlay-gradient":""},"tablet":{"background-color":"","background-image":"","background-repeat":"repeat","background-position":"center center","background-size":"auto","background-attachment":"scroll","background-type":"","background-media":"","overlay-type":"","overlay-color":"","overlay-opacity":"","overlay-gradient":""},"mobile":{"background-color":"","background-image":"","background-repeat":"repeat","background-position":"center center","background-size":"auto","background-attachment":"scroll","background-type":"","background-media":"","overlay-type":"","overlay-color":"","overlay-opacity":"","overlay-gradient":""}},"ast-content-background-meta":{"desktop":{"background-color":"var(--ast-global-color-5)","background-image":"","background-repeat":"repeat","background-position":"center center","background-size":"auto","background-attachment":"scroll","background-type":"","background-media":"","overlay-type":"","overlay-color":"","overlay-opacity":"","overlay-gradient":""},"tablet":{"background-color":"var(--ast-global-color-5)","background-image":"","background-repeat":"repeat","background-position":"center center","background-size":"auto","background-attachment":"scroll","background-type":"","background-media":"","overlay-type":"","overlay-color":"","overlay-opacity":"","overlay-gradient":""},"mobile":{"background-color":"var(--ast-global-color-5)","background-image":"","background-repeat":"repeat","background-position":"center center","background-size":"auto","background-attachment":"scroll","background-type":"","background-media":"","overlay-type":"","overlay-color":"","overlay-opacity":"","overlay-gradient":""}}},"product_brand":[],"product_cat":[149],"product_tag":[],"class_list":{"0":"post-824","1":"product","2":"type-product","3":"status-publish","4":"has-post-thumbnail","6":"product_cat-33-produse-epuizate","7":"desktop-align-left","8":"tablet-align-left","9":"mobile-align-left","11":"first","12":"outofstock","13":"taxable","14":"shipping-taxable","15":"purchasable","16":"product-type-simple"},"_links":{"self":[{"href":"https:\/\/vivasem.ro\/index.php?rest_route=\/wp\/v2\/product\/824","targetHints":{"allow":["GET"]}}],"collection":[{"href":"https:\/\/vivasem.ro\/index.php?rest_route=\/wp\/v2\/product"}],"about":[{"href":"https:\/\/vivasem.ro\/index.php?rest_route=\/wp\/v2\/types\/product"}],"replies":[{"embeddable":true,"href":"https:\/\/vivasem.ro\/index.php?rest_route=%2Fwp%2Fv2%2Fcomments&post=824"}],"wp:featuredmedia":[{"embeddable":true,"href":"https:\/\/vivasem.ro\/index.php?rest_route=\/wp\/v2\/media\/3889"}],"wp:attachment":[{"href":"https:\/\/vivasem.ro\/index.php?rest_route=%2Fwp%2Fv2%2Fmedia&parent=824"}],"wp:term":[{"taxonomy":"product_brand","embeddable":true,"href":"https:\/\/vivasem.ro\/index.php?rest_route=%2Fwp%2Fv2%2Fproduct_brand&post=824"},{"taxonomy":"product_cat","embeddable":true,"href":"https:\/\/vivasem.ro\/index.php?rest_route=%2Fwp%2Fv2%2Fproduct_cat&post=824"},{"taxonomy":"product_tag","embeddable":true,"href":"https:\/\/vivasem.ro\/index.php?rest_route=%2Fwp%2Fv2%2Fproduct_tag&post=824"}],"curies":[{"name":"wp","href":"https:\/\/api.w.org\/{rel}","templated":true}]}}