{"id":8239,"date":"2022-11-26T07:39:37","date_gmt":"2022-11-26T05:39:37","guid":{"rendered":"https:\/\/vivasem.ro\/?post_type=product&#038;p=8239"},"modified":"2023-12-05T07:01:37","modified_gmt":"2023-12-05T05:01:37","slug":"gogosari-gogomax-f1-25s","status":"publish","type":"product","link":"https:\/\/vivasem.ro\/?product=gogosari-gogomax-f1-25s","title":{"rendered":"GOGOSARI GOGOMAX F1 (25s)"},"content":{"rendered":"<h6 style=\"text-align: left;\"><span style=\"color: #ff0000;\"><u>ARDEI GOGO\u0218ARI GOGOMAX F1 ,<\/u><\/span>\u00a0 \u00a0\u00a0 \u00a0\u00a0 \u00a0\u00a0 \u00a0\u00a0 \u00a0\u00a0 \u00a0\u00a0 \u00a0\u00a0 \u00a0\u00a0 \u00a0\u00a0 \u00a0\u00a0 \u00a0\u00a0 \u00a0\u00a0 \u00a0\u00a0 \u00a0\u00a0 \u00a0\u00a0 \u00a0\u00a0 \u00a0\u00a0 \u00a0\u00a0 \u00a0\u00a0 \u00a0\u00a0 \u00a0\u00a0 \u00a0\u00a0 \u00a0\u00a0 \u00a0\u00a0 \u00a0<span style=\"color: #ff0000;\"><u><a href=\"https:\/\/vivasem.ro\/wp-content\/uploads\/2022\/11\/SEMINIS-LOGO.jpg\"><img loading=\"lazy\" decoding=\"async\" class=\"alignnone wp-image-8232\" src=\"https:\/\/vivasem.ro\/wp-content\/uploads\/2022\/11\/SEMINIS-LOGO.jpg\" alt=\"\" width=\"157\" height=\"88\" \/><\/a><\/u><\/span><\/h6>\n<h6 style=\"text-align: left;\"><span style=\"color: #ff0000;\"><u>-Produc\u0103tor :SEMINIS,<\/u><\/span><\/h6>\n<h6>\u00a0<span style=\"color: #0000ff;\">Unul dintre cei mai buni hibrizi de gogo\u0219ari din lume, introdus \u00een 2015 \u0219i \u00een Romania de catre Seminis, care a reusit sa capete teren rapid, datorit\u0103 multiplelor performan\u021be.\u00a0<\/span><\/h6>\n<h6>\u00cen urma multiplelor teste efectuate , <span style=\"color: #ff0000;\">a rezultat o toleran\u021b\u0103 excelent\u0103 la temperaturi ridicate , un poten\u021bial foarte ridicat de productie, o maturitate de 90 de zile de la plantare, plante foarte viguroase cu un foliaj foarte compact \u0219i fructe de o calitate excep\u021bional\u0103. <\/span><\/h6>\n<h6><span style=\"color: #ff0000;\"><strong>La Gogomax F1<\/strong> pulpa are o grosime de 7-8 mm, se pare c\u0103 este cea mai mare grosime de pe pia\u021b\u0103.<\/span><br \/>\nFructele sunt uniforme in 3-4 lobi, cu peduncul scurt, au in faza ini\u021bial\u0103 culoarea verde intens ce se schimba in rosu inchis la maturitatea de recoltare \u0219i au un aspect comercial excelent.<\/h6>\n<h6><span style=\"color: #ff0000;\">\u0218i noi confirm\u0103m calit\u0103\u021bile acestui hibrid, rezultatele pe care le-am ob\u021binut au fost excelente, vezi foto din galerie.<\/span><\/h6>\n<h6><span style=\"color: #0000ff;\">Dimensiunile fructelor sunt 7 x 10-11 cm,\u00a0 iar greutatea medie este de 170-190 grame, dar noi am ob\u021binut \u0219i peste 200 grame.<\/span><\/h6>\n<h6>Maturitate semi-timpurie, ajungand la maturitate in 90-95 zile de la plantare.<br \/>\nPlantele sunt viguroase, (la cultura de camp, inaltimea plantei ajunge la 60-70 cm), sunt compacte, cu internoduri scurte si foliaj puternic, ce ofera o buna protectie solara a fructelor, <span style=\"color: #ff0000;\">potentialul ridicat de productie este dublat de o toleranta ridicata la temperaturile ridicate din timpul verii.<\/span><\/h6>\n<h6>Recomandat at\u00e2t pentru cultura in c\u00e2mp c\u00e2t \u0219i in spatii protejate, destinatia productiei fiind procesarea, conservarea\u00a0 \u0219i consumul in stare proaspat\u0103.<\/h6>\n<h6>Rezistent la: Tobamo (Tobamo virus tulpina 0)<\/h6>\n<h6><span style=\"color: #0000ff;\">\u00cen testul efectuat, de la care s-au ob\u021binut cele mai bune rezultate , s-au asigurat urm\u0103toarele condi\u021bii optime de cultivare:<\/span><\/h6>\n<ul>\n<li>\n<h6>aratura la adancime de 30 cm din toamna;<\/h6>\n<\/li>\n<li>\n<h6>fertilizare de baza Complex 18:46:0 &#8211; 300 kg la hectar in toamna;<\/h6>\n<\/li>\n<li>\n<h6>pregatirea terenului in primavara cu grapa cu discuri;<\/h6>\n<\/li>\n<li>\n<h6>Semanat la data de 15.03.2014;<\/h6>\n<\/li>\n<li>\n<h6>Rasad obtinut in tavite alveolare cu latura de 3.5 centimetrii;<\/h6>\n<\/li>\n<li>\n<h6>Fertilizare de baza cu Ingrasamant 12-8-16 + 3 &#8211; 250 kg\/hectar, incorporat pe directia viitoarelor randuri, la o adancime de aproximativ 10 cm;<\/h6>\n<\/li>\n<li>\n<h6>Intinderea foliei de mulch;<\/h6>\n<\/li>\n<li>\n<h6>Plantat la data de 22-05-2014;<\/h6>\n<\/li>\n<li>\n<h6>Schema de plantare: 100:50\/30 (44 444 plante la hectar);<\/h6>\n<\/li>\n<li>\n<h6>Irigarea s-a facut pe sistem mixt: picurare + microaspersie ;<\/h6>\n<\/li>\n<li>\n<h6>Fertilizarile, tratamentele fitosanitare si normele de udare s-au aplicat conform schemelor producatorilor de ingrasaminte si pesticide;<\/h6>\n<\/li>\n<li>\n<h6>Sistem de sustinere (palisare) montat la data de 23-07-2014<\/h6>\n<\/li>\n<\/ul>\n<h6><span style=\"color: #ff0000;\">\u00cen aceste condi\u021bii, PRODUC\u021aIA OB\u021aINUT\u0102 A FOST DE 65.8 tone\/ha<\/span>, f<span style=\"color: #0000ff;\">a\u021b\u0103 de 44 de tone ob\u021binute de la un soi obi\u0219nuit , sau de 45 tone ob\u021binute tot de la GOGOMAX F1, dar f\u0103r\u0103 sistem de sus\u021binere \u0219i f\u0103r\u0103 folie de mulch.<\/span><\/h6>\n<h6><span style=\"color: #0000ff;\">DE CULTIVAT \u00ceN C\u00c2MP, GR\u0102DIN\u0102 \u0218I \u00ceN SOLAR.<\/span><\/h6>\n<h6><span style=\"color: #000080;\">PENTRU VARIANTELE DE CANTITATE , DE MAI JOS, SPECIFICA\u021aI \u00ceN FORMULARUL DE COMAND\u0102, LA RUBRICA *NOT\u0102 DE COMAND\u0102*, CANTITATEA DORIT\u0102:<\/span><\/h6>\n<h6><span style=\"color: #000080;\">250 SEMIN\u021aE \/67\u00a0 LEI<\/span><\/h6>\n<h6><span style=\"color: #000080;\">50 SEMIN\u021aE \/17\u00a0 \u00a0LEI<\/span><\/h6>\n<h6><span style=\"color: #000080;\">10 SEMIN\u021aE \/5\u00a0 LEI <\/span><\/h6>\n<h6><span style=\"color: #000080;\">PENTRU O CANTIT\u0102TE MAI MARE, DA\u021aI TELEFON \u0218I SE OFER\u0102 UN PRE\u021a SPECIAL !<\/span><\/h6>\n<p>&nbsp;<\/p>\n","protected":false},"excerpt":{"rendered":"<h6><span style=\"color: #0000ff;\">25 SEMIN\u021aE \/ 10 LEI\u00a0<\/span><\/h6>\n<h6><span style=\"color: #ff00ff;\">MULTIPLE CALIT\u0102\u021aI, <\/span><span style=\"color: #ff00ff;\">FOARTE\u00a0 PRODUCTIV !<\/span><\/h6>\n<h6><span style=\"color: #0000ff;\">10 SEMIN\u021aE \/ 5 LEI<\/span><\/h6>\n<p>&nbsp;<\/p>\n<p>&nbsp;<\/p>\n","protected":false},"featured_media":8242,"comment_status":"open","ping_status":"closed","template":"","meta":{"site-sidebar-layout":"default","site-content-layout":"default","ast-site-content-layout":"default","site-content-style":"default","site-sidebar-style":"default","ast-global-header-display":"","ast-banner-title-visibility":"","ast-main-header-display":"","ast-hfb-above-header-display":"","ast-hfb-below-header-display":"","ast-hfb-mobile-header-display":"","site-post-title":"","ast-breadcrumbs-content":"","ast-featured-img":"","footer-sml-layout":"","ast-disable-related-posts":"","theme-transparent-header-meta":"default","adv-header-id-meta":"","stick-header-meta":"","header-above-stick-meta":"","header-main-stick-meta":"","header-below-stick-meta":"","astra-migrate-meta-layouts":"set","ast-page-background-enabled":"default","ast-page-background-meta":{"desktop":{"background-color":"var(--ast-global-color-4)","background-image":"","background-repeat":"repeat","background-position":"center center","background-size":"auto","background-attachment":"scroll","background-type":"","background-media":"","overlay-type":"","overlay-color":"","overlay-opacity":"","overlay-gradient":""},"tablet":{"background-color":"","background-image":"","background-repeat":"repeat","background-position":"center center","background-size":"auto","background-attachment":"scroll","background-type":"","background-media":"","overlay-type":"","overlay-color":"","overlay-opacity":"","overlay-gradient":""},"mobile":{"background-color":"","background-image":"","background-repeat":"repeat","background-position":"center center","background-size":"auto","background-attachment":"scroll","background-type":"","background-media":"","overlay-type":"","overlay-color":"","overlay-opacity":"","overlay-gradient":""}},"ast-content-background-meta":{"desktop":{"background-color":"var(--ast-global-color-5)","background-image":"","background-repeat":"repeat","background-position":"center center","background-size":"auto","background-attachment":"scroll","background-type":"","background-media":"","overlay-type":"","overlay-color":"","overlay-opacity":"","overlay-gradient":""},"tablet":{"background-color":"var(--ast-global-color-5)","background-image":"","background-repeat":"repeat","background-position":"center center","background-size":"auto","background-attachment":"scroll","background-type":"","background-media":"","overlay-type":"","overlay-color":"","overlay-opacity":"","overlay-gradient":""},"mobile":{"background-color":"var(--ast-global-color-5)","background-image":"","background-repeat":"repeat","background-position":"center center","background-size":"auto","background-attachment":"scroll","background-type":"","background-media":"","overlay-type":"","overlay-color":"","overlay-opacity":"","overlay-gradient":""}}},"product_brand":[],"product_cat":[149],"product_tag":[],"class_list":{"0":"post-8239","1":"product","2":"type-product","3":"status-publish","4":"has-post-thumbnail","6":"product_cat-33-produse-epuizate","7":"desktop-align-left","8":"tablet-align-left","9":"mobile-align-left","11":"first","12":"outofstock","13":"taxable","14":"shipping-taxable","15":"purchasable","16":"product-type-simple"},"_links":{"self":[{"href":"https:\/\/vivasem.ro\/index.php?rest_route=\/wp\/v2\/product\/8239","targetHints":{"allow":["GET"]}}],"collection":[{"href":"https:\/\/vivasem.ro\/index.php?rest_route=\/wp\/v2\/product"}],"about":[{"href":"https:\/\/vivasem.ro\/index.php?rest_route=\/wp\/v2\/types\/product"}],"replies":[{"embeddable":true,"href":"https:\/\/vivasem.ro\/index.php?rest_route=%2Fwp%2Fv2%2Fcomments&post=8239"}],"wp:featuredmedia":[{"embeddable":true,"href":"https:\/\/vivasem.ro\/index.php?rest_route=\/wp\/v2\/media\/8242"}],"wp:attachment":[{"href":"https:\/\/vivasem.ro\/index.php?rest_route=%2Fwp%2Fv2%2Fmedia&parent=8239"}],"wp:term":[{"taxonomy":"product_brand","embeddable":true,"href":"https:\/\/vivasem.ro\/index.php?rest_route=%2Fwp%2Fv2%2Fproduct_brand&post=8239"},{"taxonomy":"product_cat","embeddable":true,"href":"https:\/\/vivasem.ro\/index.php?rest_route=%2Fwp%2Fv2%2Fproduct_cat&post=8239"},{"taxonomy":"product_tag","embeddable":true,"href":"https:\/\/vivasem.ro\/index.php?rest_route=%2Fwp%2Fv2%2Fproduct_tag&post=8239"}],"curies":[{"name":"wp","href":"https:\/\/api.w.org\/{rel}","templated":true}]}}