{"id":8069,"date":"2022-11-17T07:34:22","date_gmt":"2022-11-17T05:34:22","guid":{"rendered":"https:\/\/vivasem.ro\/?post_type=product&#038;p=8069"},"modified":"2025-12-28T18:36:39","modified_gmt":"2025-12-28T16:36:39","slug":"gigante-liscio-ingegnoli-nuova-selezione","status":"publish","type":"product","link":"https:\/\/vivasem.ro\/?product=gigante-liscio-ingegnoli-nuova-selezione","title":{"rendered":"GIGANTE LISCIO INGEGNOLI  (NUOVA SELEZIONE) 25s"},"content":{"rendered":"<h6><span style=\"color: #ff0000;\">GIGANTE LISCIO INGEGNOLI (NUOVA SELEZIONE)\/GIGANTA NETED\u0102 INGEGNOLI(NOUA VARIETATE)<\/span><\/h6>\n<h6><span style=\"color: #ff0000;\">-Produc\u0103tor :<a href=\"https:\/\/vivasem.ro\/wp-content\/uploads\/2021\/11\/INGEGNOLI.jpg\"><img loading=\"lazy\" decoding=\"async\" class=\"alignnone size-medium wp-image-8034\" src=\"https:\/\/vivasem.ro\/wp-content\/uploads\/2021\/11\/INGEGNOLI-300x75.jpg\" alt=\"\" width=\"300\" height=\"75\" \/><\/a><\/span><\/h6>\n<h6><strong><span style=\"color: #0000ff;\">\u00a0<span style=\"color: #000000;\">SOI VECHI OB\u021aINUT \u00ceN 1920 DE FRA\u021aII INGEGNOLII, \u00ceN MILANO,PRIN COMBINAREA SOIURILOR PONDEROSA \u0218I\u00a0 St LOUIS, \u0218I CARE APOI A FOST IMBUN\u0102T\u0102\u021aIT PERMANENT,IAR <\/span>ACUM AVEM CEA MAI NOU\u0102 \u0218I MAI BUN\u0102 VARIETATE.<\/span><\/strong><\/h6>\n<h6><strong><span style=\"color: #0000ff;\">\u00ceN PRIMUL R\u00c2ND, AVEM UN GUST EXCEP\u021aIONAL AL RO\u0218IILOR VECHI, DULCE, INTENS AROMAT.<\/span><\/strong><\/h6>\n<h6><span style=\"color: #ff0000;\"><strong>FRUCTELE SUNT\u00a0 MARI,\u0218I FOARTE MARI, \u00ceN MEDIE DE 150-250 gr.,DAR <\/strong>POT AJUNGE LA 800 grame !<\/span><\/h6>\n<h6><span style=\"color: #000000;\"><strong>NETEDE, DE <\/strong>CULOARE FOARTE FRUMOAS\u0102, RO\u0218U-INTENS, SUNT ROTUNDE, PU\u021aIN <strong>TURTITE , <\/strong><strong>C\u0102RNOASE , CU PULPA FERM\u0102, <\/strong>CU SEMIN\u021aE PU\u021aINE .<\/span><\/h6>\n<h6><span style=\"color: #ff0000;\"><span style=\"color: #0000ff;\">UNUL DINTRE CELE MAI APRECIATE SOIURI ITALIENE PENTRU SALATE \u0218I SANDVI\u0218URI, DATORIT\u0102 CALI\u021a\u0102\u021aILOR ORGANOLEPTICE EXCELENTE.<\/span><\/span><\/h6>\n<h6><span style=\"color: #ff0000;\">RODE\u0218TE FOARTE MULT, FIIND CARACTERIZAT CU PRODUC\u021aIE ABUNDENT\u0102.<\/span><\/h6>\n<h6>POATE FI CULTIVAT \u00ceN GR\u0102DIN\u0102 \u0218I \u00ceN SOLARII SAU SERE, PRECUM \u0218I \u00ceN CULTUR\u0102 FOR\u021aAT\u0102 TIMPURIE.<\/h6>\n<h6>NEDETERMINAT .<\/h6>\n","protected":false},"excerpt":{"rendered":"<h6><span style=\"color: #0000ff;\">25 SEMIN\u021aE<\/span><\/h6>\n<h6><span style=\"color: #ff00ff;\">SOI URIA\u0218 CE PRODUCE ABUNDENT,GUST EXCEP\u021aIONAL !<\/span><\/h6>\n","protected":false},"featured_media":12646,"comment_status":"open","ping_status":"closed","template":"","meta":{"site-sidebar-layout":"default","site-content-layout":"default","ast-site-content-layout":"default","site-content-style":"default","site-sidebar-style":"default","ast-global-header-display":"","ast-banner-title-visibility":"","ast-main-header-display":"","ast-hfb-above-header-display":"","ast-hfb-below-header-display":"","ast-hfb-mobile-header-display":"","site-post-title":"","ast-breadcrumbs-content":"","ast-featured-img":"","footer-sml-layout":"","ast-disable-related-posts":"","theme-transparent-header-meta":"default","adv-header-id-meta":"","stick-header-meta":"","header-above-stick-meta":"","header-main-stick-meta":"","header-below-stick-meta":"","astra-migrate-meta-layouts":"set","ast-page-background-enabled":"default","ast-page-background-meta":{"desktop":{"background-color":"var(--ast-global-color-4)","background-image":"","background-repeat":"repeat","background-position":"center center","background-size":"auto","background-attachment":"scroll","background-type":"","background-media":"","overlay-type":"","overlay-color":"","overlay-opacity":"","overlay-gradient":""},"tablet":{"background-color":"","background-image":"","background-repeat":"repeat","background-position":"center center","background-size":"auto","background-attachment":"scroll","background-type":"","background-media":"","overlay-type":"","overlay-color":"","overlay-opacity":"","overlay-gradient":""},"mobile":{"background-color":"","background-image":"","background-repeat":"repeat","background-position":"center center","background-size":"auto","background-attachment":"scroll","background-type":"","background-media":"","overlay-type":"","overlay-color":"","overlay-opacity":"","overlay-gradient":""}},"ast-content-background-meta":{"desktop":{"background-color":"var(--ast-global-color-5)","background-image":"","background-repeat":"repeat","background-position":"center center","background-size":"auto","background-attachment":"scroll","background-type":"","background-media":"","overlay-type":"","overlay-color":"","overlay-opacity":"","overlay-gradient":""},"tablet":{"background-color":"var(--ast-global-color-5)","background-image":"","background-repeat":"repeat","background-position":"center center","background-size":"auto","background-attachment":"scroll","background-type":"","background-media":"","overlay-type":"","overlay-color":"","overlay-opacity":"","overlay-gradient":""},"mobile":{"background-color":"var(--ast-global-color-5)","background-image":"","background-repeat":"repeat","background-position":"center center","background-size":"auto","background-attachment":"scroll","background-type":"","background-media":"","overlay-type":"","overlay-color":"","overlay-opacity":"","overlay-gradient":""}}},"product_brand":[],"product_cat":[151,141,142,15],"product_tag":[],"class_list":{"0":"post-8069","1":"product","2":"type-product","3":"status-publish","4":"has-post-thumbnail","6":"product_cat-soiuri-italiene","7":"product_cat-soi-gigant-urias","8":"product_cat-soiuri-rosii-roz","9":"product_cat-tomate-soi","10":"desktop-align-left","11":"tablet-align-left","12":"mobile-align-left","14":"first","15":"instock","16":"sale","17":"taxable","18":"shipping-taxable","19":"purchasable","20":"product-type-simple"},"_links":{"self":[{"href":"https:\/\/vivasem.ro\/index.php?rest_route=\/wp\/v2\/product\/8069","targetHints":{"allow":["GET"]}}],"collection":[{"href":"https:\/\/vivasem.ro\/index.php?rest_route=\/wp\/v2\/product"}],"about":[{"href":"https:\/\/vivasem.ro\/index.php?rest_route=\/wp\/v2\/types\/product"}],"replies":[{"embeddable":true,"href":"https:\/\/vivasem.ro\/index.php?rest_route=%2Fwp%2Fv2%2Fcomments&post=8069"}],"wp:featuredmedia":[{"embeddable":true,"href":"https:\/\/vivasem.ro\/index.php?rest_route=\/wp\/v2\/media\/12646"}],"wp:attachment":[{"href":"https:\/\/vivasem.ro\/index.php?rest_route=%2Fwp%2Fv2%2Fmedia&parent=8069"}],"wp:term":[{"taxonomy":"product_brand","embeddable":true,"href":"https:\/\/vivasem.ro\/index.php?rest_route=%2Fwp%2Fv2%2Fproduct_brand&post=8069"},{"taxonomy":"product_cat","embeddable":true,"href":"https:\/\/vivasem.ro\/index.php?rest_route=%2Fwp%2Fv2%2Fproduct_cat&post=8069"},{"taxonomy":"product_tag","embeddable":true,"href":"https:\/\/vivasem.ro\/index.php?rest_route=%2Fwp%2Fv2%2Fproduct_tag&post=8069"}],"curies":[{"name":"wp","href":"https:\/\/api.w.org\/{rel}","templated":true}]}}