{"id":7972,"date":"2022-11-12T08:15:49","date_gmt":"2022-11-12T06:15:49","guid":{"rendered":"https:\/\/vivasem.ro\/?post_type=product&#038;p=7972"},"modified":"2025-04-28T09:14:04","modified_gmt":"2025-04-28T07:14:04","slug":"fasole-urcatoare-baldana","status":"publish","type":"product","link":"https:\/\/vivasem.ro\/?product=fasole-urcatoare-baldana","title":{"rendered":"Fasole B\u00c2LDANA 25g (Urc\u0103toare-Tip Gras\u0103 de Buz\u0103u)"},"content":{"rendered":"<h6><span style=\"color: #ff0000;\"><strong><u>Fasole B\u00c2LDANA ,<\/u><\/strong><\/span><\/h6>\n<h6><span style=\"color: #ff0000;\"><strong><u>Produs \u0219i ambalat de :PATRU AGRO SRL .Rom\u00e2nia,<\/u><\/strong><\/span><\/h6>\n<h6><span style=\"color: #0000ff;\"><strong>Soi timpuriu, urc\u0103tor, de arac, <\/strong>cu tulpina \u00eenalt\u0103 \u015fi cre\u015ftere nedeterminat\u0103. <\/span><\/h6>\n<h6><span style=\"color: #ff0000;\">P\u0103st\u0103ile sunt de dimensiuni mari, f\u0103r\u0103 a\u021be, au culoarea galben-aurie.<\/span><\/h6>\n<h6><span style=\"color: #0000ff;\">Sunt uniforme, au gust dulce \u015fi\u00a0 <\/span><span style=\"color: #0000ff;\">aplatizate, cu lungimea de 20 \u2013 22 cm. \u015fi l\u0103\u0163imea de 1,8 \u2013 2,2 cm .<\/span><\/h6>\n<h6><span style=\"color: #000080;\">Semin\u0163ele au culoarea maro \u2013 deschis. <\/span><\/h6>\n<h6><span style=\"color: #000080;\">Este o varietate cu precocitate timpurie.<\/span><\/h6>\n<h6><span style=\"color: #0000ff;\">Se caracterizeaz\u0103 printr-o bun\u0103 vigurozitate, aspect compact \u015fi foliaj verde \u00eenchis.<\/span><\/h6>\n<h6><span style=\"color: #0000ff;\">Se preteaz\u0103 la cultura \u00een spa\u0163ii protejate c\u00e2t \u015fi \u00een c\u00e2mp, prin palisare.<\/span><\/h6>\n<h6><span style=\"color: #ff0000;\"> Are un poten\u0163ial foarte ridicat de produc\u0163ie. <\/span><\/h6>\n<h6><span style=\"color: #0000ff;\">Se pot consuma at\u00e2t \u00een stare proasp\u0103t\u0103 c\u00e2t \u015fi conservate.<\/span><\/h6>\n<h6><span style=\"color: #0000ff;\"><span style=\"color: #ff0000;\">LA\u00a0 NOI, LA BRA\u0218OV , S-A COMPORTAT EXCEP\u021aIONAL !<\/span><\/span><\/h6>\n<h6>Se poate sem\u0103n\u0103 \u00een perioadele aprilie-mai, iar perioada de recoltare este \u00een iulie-septembrie<\/h6>\n<h6>Pentru FRUCTIFICARE TIMPURIE ,SE RECOMAND\u0102 C\u00c2RNITUL PLANTEI LA 0,5m, 1m. \u0219i la 1,5 m.<\/h6>\n","protected":false},"excerpt":{"rendered":"<h6><span style=\"color: #0000ff;\">25grame\/cca 56- 60 SEMIN\u021aE\u00a0<\/span><\/h6>\n<h6><img loading=\"lazy\" decoding=\"async\" class=\"alignnone wp-image-7098\" src=\"https:\/\/vivasem.ro\/wp-content\/uploads\/2021\/11\/RO-1-300x107.jpg\" alt=\"\" width=\"190\" height=\"68\" \/><\/h6>\n<h6><span style=\"color: #ff00ff;\">CEL MAI BUN SOI ROM\u00c2NESC,TESTAT DE NOI ! <\/span><\/h6>\n<h6><span style=\"color: #ff00ff;\">FOARTE PRODUCTIV, DEOSEBIT DE REZISTENT!<\/span><\/h6>\n","protected":false},"featured_media":7973,"comment_status":"open","ping_status":"closed","template":"","meta":{"site-sidebar-layout":"default","site-content-layout":"default","ast-site-content-layout":"default","site-content-style":"default","site-sidebar-style":"default","ast-global-header-display":"","ast-banner-title-visibility":"","ast-main-header-display":"","ast-hfb-above-header-display":"","ast-hfb-below-header-display":"","ast-hfb-mobile-header-display":"","site-post-title":"","ast-breadcrumbs-content":"","ast-featured-img":"","footer-sml-layout":"","ast-disable-related-posts":"","theme-transparent-header-meta":"default","adv-header-id-meta":"","stick-header-meta":"","header-above-stick-meta":"","header-main-stick-meta":"","header-below-stick-meta":"","astra-migrate-meta-layouts":"set","ast-page-background-enabled":"default","ast-page-background-meta":{"desktop":{"background-color":"var(--ast-global-color-4)","background-image":"","background-repeat":"repeat","background-position":"center center","background-size":"auto","background-attachment":"scroll","background-type":"","background-media":"","overlay-type":"","overlay-color":"","overlay-opacity":"","overlay-gradient":""},"tablet":{"background-color":"","background-image":"","background-repeat":"repeat","background-position":"center center","background-size":"auto","background-attachment":"scroll","background-type":"","background-media":"","overlay-type":"","overlay-color":"","overlay-opacity":"","overlay-gradient":""},"mobile":{"background-color":"","background-image":"","background-repeat":"repeat","background-position":"center center","background-size":"auto","background-attachment":"scroll","background-type":"","background-media":"","overlay-type":"","overlay-color":"","overlay-opacity":"","overlay-gradient":""}},"ast-content-background-meta":{"desktop":{"background-color":"var(--ast-global-color-5)","background-image":"","background-repeat":"repeat","background-position":"center center","background-size":"auto","background-attachment":"scroll","background-type":"","background-media":"","overlay-type":"","overlay-color":"","overlay-opacity":"","overlay-gradient":""},"tablet":{"background-color":"var(--ast-global-color-5)","background-image":"","background-repeat":"repeat","background-position":"center center","background-size":"auto","background-attachment":"scroll","background-type":"","background-media":"","overlay-type":"","overlay-color":"","overlay-opacity":"","overlay-gradient":""},"mobile":{"background-color":"var(--ast-global-color-5)","background-image":"","background-repeat":"repeat","background-position":"center center","background-size":"auto","background-attachment":"scroll","background-type":"","background-media":"","overlay-type":"","overlay-color":"","overlay-opacity":"","overlay-gradient":""}}},"product_brand":[],"product_cat":[85],"product_tag":[],"class_list":{"0":"post-7972","1":"product","2":"type-product","3":"status-publish","4":"has-post-thumbnail","6":"product_cat-fasole","7":"desktop-align-left","8":"tablet-align-left","9":"mobile-align-left","11":"first","12":"instock","13":"taxable","14":"shipping-taxable","15":"purchasable","16":"product-type-simple"},"_links":{"self":[{"href":"https:\/\/vivasem.ro\/index.php?rest_route=\/wp\/v2\/product\/7972","targetHints":{"allow":["GET"]}}],"collection":[{"href":"https:\/\/vivasem.ro\/index.php?rest_route=\/wp\/v2\/product"}],"about":[{"href":"https:\/\/vivasem.ro\/index.php?rest_route=\/wp\/v2\/types\/product"}],"replies":[{"embeddable":true,"href":"https:\/\/vivasem.ro\/index.php?rest_route=%2Fwp%2Fv2%2Fcomments&post=7972"}],"wp:featuredmedia":[{"embeddable":true,"href":"https:\/\/vivasem.ro\/index.php?rest_route=\/wp\/v2\/media\/7973"}],"wp:attachment":[{"href":"https:\/\/vivasem.ro\/index.php?rest_route=%2Fwp%2Fv2%2Fmedia&parent=7972"}],"wp:term":[{"taxonomy":"product_brand","embeddable":true,"href":"https:\/\/vivasem.ro\/index.php?rest_route=%2Fwp%2Fv2%2Fproduct_brand&post=7972"},{"taxonomy":"product_cat","embeddable":true,"href":"https:\/\/vivasem.ro\/index.php?rest_route=%2Fwp%2Fv2%2Fproduct_cat&post=7972"},{"taxonomy":"product_tag","embeddable":true,"href":"https:\/\/vivasem.ro\/index.php?rest_route=%2Fwp%2Fv2%2Fproduct_tag&post=7972"}],"curies":[{"name":"wp","href":"https:\/\/api.w.org\/{rel}","templated":true}]}}