{"id":7869,"date":"2022-11-06T09:54:42","date_gmt":"2022-11-06T07:54:42","guid":{"rendered":"https:\/\/vivasem.ro\/?post_type=product&#038;p=7869"},"modified":"2026-03-02T11:38:13","modified_gmt":"2026-03-02T09:38:13","slug":"dovlecel-spaghetti-pizza","status":"publish","type":"product","link":"https:\/\/vivasem.ro\/?product=dovlecel-spaghetti-pizza","title":{"rendered":"DOVLECEL SPAGHETTI-PIZZA"},"content":{"rendered":"<h6><span style=\"color: #ff0000;\">DOVLECEL SPAGHETTI-PIZZA-Agrosem Tg.Mure\u0219<\/span><\/h6>\n<h6>Soi de dovlecel deosebit.<\/h6>\n<h6>Pulpa sa este un bun inlocuitor al pastelor.<\/h6>\n<h6>Perioada de vegetatie 75-80 zile.<\/h6>\n<h6>Planta este viguroasa, cu fructe cilindrice 26-28 cm de culoare crem deschis, greutatea este de 1-1,5 kg.<\/h6>\n<h6>Pulpa are culoare galben-deschis, \u0219i este un bun inlocuitor al spaghetelor sau aluatului de pizza.<\/h6>\n<h6>Pentru consum se fierbe sau se coace pulpa cur\u0103\u021bat\u0103 \u0219i far\u0103 s\u00e2mburi, 10-15\u00a0 minute, se\u00a0 se asezoneaza cu sare, piper, sos dupa gust.<\/h6>\n<h6>Se poate prepara \u0219i dovlecel umplut.<\/h6>\n<h6>Perioada de pastrare a fructului 1-2 luni.<\/h6>\n<h6>PENTRU PIZZA: \u00cen loc de aluat se t\u0103ie pe lung un dovlecel pe care a\u0219ez\u0103m ro\u0219ii, br\u00e2nz\u0103, salam,busuioc \u0219i c\u00e2teva fire de m\u0103rar.Se bag\u0103 totul pentru c\u00e2teva minute la cuptor \u0219i gata .<br \/>\nPENTRU SPAGHETE: Cu o ma\u0219in\u0103 de tocat totul este mult mai u\u0219or, pentru c\u0103 insera\u021bi dovlecelul direct \u00een ea \u0219i scoate\u021bi f\u00e2\u0219ii lungi de spaghete din dovlecel. Dac\u0103 nu, atunci pute\u021bi t\u0103ia cu accesoriul de cur\u0103\u021bat cartofi dovlecelul \u0219i apoi por\u021biona\u021bi f\u00e2\u0219iile c\u00e2t mai mici. Se fierbe c\u00e2teva minute \u0219i se amestec\u0103 cu sos de ro\u0219ii, br\u00e2nz\u0103, cimbru.<\/h6>\n","protected":false},"excerpt":{"rendered":"<h6><span style=\"color: #0000ff;\">2grame\/12 seminte<\/span><\/h6>\n<h6><span style=\"color: #ff00ff;\">\u00eeNLOCUITOR DE PASTE \u0218I ALUAT !<\/span><\/h6>\n","protected":false},"featured_media":7870,"comment_status":"open","ping_status":"closed","template":"","meta":{"site-sidebar-layout":"default","site-content-layout":"default","ast-site-content-layout":"default","site-content-style":"default","site-sidebar-style":"default","ast-global-header-display":"","ast-banner-title-visibility":"","ast-main-header-display":"","ast-hfb-above-header-display":"","ast-hfb-below-header-display":"","ast-hfb-mobile-header-display":"","site-post-title":"","ast-breadcrumbs-content":"","ast-featured-img":"","footer-sml-layout":"","ast-disable-related-posts":"","theme-transparent-header-meta":"default","adv-header-id-meta":"","stick-header-meta":"","header-above-stick-meta":"","header-main-stick-meta":"","header-below-stick-meta":"","astra-migrate-meta-layouts":"set","ast-page-background-enabled":"default","ast-page-background-meta":{"desktop":{"background-color":"var(--ast-global-color-4)","background-image":"","background-repeat":"repeat","background-position":"center center","background-size":"auto","background-attachment":"scroll","background-type":"","background-media":"","overlay-type":"","overlay-color":"","overlay-opacity":"","overlay-gradient":""},"tablet":{"background-color":"","background-image":"","background-repeat":"repeat","background-position":"center center","background-size":"auto","background-attachment":"scroll","background-type":"","background-media":"","overlay-type":"","overlay-color":"","overlay-opacity":"","overlay-gradient":""},"mobile":{"background-color":"","background-image":"","background-repeat":"repeat","background-position":"center center","background-size":"auto","background-attachment":"scroll","background-type":"","background-media":"","overlay-type":"","overlay-color":"","overlay-opacity":"","overlay-gradient":""}},"ast-content-background-meta":{"desktop":{"background-color":"var(--ast-global-color-5)","background-image":"","background-repeat":"repeat","background-position":"center center","background-size":"auto","background-attachment":"scroll","background-type":"","background-media":"","overlay-type":"","overlay-color":"","overlay-opacity":"","overlay-gradient":""},"tablet":{"background-color":"var(--ast-global-color-5)","background-image":"","background-repeat":"repeat","background-position":"center center","background-size":"auto","background-attachment":"scroll","background-type":"","background-media":"","overlay-type":"","overlay-color":"","overlay-opacity":"","overlay-gradient":""},"mobile":{"background-color":"var(--ast-global-color-5)","background-image":"","background-repeat":"repeat","background-position":"center center","background-size":"auto","background-attachment":"scroll","background-type":"","background-media":"","overlay-type":"","overlay-color":"","overlay-opacity":"","overlay-gradient":""}}},"product_brand":[],"product_cat":[87],"product_tag":[],"class_list":{"0":"post-7869","1":"product","2":"type-product","3":"status-publish","4":"has-post-thumbnail","6":"product_cat-dovlecei","7":"desktop-align-left","8":"tablet-align-left","9":"mobile-align-left","11":"first","12":"instock","13":"taxable","14":"shipping-taxable","15":"purchasable","16":"product-type-simple"},"_links":{"self":[{"href":"https:\/\/vivasem.ro\/index.php?rest_route=\/wp\/v2\/product\/7869","targetHints":{"allow":["GET"]}}],"collection":[{"href":"https:\/\/vivasem.ro\/index.php?rest_route=\/wp\/v2\/product"}],"about":[{"href":"https:\/\/vivasem.ro\/index.php?rest_route=\/wp\/v2\/types\/product"}],"replies":[{"embeddable":true,"href":"https:\/\/vivasem.ro\/index.php?rest_route=%2Fwp%2Fv2%2Fcomments&post=7869"}],"wp:featuredmedia":[{"embeddable":true,"href":"https:\/\/vivasem.ro\/index.php?rest_route=\/wp\/v2\/media\/7870"}],"wp:attachment":[{"href":"https:\/\/vivasem.ro\/index.php?rest_route=%2Fwp%2Fv2%2Fmedia&parent=7869"}],"wp:term":[{"taxonomy":"product_brand","embeddable":true,"href":"https:\/\/vivasem.ro\/index.php?rest_route=%2Fwp%2Fv2%2Fproduct_brand&post=7869"},{"taxonomy":"product_cat","embeddable":true,"href":"https:\/\/vivasem.ro\/index.php?rest_route=%2Fwp%2Fv2%2Fproduct_cat&post=7869"},{"taxonomy":"product_tag","embeddable":true,"href":"https:\/\/vivasem.ro\/index.php?rest_route=%2Fwp%2Fv2%2Fproduct_tag&post=7869"}],"curies":[{"name":"wp","href":"https:\/\/api.w.org\/{rel}","templated":true}]}}