{"id":776,"date":"2021-11-04T19:42:07","date_gmt":"2021-11-04T17:42:07","guid":{"rendered":"https:\/\/vivasem.ro\/?post_type=product&#038;p=776"},"modified":"2025-05-10T09:00:01","modified_gmt":"2025-05-10T07:00:01","slug":"noire-de-crimee-negre-de-crimeea","status":"publish","type":"product","link":"https:\/\/vivasem.ro\/?product=noire-de-crimee-negre-de-crimeea","title":{"rendered":"_NOIRE DE CRIMEE (NEGRE DE CRIMEEA) 30s"},"content":{"rendered":"<h6><span style=\"color: #ff0000;\">NOIRE DE CRIMEE \/NEGRE DE CRIMEEA-Tuin Plus.OLANDA,<\/span><\/h6>\n<h6><span style=\"color: #0000ff;\"><strong>SOI CLASIC, HEIRLOOM, DIN GAMA TOMATELOR NEGRE , RUSESC, ORIGINAR DIN CRIMEEA, REZISTENT \u0218I LA CLIMA RECE, EXTRATIMPURIU.<\/strong><\/span><\/h6>\n<h6>VARIETATE CU FRUCTE MAI \u00ceNALTE \u0218I MAI ROTUNJITE , DEC\u0102T BLACK KRIM.<\/h6>\n<h6><span style=\"color: #0000ff;\">PRODUCE FRUCTE MARI, \u00ceNTRE 150-250 grame, FRUMOASE, \u00ceN CULORI DE MAHON P\u00c2NA LA NEGRU, GUST EXCELENT, FOARTE DULCE, CU AROM\u0102 SPECIFIC\u0102 DE TOMAT\u0102 NEAGR\u0102.<\/span><\/h6>\n<h6>SUNT C\u0102RNOASE,CU PULP\u0102 TIP BEEFSTEAK, DE CONSUMAT \u00ceN SPECIAL \u00ceN SALATE.<\/h6>\n<h6>PLANTELE NEDETERMINATE, DE GR\u0102DIN\u0102\u00a0 \u0218I SOLAR.<\/h6>\n<h6><\/h6>\n","protected":false},"excerpt":{"rendered":"<h6><span style=\"color: #0000ff;\">30 SEMIN\u021aE<\/span><\/h6>\n<h6><span style=\"color: #ff00ff;\">EXTREM DE PRODUCTIV,FOARTE REZISTENT, GUST EXCELENT<\/span><\/h6>\n","protected":false},"featured_media":4239,"comment_status":"open","ping_status":"closed","template":"","meta":{"site-sidebar-layout":"default","site-content-layout":"default","ast-site-content-layout":"default","site-content-style":"default","site-sidebar-style":"default","ast-global-header-display":"","ast-banner-title-visibility":"","ast-main-header-display":"","ast-hfb-above-header-display":"","ast-hfb-below-header-display":"","ast-hfb-mobile-header-display":"","site-post-title":"","ast-breadcrumbs-content":"","ast-featured-img":"","footer-sml-layout":"","ast-disable-related-posts":"","theme-transparent-header-meta":"default","adv-header-id-meta":"","stick-header-meta":"","header-above-stick-meta":"","header-main-stick-meta":"","header-below-stick-meta":"","astra-migrate-meta-layouts":"set","ast-page-background-enabled":"default","ast-page-background-meta":{"desktop":{"background-color":"var(--ast-global-color-4)","background-image":"","background-repeat":"repeat","background-position":"center center","background-size":"auto","background-attachment":"scroll","background-type":"","background-media":"","overlay-type":"","overlay-color":"","overlay-opacity":"","overlay-gradient":""},"tablet":{"background-color":"","background-image":"","background-repeat":"repeat","background-position":"center center","background-size":"auto","background-attachment":"scroll","background-type":"","background-media":"","overlay-type":"","overlay-color":"","overlay-opacity":"","overlay-gradient":""},"mobile":{"background-color":"","background-image":"","background-repeat":"repeat","background-position":"center center","background-size":"auto","background-attachment":"scroll","background-type":"","background-media":"","overlay-type":"","overlay-color":"","overlay-opacity":"","overlay-gradient":""}},"ast-content-background-meta":{"desktop":{"background-color":"var(--ast-global-color-5)","background-image":"","background-repeat":"repeat","background-position":"center center","background-size":"auto","background-attachment":"scroll","background-type":"","background-media":"","overlay-type":"","overlay-color":"","overlay-opacity":"","overlay-gradient":""},"tablet":{"background-color":"var(--ast-global-color-5)","background-image":"","background-repeat":"repeat","background-position":"center center","background-size":"auto","background-attachment":"scroll","background-type":"","background-media":"","overlay-type":"","overlay-color":"","overlay-opacity":"","overlay-gradient":""},"mobile":{"background-color":"var(--ast-global-color-5)","background-image":"","background-repeat":"repeat","background-position":"center center","background-size":"auto","background-attachment":"scroll","background-type":"","background-media":"","overlay-type":"","overlay-color":"","overlay-opacity":"","overlay-gradient":""}}},"product_brand":[],"product_cat":[138,15],"product_tag":[],"class_list":{"0":"post-776","1":"product","2":"type-product","3":"status-publish","4":"has-post-thumbnail","6":"product_cat-soiuri-negre","7":"product_cat-tomate-soi","8":"desktop-align-left","9":"tablet-align-left","10":"mobile-align-left","12":"first","13":"instock","14":"taxable","15":"shipping-taxable","16":"purchasable","17":"product-type-simple"},"_links":{"self":[{"href":"https:\/\/vivasem.ro\/index.php?rest_route=\/wp\/v2\/product\/776","targetHints":{"allow":["GET"]}}],"collection":[{"href":"https:\/\/vivasem.ro\/index.php?rest_route=\/wp\/v2\/product"}],"about":[{"href":"https:\/\/vivasem.ro\/index.php?rest_route=\/wp\/v2\/types\/product"}],"replies":[{"embeddable":true,"href":"https:\/\/vivasem.ro\/index.php?rest_route=%2Fwp%2Fv2%2Fcomments&post=776"}],"wp:featuredmedia":[{"embeddable":true,"href":"https:\/\/vivasem.ro\/index.php?rest_route=\/wp\/v2\/media\/4239"}],"wp:attachment":[{"href":"https:\/\/vivasem.ro\/index.php?rest_route=%2Fwp%2Fv2%2Fmedia&parent=776"}],"wp:term":[{"taxonomy":"product_brand","embeddable":true,"href":"https:\/\/vivasem.ro\/index.php?rest_route=%2Fwp%2Fv2%2Fproduct_brand&post=776"},{"taxonomy":"product_cat","embeddable":true,"href":"https:\/\/vivasem.ro\/index.php?rest_route=%2Fwp%2Fv2%2Fproduct_cat&post=776"},{"taxonomy":"product_tag","embeddable":true,"href":"https:\/\/vivasem.ro\/index.php?rest_route=%2Fwp%2Fv2%2Fproduct_tag&post=776"}],"curies":[{"name":"wp","href":"https:\/\/api.w.org\/{rel}","templated":true}]}}