{"id":7737,"date":"2022-11-04T08:50:15","date_gmt":"2022-11-04T06:50:15","guid":{"rendered":"https:\/\/vivasem.ro\/?post_type=product&#038;p=7737"},"modified":"2024-03-12T13:46:02","modified_gmt":"2024-03-12T11:46:02","slug":"trinidad-moruga-scorpion","status":"publish","type":"product","link":"https:\/\/vivasem.ro\/?product=trinidad-moruga-scorpion","title":{"rendered":"\u201e\u201eARDEI IUTE TRINIDAD MORUGA SCORPION"},"content":{"rendered":"<h6><span style=\"color: #ff0000;\"><strong><u>TRINIDAD MORUGA SCORPION,<\/u><\/strong><\/span><\/h6>\n<h6><span style=\"color: #0000ff;\"><strong>CU 1.200.000 -2.000.000 GRADE SCOVILLE, A FOST RECORDUL MONDIAL \u00ceN 2012 , FIIND DETRONAT DE CAROLINA REAPER, ACUM FIIND CONSIDERAT AL DOILEA DIN LUME.<\/strong><\/span><\/h6>\n<h6><strong><span class=\"Y2IQFc\" lang=\"ro\">Este un ardei iute originar din satul Moruga din Trinidad \u0219i Tobago \u0219i a fost creat de Wahid Ogeer din Trinidad. <\/span><\/strong><\/h6>\n<h6><strong><span class=\"Y2IQFc\" lang=\"ro\">Paul Bosland, un expert \u00een ardei iute \u0219i director al Institutului Chile Pepper ,a spus: \u201eMu\u0219ca\u021bi din el. Nu pare at\u00e2t de r\u0103u la \u00eenceput, dar apoi iu\u021beala cre\u0219te \u0219i cre\u0219te \u0219i cre\u0219te. Deci este destul de ur\u00e2t.\u201d<\/span>.<\/strong><\/h6>\n<h6><span style=\"color: #ff0000;\">Moruga Scorpion, este foarte picant, are arom\u0103 fructat\u0103, dulce, stimuleaza circulatia sangelui, ajuta digestia si aduce un aport important de vitamine organismului. Poate avea si un efect afrodisiac. Este un bun oxidant si conservant.<\/span><\/h6>\n<h6><strong>PLANTELE SUNT PRODUCTIVE, AU 70-75 ZILE PERIOADA DE VEGETA\u021aIE,NU SUNT FOARTE \u00ceNALTE, CIRCA 50 centimetrii, \u0218I POT FI CULTIVATE CU SUCCES, IN GHIVECE, \u00ceN INTERIORUL LOCUIN\u021aEI,\u00a0 TOT TIMPUL ANULUI, AVAND \u0218I UN ASPECT DECORATIV DEOSEBIT.<\/strong><\/h6>\n<h6>Pentru germinare necesita o temperatura mai mare decat majoritatea varietatilor de ardei.<\/h6>\n<h6><\/h6>\n<p>&nbsp;<\/p>\n<p>&nbsp;<\/p>\n<p>&nbsp;<\/p>\n","protected":false},"excerpt":{"rendered":"<h6><span style=\"color: #0000ff;\">10 SEMIN\u021aE<\/span><\/h6>\n<h6><span style=\"color: #ff0000;\">RECORD MONDIAL !<\/span><\/h6>\n<h6><span style=\"color: #ff0000;\">AROMAT \u0218I IUTE !<\/span><\/h6>\n<h6><\/h6>\n","protected":false},"featured_media":8400,"comment_status":"open","ping_status":"closed","template":"","meta":{"site-sidebar-layout":"default","site-content-layout":"default","ast-site-content-layout":"default","site-content-style":"default","site-sidebar-style":"default","ast-global-header-display":"","ast-banner-title-visibility":"","ast-main-header-display":"","ast-hfb-above-header-display":"","ast-hfb-below-header-display":"","ast-hfb-mobile-header-display":"","site-post-title":"","ast-breadcrumbs-content":"","ast-featured-img":"","footer-sml-layout":"","ast-disable-related-posts":"","theme-transparent-header-meta":"default","adv-header-id-meta":"","stick-header-meta":"","header-above-stick-meta":"","header-main-stick-meta":"","header-below-stick-meta":"","astra-migrate-meta-layouts":"set","ast-page-background-enabled":"default","ast-page-background-meta":{"desktop":{"background-color":"var(--ast-global-color-4)","background-image":"","background-repeat":"repeat","background-position":"center center","background-size":"auto","background-attachment":"scroll","background-type":"","background-media":"","overlay-type":"","overlay-color":"","overlay-opacity":"","overlay-gradient":""},"tablet":{"background-color":"","background-image":"","background-repeat":"repeat","background-position":"center center","background-size":"auto","background-attachment":"scroll","background-type":"","background-media":"","overlay-type":"","overlay-color":"","overlay-opacity":"","overlay-gradient":""},"mobile":{"background-color":"","background-image":"","background-repeat":"repeat","background-position":"center center","background-size":"auto","background-attachment":"scroll","background-type":"","background-media":"","overlay-type":"","overlay-color":"","overlay-opacity":"","overlay-gradient":""}},"ast-content-background-meta":{"desktop":{"background-color":"var(--ast-global-color-5)","background-image":"","background-repeat":"repeat","background-position":"center center","background-size":"auto","background-attachment":"scroll","background-type":"","background-media":"","overlay-type":"","overlay-color":"","overlay-opacity":"","overlay-gradient":""},"tablet":{"background-color":"var(--ast-global-color-5)","background-image":"","background-repeat":"repeat","background-position":"center center","background-size":"auto","background-attachment":"scroll","background-type":"","background-media":"","overlay-type":"","overlay-color":"","overlay-opacity":"","overlay-gradient":""},"mobile":{"background-color":"var(--ast-global-color-5)","background-image":"","background-repeat":"repeat","background-position":"center center","background-size":"auto","background-attachment":"scroll","background-type":"","background-media":"","overlay-type":"","overlay-color":"","overlay-opacity":"","overlay-gradient":""}}},"product_brand":[],"product_cat":[111],"product_tag":[],"class_list":{"0":"post-7737","1":"product","2":"type-product","3":"status-publish","4":"has-post-thumbnail","6":"product_cat-ardei-iute","7":"desktop-align-left","8":"tablet-align-left","9":"mobile-align-left","11":"first","12":"outofstock","13":"taxable","14":"shipping-taxable","15":"purchasable","16":"product-type-simple"},"_links":{"self":[{"href":"https:\/\/vivasem.ro\/index.php?rest_route=\/wp\/v2\/product\/7737","targetHints":{"allow":["GET"]}}],"collection":[{"href":"https:\/\/vivasem.ro\/index.php?rest_route=\/wp\/v2\/product"}],"about":[{"href":"https:\/\/vivasem.ro\/index.php?rest_route=\/wp\/v2\/types\/product"}],"replies":[{"embeddable":true,"href":"https:\/\/vivasem.ro\/index.php?rest_route=%2Fwp%2Fv2%2Fcomments&post=7737"}],"wp:featuredmedia":[{"embeddable":true,"href":"https:\/\/vivasem.ro\/index.php?rest_route=\/wp\/v2\/media\/8400"}],"wp:attachment":[{"href":"https:\/\/vivasem.ro\/index.php?rest_route=%2Fwp%2Fv2%2Fmedia&parent=7737"}],"wp:term":[{"taxonomy":"product_brand","embeddable":true,"href":"https:\/\/vivasem.ro\/index.php?rest_route=%2Fwp%2Fv2%2Fproduct_brand&post=7737"},{"taxonomy":"product_cat","embeddable":true,"href":"https:\/\/vivasem.ro\/index.php?rest_route=%2Fwp%2Fv2%2Fproduct_cat&post=7737"},{"taxonomy":"product_tag","embeddable":true,"href":"https:\/\/vivasem.ro\/index.php?rest_route=%2Fwp%2Fv2%2Fproduct_tag&post=7737"}],"curies":[{"name":"wp","href":"https:\/\/api.w.org\/{rel}","templated":true}]}}