{"id":7733,"date":"2022-11-04T08:16:05","date_gmt":"2022-11-04T06:16:05","guid":{"rendered":"https:\/\/vivasem.ro\/?post_type=product&#038;p=7733"},"modified":"2024-11-23T22:32:21","modified_gmt":"2024-11-23T20:32:21","slug":"chocolate-bhutlah","status":"publish","type":"product","link":"https:\/\/vivasem.ro\/?product=chocolate-bhutlah","title":{"rendered":"\u201e\u201eARDEI IUTE CHOCOLATE BHUTLAH"},"content":{"rendered":"<h6><span style=\"color: #ff0000;\"><strong><u>CHOCOLATE BHUTLAH,<\/u><\/strong><\/span><\/h6>\n<h6><span style=\"color: #0000ff;\"><strong>CU 1.000.000 \u0218I P\u00c2N\u0102 LA 2.000.000 GRADE SCOVILLE, ESTE \u00ceN TOPUL CELOR MAI IU\u021aI ARDEI DIN LUME, FOARTE APROAPE DE CAMPIONUL MONDIAL.<\/strong><\/span><\/h6>\n<h6><span style=\"color: #0000ff;\"><strong>A FOST OB\u021aINUT CA O \u00ceNCRUCI\u0218ARE \u00ceNTRE BHUT JOLOKIA \u0218I DOUGLAH CHILI PEPPER.<\/strong><\/span><\/h6>\n<h6>ESTE FOARTE DULCE \u0218I AROMAT, CU NUAN\u021aE FRUCTATE \u0218I FLORALE.<\/h6>\n<h6>MARIMEA ESTE MEDIE, \u00ceNTRE 6-10 cm. LUNGIME.<\/h6>\n<h6><strong>PLANTELE\u00a0 SUNT \u00ceNALTE DE\u00a0 CIRCA 50 CENTIMETRII, \u0218I POT FI CULTIVATE CU SUCCES, IN GHIVECE, \u00ceN INTERIORUL LOCUIN\u021aEI,\u00a0 TOT TIMPUL ANULUI, AVAND \u0218I UN ASPECT DECORATIV DEOSEBIT.<\/strong><\/h6>\n<p>&nbsp;<\/p>\n<p>&nbsp;<\/p>\n<p>&nbsp;<\/p>\n","protected":false},"excerpt":{"rendered":"<h6><span style=\"color: #0000ff;\">9 SEMIN\u021aE<\/span><\/h6>\n<h6><span style=\"color: #ff0000;\">AROMAT \u0218I IUTE !<\/span><\/h6>\n<h6><\/h6>\n","protected":false},"featured_media":7775,"comment_status":"open","ping_status":"closed","template":"","meta":{"site-sidebar-layout":"default","site-content-layout":"default","ast-site-content-layout":"default","site-content-style":"default","site-sidebar-style":"default","ast-global-header-display":"","ast-banner-title-visibility":"","ast-main-header-display":"","ast-hfb-above-header-display":"","ast-hfb-below-header-display":"","ast-hfb-mobile-header-display":"","site-post-title":"","ast-breadcrumbs-content":"","ast-featured-img":"","footer-sml-layout":"","ast-disable-related-posts":"","theme-transparent-header-meta":"default","adv-header-id-meta":"","stick-header-meta":"","header-above-stick-meta":"","header-main-stick-meta":"","header-below-stick-meta":"","astra-migrate-meta-layouts":"set","ast-page-background-enabled":"default","ast-page-background-meta":{"desktop":{"background-color":"var(--ast-global-color-4)","background-image":"","background-repeat":"repeat","background-position":"center center","background-size":"auto","background-attachment":"scroll","background-type":"","background-media":"","overlay-type":"","overlay-color":"","overlay-opacity":"","overlay-gradient":""},"tablet":{"background-color":"","background-image":"","background-repeat":"repeat","background-position":"center center","background-size":"auto","background-attachment":"scroll","background-type":"","background-media":"","overlay-type":"","overlay-color":"","overlay-opacity":"","overlay-gradient":""},"mobile":{"background-color":"","background-image":"","background-repeat":"repeat","background-position":"center center","background-size":"auto","background-attachment":"scroll","background-type":"","background-media":"","overlay-type":"","overlay-color":"","overlay-opacity":"","overlay-gradient":""}},"ast-content-background-meta":{"desktop":{"background-color":"var(--ast-global-color-5)","background-image":"","background-repeat":"repeat","background-position":"center center","background-size":"auto","background-attachment":"scroll","background-type":"","background-media":"","overlay-type":"","overlay-color":"","overlay-opacity":"","overlay-gradient":""},"tablet":{"background-color":"var(--ast-global-color-5)","background-image":"","background-repeat":"repeat","background-position":"center center","background-size":"auto","background-attachment":"scroll","background-type":"","background-media":"","overlay-type":"","overlay-color":"","overlay-opacity":"","overlay-gradient":""},"mobile":{"background-color":"var(--ast-global-color-5)","background-image":"","background-repeat":"repeat","background-position":"center center","background-size":"auto","background-attachment":"scroll","background-type":"","background-media":"","overlay-type":"","overlay-color":"","overlay-opacity":"","overlay-gradient":""}}},"product_brand":[],"product_cat":[111],"product_tag":[],"class_list":{"0":"post-7733","1":"product","2":"type-product","3":"status-publish","4":"has-post-thumbnail","6":"product_cat-ardei-iute","7":"desktop-align-left","8":"tablet-align-left","9":"mobile-align-left","11":"first","12":"outofstock","13":"taxable","14":"shipping-taxable","15":"purchasable","16":"product-type-simple"},"_links":{"self":[{"href":"https:\/\/vivasem.ro\/index.php?rest_route=\/wp\/v2\/product\/7733","targetHints":{"allow":["GET"]}}],"collection":[{"href":"https:\/\/vivasem.ro\/index.php?rest_route=\/wp\/v2\/product"}],"about":[{"href":"https:\/\/vivasem.ro\/index.php?rest_route=\/wp\/v2\/types\/product"}],"replies":[{"embeddable":true,"href":"https:\/\/vivasem.ro\/index.php?rest_route=%2Fwp%2Fv2%2Fcomments&post=7733"}],"wp:featuredmedia":[{"embeddable":true,"href":"https:\/\/vivasem.ro\/index.php?rest_route=\/wp\/v2\/media\/7775"}],"wp:attachment":[{"href":"https:\/\/vivasem.ro\/index.php?rest_route=%2Fwp%2Fv2%2Fmedia&parent=7733"}],"wp:term":[{"taxonomy":"product_brand","embeddable":true,"href":"https:\/\/vivasem.ro\/index.php?rest_route=%2Fwp%2Fv2%2Fproduct_brand&post=7733"},{"taxonomy":"product_cat","embeddable":true,"href":"https:\/\/vivasem.ro\/index.php?rest_route=%2Fwp%2Fv2%2Fproduct_cat&post=7733"},{"taxonomy":"product_tag","embeddable":true,"href":"https:\/\/vivasem.ro\/index.php?rest_route=%2Fwp%2Fv2%2Fproduct_tag&post=7733"}],"curies":[{"name":"wp","href":"https:\/\/api.w.org\/{rel}","templated":true}]}}