{"id":7717,"date":"2022-10-24T08:33:54","date_gmt":"2022-10-24T06:33:54","guid":{"rendered":"https:\/\/vivasem.ro\/?post_type=product&#038;p=7717"},"modified":"2025-12-23T11:38:38","modified_gmt":"2025-12-23T09:38:38","slug":"chinese-giant-nikitovka","status":"publish","type":"product","link":"https:\/\/vivasem.ro\/?product=chinese-giant-nikitovka","title":{"rendered":"CHINESE GIANT PURPLE"},"content":{"rendered":"<h6><span style=\"color: #ff0000;\">CHINESE GIANT PURPLE \/KITAYSKIY VELIKAN <\/span><span class=\"Y2IQFc\" style=\"color: #ff0000;\">FIOLETOVIY<\/span><span style=\"color: #ff0000;\">-(Ukraina ),<\/span><\/h6>\n<h6><span style=\"color: #333399;\"><strong>SOI EXCEP\u021aIONAL, UCRAINEAN , CU FRUCTE FOARTE MARI, \u00ceNTRE 300-500 grame, IAR UNELE DEVIN URIA\u0218E, \u00ceNTRE 700 grame \u0218I PESTE\u00a0 1 kilogram , DE CULOARE PURPURIE -ROZ .<\/strong><\/span><\/h6>\n<h6><span style=\"color: #ff0000;\"><strong>TOMATELE SUNT FOARTE GUSTOASE, DULCI, U\u0218OR ACIDE, CU AROM\u0102 INTENS\u0102,CLASIC\u0102,DE RO\u0218IE VECHE. PULPA ESTE C\u0102RNOAS\u0102, TIP BEEFSTEAK, CU PULP\u0102 DENS\u0102 \u0218I SEMIN\u021aE PU\u021aINE, FERM\u0102, REZISTENT\u0102 LA TRANSPORT.<\/strong><\/span><\/h6>\n<h6><span style=\"color: #ff0000;\"><strong>DE CONSUMAT PROASPETE,DE G\u0102TIT DAR \u0218I DE PROCESAT PENTRU CONSERVAT.<\/strong><\/span><\/h6>\n<h6><span style=\"color: #333399;\">PRODUCTIVITATEA ESTE\u00a0 MARE, DATORAT\u0102 PLANTELOR \u00ceNALTE,CU FRUNZE TIP CARTOF, NEDETERMINATE, FOARTE PUTERNICE, ADAPTATE LA VARIA\u021aII TERMICE \u0218I TEMPERATURI SC\u0102ZUTE,CARE FORMEAZ\u0102 CIORCHINI CU 2-4 ,P\u00c2N\u0102 LA 6 FRUCTE FOARTE MARI.<\/span><\/h6>\n<h6><span style=\"color: #333399;\">SOI MEDIU-TIMPURIU<\/span><\/h6>\n<h6><span style=\"color: #ff00ff;\"><strong>FA\u021a\u0102 DE SOIUL CHINESE GIANT, DIFEREN\u021aELE SUNT URM\u0102TOARELE :\u00a0 \u00a0 \u00a0 \u00a0<\/strong><\/span><\/h6>\n<h6><span style=\"color: #ff00ff;\"><strong>\u00a0-FRUCTELE SUNT MAI MARI \u0218I\u00a0 DE <\/strong><strong>FORM\u0102 <\/strong><strong>\u00a0MAI APLATIZAT\u0102<\/strong><\/span><\/h6>\n<h6><span style=\"color: #ff00ff;\"><strong> -FRUNZELE SUNT\u00a0 DE TIP CARTOF<\/strong><\/span><\/h6>\n<h6><span style=\"color: #ff00ff;\"><strong>-SUNT MAI PU\u021aINE FRUCTE LA CIORCHINE, DAR MAI MARI<\/strong><\/span><\/h6>\n<h6><\/h6>\n","protected":false},"excerpt":{"rendered":"<h5><span style=\"color: #ff00ff;\">SOI GIGANT FOARTE REZISTENT! <\/span><span style=\"color: #ff00ff;\">FOARTE PRODUCTIV, FOARTE GUSTOS!<\/span><\/h5>\n<p>&nbsp;<\/p>\n","protected":false},"featured_media":2518,"comment_status":"open","ping_status":"closed","template":"","meta":{"site-sidebar-layout":"default","site-content-layout":"default","ast-site-content-layout":"default","site-content-style":"default","site-sidebar-style":"default","ast-global-header-display":"","ast-banner-title-visibility":"","ast-main-header-display":"","ast-hfb-above-header-display":"","ast-hfb-below-header-display":"","ast-hfb-mobile-header-display":"","site-post-title":"","ast-breadcrumbs-content":"","ast-featured-img":"","footer-sml-layout":"","ast-disable-related-posts":"","theme-transparent-header-meta":"default","adv-header-id-meta":"","stick-header-meta":"","header-above-stick-meta":"","header-main-stick-meta":"","header-below-stick-meta":"","astra-migrate-meta-layouts":"set","ast-page-background-enabled":"default","ast-page-background-meta":{"desktop":{"background-color":"var(--ast-global-color-4)","background-image":"","background-repeat":"repeat","background-position":"center center","background-size":"auto","background-attachment":"scroll","background-type":"","background-media":"","overlay-type":"","overlay-color":"","overlay-opacity":"","overlay-gradient":""},"tablet":{"background-color":"","background-image":"","background-repeat":"repeat","background-position":"center center","background-size":"auto","background-attachment":"scroll","background-type":"","background-media":"","overlay-type":"","overlay-color":"","overlay-opacity":"","overlay-gradient":""},"mobile":{"background-color":"","background-image":"","background-repeat":"repeat","background-position":"center center","background-size":"auto","background-attachment":"scroll","background-type":"","background-media":"","overlay-type":"","overlay-color":"","overlay-opacity":"","overlay-gradient":""}},"ast-content-background-meta":{"desktop":{"background-color":"var(--ast-global-color-5)","background-image":"","background-repeat":"repeat","background-position":"center center","background-size":"auto","background-attachment":"scroll","background-type":"","background-media":"","overlay-type":"","overlay-color":"","overlay-opacity":"","overlay-gradient":""},"tablet":{"background-color":"var(--ast-global-color-5)","background-image":"","background-repeat":"repeat","background-position":"center center","background-size":"auto","background-attachment":"scroll","background-type":"","background-media":"","overlay-type":"","overlay-color":"","overlay-opacity":"","overlay-gradient":""},"mobile":{"background-color":"var(--ast-global-color-5)","background-image":"","background-repeat":"repeat","background-position":"center center","background-size":"auto","background-attachment":"scroll","background-type":"","background-media":"","overlay-type":"","overlay-color":"","overlay-opacity":"","overlay-gradient":""}}},"product_brand":[],"product_cat":[141,142,15],"product_tag":[],"class_list":{"0":"post-7717","1":"product","2":"type-product","3":"status-publish","4":"has-post-thumbnail","6":"product_cat-soi-gigant-urias","7":"product_cat-soiuri-rosii-roz","8":"product_cat-tomate-soi","9":"pa_z-cantitate-10-seminte","10":"pa_z-cantitate-100-seminte","11":"pa_z-cantitate-1000-seminte","12":"pa_z-cantitate-120-seminte","13":"pa_z-cantitate-150-seminte","14":"pa_z-cantitate-160-seminte","15":"pa_z-cantitate-20-seminte","16":"pa_z-cantitate-200-seminte","17":"pa_z-cantitate-25-seminte","18":"pa_z-cantitate-250-seminte","19":"pa_z-cantitate-30-seminte","20":"pa_z-cantitate-300-seminte","21":"pa_z-cantitate-40-seminte","22":"pa_z-cantitate-400-seminte","23":"pa_z-cantitate-5-seminte","24":"pa_z-cantitate-50-seminte","25":"pa_z-cantitate-500-seminte","26":"pa_z-cantitate-60-seminte","27":"pa_z-cantitate-600-seminte","28":"pa_z-cantitate-80-seminte","29":"pa_z-cantitate-90-seminte","30":"pa_z-cantitate-900-seminte","31":"desktop-align-left","32":"tablet-align-left","33":"mobile-align-left","35":"first","36":"instock","37":"sale","38":"taxable","39":"shipping-taxable","40":"purchasable","41":"product-type-variable"},"_links":{"self":[{"href":"https:\/\/vivasem.ro\/index.php?rest_route=\/wp\/v2\/product\/7717","targetHints":{"allow":["GET"]}}],"collection":[{"href":"https:\/\/vivasem.ro\/index.php?rest_route=\/wp\/v2\/product"}],"about":[{"href":"https:\/\/vivasem.ro\/index.php?rest_route=\/wp\/v2\/types\/product"}],"replies":[{"embeddable":true,"href":"https:\/\/vivasem.ro\/index.php?rest_route=%2Fwp%2Fv2%2Fcomments&post=7717"}],"wp:featuredmedia":[{"embeddable":true,"href":"https:\/\/vivasem.ro\/index.php?rest_route=\/wp\/v2\/media\/2518"}],"wp:attachment":[{"href":"https:\/\/vivasem.ro\/index.php?rest_route=%2Fwp%2Fv2%2Fmedia&parent=7717"}],"wp:term":[{"taxonomy":"product_brand","embeddable":true,"href":"https:\/\/vivasem.ro\/index.php?rest_route=%2Fwp%2Fv2%2Fproduct_brand&post=7717"},{"taxonomy":"product_cat","embeddable":true,"href":"https:\/\/vivasem.ro\/index.php?rest_route=%2Fwp%2Fv2%2Fproduct_cat&post=7717"},{"taxonomy":"product_tag","embeddable":true,"href":"https:\/\/vivasem.ro\/index.php?rest_route=%2Fwp%2Fv2%2Fproduct_tag&post=7717"}],"curies":[{"name":"wp","href":"https:\/\/api.w.org\/{rel}","templated":true}]}}