{"id":7670,"date":"2022-10-04T08:54:23","date_gmt":"2022-10-04T06:54:23","guid":{"rendered":"https:\/\/vivasem.ro\/?post_type=product&#038;p=7670"},"modified":"2025-12-06T11:50:44","modified_gmt":"2025-12-06T09:50:44","slug":"maria-amazilitei-giant-red","status":"publish","type":"product","link":"https:\/\/vivasem.ro\/?product=maria-amazilitei-giant-red","title":{"rendered":"MARIA AMAZILITEI GIANT RED."},"content":{"rendered":"<h6><span style=\"color: #ff0000;\"><strong><u>MARIA AMAZILITEI GIANT RED,<\/u><\/strong><\/span><\/h6>\n<h6><span style=\"color: #0000ff;\">DINTRE PU\u021aINELE SOIURI\u00a0 ROM\u00c2NE\u0218TI RECUNOSCUTE INTERNA\u021aIONAL !<\/span><\/h6>\n<h6><span style=\"color: #0000ff;\"> CU FRUCTE\u00a0 MARI , \u00ceN MEDIE DE 150-300 grame, \u0218I POT\u00a0 AJUNGE LA 500-600 grame,\u00a0<\/span><\/h6>\n<h6><span style=\"color: #0000ff;\">TOMATELE AU GUST EXCELENT, DULCE, FOARTE BINE ECHILIBRAT CU ACID, CU AROM\u0102 INTENS\u0102,DE RO\u0218IE VECHE,<\/span> SUNT FOARTE SUCULENTE, CU PULP\u0102 FERM\u0102, TIP BEEFSTEAK, FOARTE C\u0102RNOASE, CE SE POT FELIA PERFECT.<\/h6>\n<h6>DE CONSUMAT PROASPETE, IN SALATE.<\/h6>\n<h6>PLANTELE SUNT NEDETERMINATE, VIGUROASE,<span style=\"color: #0000ff;\"> FOARTE PRODUCTIVE, CE NECESIT\u0102 SUS\u021aINERE SOLID\u0102.<\/span><\/h6>\n<h6><span style=\"color: #0000ff;\">MEDIU-TIMPURII, COACERE \u00ceN 75-85 zile.<\/span><\/h6>\n<h6>FRUNZE NORMALE.<\/h6>\n<h6><span style=\"color: #ff0000;\">Istoricul acestui soi este mai pu\u021bin cunoscut. Ce este clar, este c\u0103 , a fost propularizat cultivatorilor pentru prima data, prin 2006 de catre Jeannine-Marie St. Jacques din Kingston, Ontario, Canada. <\/span><\/h6>\n<h6><span style=\"color: #ff0000;\">Doamna a precizat ca ro\u0219ia\u00a0 este de origine romaneasc\u0103 si ca a obtinut-o de la o anume Maria Amazilitei. Dup\u0103 nume,<\/span><span style=\"color: #ff0000;\">Maria Amazilitei este moldoveanc\u0103 .<\/span><\/h6>\n<h6><span style=\"color: #ff0000;\">Mai departe, lucrurile nu mai sunt clare. Sunt zvonuri ca Maria ar fi adus ea insa\u0219i in Canada niste seminte de rosii din gradina de acas\u0103.<\/span><\/h6>\n<h6><span style=\"color: #ff0000;\"> In alte par\u021bi se mentioneaz\u0103, c\u0103, de fapt, Maria era in Rom\u00e2nia, dar coresponda cu canadianca Jeannine-Marie, facand printre altele si schimb de semin\u021be de ro\u0219ii.<\/span><br \/>\n<span style=\"color: #ff0000;\">In orice caz, bun este faptul c\u0103 Jeannine-Marie St. Jacques recunoa\u0219te ca ro\u0219ia este de origine rom\u00e2neasca \u0219i o boteaz\u0103 dupa numele Mariei noastre.<\/span><\/h6>\n","protected":false},"excerpt":{"rendered":"<h6><span style=\"color: #0000ff;\">25 SEMIN\u021aE<\/span><\/h6>\n<h6><span style=\"color: #ff00ff;\">GUST EXEP\u021aIONAL ! <\/span><span style=\"color: #ff00ff;\">SOI PRODUCTIV !<\/span><\/h6>\n<p><img loading=\"lazy\" decoding=\"async\" class=\"alignnone size-medium wp-image-17985\" src=\"https:\/\/vivasem.ro\/wp-content\/uploads\/2025\/05\/SOI-ROMANESC-300x106.jpg\" alt=\"\" width=\"300\" height=\"106\" srcset=\"https:\/\/vivasem.ro\/wp-content\/uploads\/2025\/05\/SOI-ROMANESC-300x106.jpg 300w, https:\/\/vivasem.ro\/wp-content\/uploads\/2025\/05\/SOI-ROMANESC-150x53.jpg 150w, https:\/\/vivasem.ro\/wp-content\/uploads\/2025\/05\/SOI-ROMANESC-248x88.jpg 248w, https:\/\/vivasem.ro\/wp-content\/uploads\/2025\/05\/SOI-ROMANESC-590x209.jpg 590w, https:\/\/vivasem.ro\/wp-content\/uploads\/2025\/05\/SOI-ROMANESC.jpg 700w\" sizes=\"auto, (max-width: 300px) 100vw, 300px\" \/><\/p>\n<p>&nbsp;<\/p>\n<h6><\/h6>\n","protected":false},"featured_media":9073,"comment_status":"open","ping_status":"closed","template":"","meta":{"site-sidebar-layout":"default","site-content-layout":"default","ast-site-content-layout":"default","site-content-style":"default","site-sidebar-style":"default","ast-global-header-display":"","ast-banner-title-visibility":"","ast-main-header-display":"","ast-hfb-above-header-display":"","ast-hfb-below-header-display":"","ast-hfb-mobile-header-display":"","site-post-title":"","ast-breadcrumbs-content":"","ast-featured-img":"","footer-sml-layout":"","ast-disable-related-posts":"","theme-transparent-header-meta":"default","adv-header-id-meta":"","stick-header-meta":"","header-above-stick-meta":"","header-main-stick-meta":"","header-below-stick-meta":"","astra-migrate-meta-layouts":"set","ast-page-background-enabled":"default","ast-page-background-meta":{"desktop":{"background-color":"var(--ast-global-color-4)","background-image":"","background-repeat":"repeat","background-position":"center center","background-size":"auto","background-attachment":"scroll","background-type":"","background-media":"","overlay-type":"","overlay-color":"","overlay-opacity":"","overlay-gradient":""},"tablet":{"background-color":"","background-image":"","background-repeat":"repeat","background-position":"center center","background-size":"auto","background-attachment":"scroll","background-type":"","background-media":"","overlay-type":"","overlay-color":"","overlay-opacity":"","overlay-gradient":""},"mobile":{"background-color":"","background-image":"","background-repeat":"repeat","background-position":"center center","background-size":"auto","background-attachment":"scroll","background-type":"","background-media":"","overlay-type":"","overlay-color":"","overlay-opacity":"","overlay-gradient":""}},"ast-content-background-meta":{"desktop":{"background-color":"var(--ast-global-color-5)","background-image":"","background-repeat":"repeat","background-position":"center center","background-size":"auto","background-attachment":"scroll","background-type":"","background-media":"","overlay-type":"","overlay-color":"","overlay-opacity":"","overlay-gradient":""},"tablet":{"background-color":"var(--ast-global-color-5)","background-image":"","background-repeat":"repeat","background-position":"center center","background-size":"auto","background-attachment":"scroll","background-type":"","background-media":"","overlay-type":"","overlay-color":"","overlay-opacity":"","overlay-gradient":""},"mobile":{"background-color":"var(--ast-global-color-5)","background-image":"","background-repeat":"repeat","background-position":"center center","background-size":"auto","background-attachment":"scroll","background-type":"","background-media":"","overlay-type":"","overlay-color":"","overlay-opacity":"","overlay-gradient":""}}},"product_brand":[],"product_cat":[141,140,142,15],"product_tag":[],"class_list":{"0":"post-7670","1":"product","2":"type-product","3":"status-publish","4":"has-post-thumbnail","6":"product_cat-soi-gigant-urias","7":"product_cat-soiuri-romanesti","8":"product_cat-soiuri-rosii-roz","9":"product_cat-tomate-soi","10":"desktop-align-left","11":"tablet-align-left","12":"mobile-align-left","14":"first","15":"instock","16":"taxable","17":"shipping-taxable","18":"purchasable","19":"product-type-simple"},"_links":{"self":[{"href":"https:\/\/vivasem.ro\/index.php?rest_route=\/wp\/v2\/product\/7670","targetHints":{"allow":["GET"]}}],"collection":[{"href":"https:\/\/vivasem.ro\/index.php?rest_route=\/wp\/v2\/product"}],"about":[{"href":"https:\/\/vivasem.ro\/index.php?rest_route=\/wp\/v2\/types\/product"}],"replies":[{"embeddable":true,"href":"https:\/\/vivasem.ro\/index.php?rest_route=%2Fwp%2Fv2%2Fcomments&post=7670"}],"wp:featuredmedia":[{"embeddable":true,"href":"https:\/\/vivasem.ro\/index.php?rest_route=\/wp\/v2\/media\/9073"}],"wp:attachment":[{"href":"https:\/\/vivasem.ro\/index.php?rest_route=%2Fwp%2Fv2%2Fmedia&parent=7670"}],"wp:term":[{"taxonomy":"product_brand","embeddable":true,"href":"https:\/\/vivasem.ro\/index.php?rest_route=%2Fwp%2Fv2%2Fproduct_brand&post=7670"},{"taxonomy":"product_cat","embeddable":true,"href":"https:\/\/vivasem.ro\/index.php?rest_route=%2Fwp%2Fv2%2Fproduct_cat&post=7670"},{"taxonomy":"product_tag","embeddable":true,"href":"https:\/\/vivasem.ro\/index.php?rest_route=%2Fwp%2Fv2%2Fproduct_tag&post=7670"}],"curies":[{"name":"wp","href":"https:\/\/api.w.org\/{rel}","templated":true}]}}