{"id":7152,"date":"2022-03-19T19:26:51","date_gmt":"2022-03-19T17:26:51","guid":{"rendered":"https:\/\/vivasem.ro\/?post_type=product&#038;p=7152"},"modified":"2024-01-21T09:05:50","modified_gmt":"2024-01-21T07:05:50","slug":"castraveti-hibrid-vertina-f1-100s","status":"publish","type":"product","link":"https:\/\/vivasem.ro\/?product=castraveti-hibrid-vertina-f1-100s","title":{"rendered":"\u201e\u201eCastraveti hibrid VERTINA F1 (100s)-NUNHEMS BASF"},"content":{"rendered":"<ul>\n<li><span style=\"color: #ff0000;\"><strong><u>VERTINA F1 \u2013NUNHEMS BASF,<\/u><\/strong><\/span><\/li>\n<\/ul>\n<h6><span style=\"color: #0000ff;\"><strong>Castravetii Vertina F1<\/strong> au o rezisten\u021b\u0103 remarcabil\u0103 fata de complexul de boli specifice culturii de <strong>castrave\u021bi<\/strong>.\u00a0<\/span><\/h6>\n<div id=\"product-description-short-592\" class=\"product-description-short mb-3 truncate_block st_showless_block_0 truncate_cate_desc_0\">\n<div class=\"st_read_more_box\">\n<h6><strong>Vertina F1<\/strong>\u00a0este un<strong> hibrid\u00a0 <\/strong><span style=\"color: #0000ff;\">foarte productiv<\/span>, cu fructe tip corni\u0219on, de culoare verde-\u00eenchis uniform, cu \u021bepi fini, de calitate excelent\u0103,nu formeaza goluri in structura interna av\u00e2nd o pulp\u0103 compact\u0103 si crocant\u0103.<\/h6>\n<h6>Castrave\u021bii sunt uniformi, cilindrici, raportul lungime \/ diametru fiind 3, 1:1 , cu un procent foarte mic de curbare\/deformare.<\/h6>\n<h6>Gust foarte bun, dulce, neamar,recomanda\u021bi pentru consumul in stare proaspata si industrializare.<\/h6>\n<h6><span style=\"color: #0000ff;\"><strong>Vertina F1<\/strong>\u00a0este un hibrid\u00a0<strong>timpuriu<\/strong> de castraveti apreciat in randul cultivatorilor, in special pentru productivitatea \u00eenalt\u0103, at\u00e2t \u00een cultura din\u00a0 ciclul I, cat si pentru cea din ciclul II, avand poten\u021bial de peste 90 tone\/ha , fapt datorat \u0219i pentru c\u0103 leag\u0103 foarte bine, pe tot sezonul, \u00een toate condi\u021biile de temperatur\u0103.<\/span><\/h6>\n<h6>Plantele sunt\u00a0 viguroase, <span style=\"color: #0000ff;\">rezistente la boli<\/span> si produc fructe uniforme, de <strong>tip cornichon<\/strong>.<\/h6>\n<h6><strong>Hibridul Vertina F1<\/strong> prezinta rezistenta ridicata la p\u0103tare, la f\u0103inare(<strong>Px+<\/strong>Sf), Cladosporium cucumerinum (CCV), si rezisten\u021b\u0103 intermediara la virusul mozaic al castravetilor (<strong>CMV- Cucumber Mosaic Virus)<\/strong>.<\/h6>\n<h6>De asemeni, prezinta o<span style=\"color: #0000ff;\"> foarte bun\u0103 toleran\u021b\u0103 la stres, in special la cel termic<\/span>, specific infiintarii culturilor timpurii .<\/h6>\n<h6>Vertina F1 este destinat in special culturilor palisate, in sere, solarii, gr\u0103dini \u0219i \u00een c\u00e2mp.<\/h6>\n<\/div>\n<\/div>\n<h6><\/h6>\n<h6><\/h6>\n<p>&nbsp;<\/p>\n","protected":false},"excerpt":{"rendered":"<h6><span style=\"color: #0000ff;\">100 SEMIN\u021aE\u00a0<\/span><\/h6>\n<h6><span style=\"color: #ff00ff;\">LEAG\u0102 BINE TOT SEZONUL, PRODUCTIVITATE \u00ceNALT\u0102<\/span><\/h6>\n<p>&nbsp;<\/p>\n","protected":false},"featured_media":7149,"comment_status":"open","ping_status":"closed","template":"","meta":{"site-sidebar-layout":"default","site-content-layout":"default","ast-site-content-layout":"default","site-content-style":"default","site-sidebar-style":"default","ast-global-header-display":"","ast-banner-title-visibility":"","ast-main-header-display":"","ast-hfb-above-header-display":"","ast-hfb-below-header-display":"","ast-hfb-mobile-header-display":"","site-post-title":"","ast-breadcrumbs-content":"","ast-featured-img":"","footer-sml-layout":"","ast-disable-related-posts":"","theme-transparent-header-meta":"default","adv-header-id-meta":"","stick-header-meta":"","header-above-stick-meta":"","header-main-stick-meta":"","header-below-stick-meta":"","astra-migrate-meta-layouts":"set","ast-page-background-enabled":"default","ast-page-background-meta":{"desktop":{"background-color":"var(--ast-global-color-4)","background-image":"","background-repeat":"repeat","background-position":"center center","background-size":"auto","background-attachment":"scroll","background-type":"","background-media":"","overlay-type":"","overlay-color":"","overlay-opacity":"","overlay-gradient":""},"tablet":{"background-color":"","background-image":"","background-repeat":"repeat","background-position":"center center","background-size":"auto","background-attachment":"scroll","background-type":"","background-media":"","overlay-type":"","overlay-color":"","overlay-opacity":"","overlay-gradient":""},"mobile":{"background-color":"","background-image":"","background-repeat":"repeat","background-position":"center center","background-size":"auto","background-attachment":"scroll","background-type":"","background-media":"","overlay-type":"","overlay-color":"","overlay-opacity":"","overlay-gradient":""}},"ast-content-background-meta":{"desktop":{"background-color":"var(--ast-global-color-5)","background-image":"","background-repeat":"repeat","background-position":"center center","background-size":"auto","background-attachment":"scroll","background-type":"","background-media":"","overlay-type":"","overlay-color":"","overlay-opacity":"","overlay-gradient":""},"tablet":{"background-color":"var(--ast-global-color-5)","background-image":"","background-repeat":"repeat","background-position":"center center","background-size":"auto","background-attachment":"scroll","background-type":"","background-media":"","overlay-type":"","overlay-color":"","overlay-opacity":"","overlay-gradient":""},"mobile":{"background-color":"var(--ast-global-color-5)","background-image":"","background-repeat":"repeat","background-position":"center center","background-size":"auto","background-attachment":"scroll","background-type":"","background-media":"","overlay-type":"","overlay-color":"","overlay-opacity":"","overlay-gradient":""}}},"product_brand":[],"product_cat":[83],"product_tag":[],"class_list":{"0":"post-7152","1":"product","2":"type-product","3":"status-publish","4":"has-post-thumbnail","6":"product_cat-castraveti-hibrid","7":"desktop-align-left","8":"tablet-align-left","9":"mobile-align-left","11":"first","12":"outofstock","13":"taxable","14":"shipping-taxable","15":"purchasable","16":"product-type-simple"},"_links":{"self":[{"href":"https:\/\/vivasem.ro\/index.php?rest_route=\/wp\/v2\/product\/7152","targetHints":{"allow":["GET"]}}],"collection":[{"href":"https:\/\/vivasem.ro\/index.php?rest_route=\/wp\/v2\/product"}],"about":[{"href":"https:\/\/vivasem.ro\/index.php?rest_route=\/wp\/v2\/types\/product"}],"replies":[{"embeddable":true,"href":"https:\/\/vivasem.ro\/index.php?rest_route=%2Fwp%2Fv2%2Fcomments&post=7152"}],"wp:featuredmedia":[{"embeddable":true,"href":"https:\/\/vivasem.ro\/index.php?rest_route=\/wp\/v2\/media\/7149"}],"wp:attachment":[{"href":"https:\/\/vivasem.ro\/index.php?rest_route=%2Fwp%2Fv2%2Fmedia&parent=7152"}],"wp:term":[{"taxonomy":"product_brand","embeddable":true,"href":"https:\/\/vivasem.ro\/index.php?rest_route=%2Fwp%2Fv2%2Fproduct_brand&post=7152"},{"taxonomy":"product_cat","embeddable":true,"href":"https:\/\/vivasem.ro\/index.php?rest_route=%2Fwp%2Fv2%2Fproduct_cat&post=7152"},{"taxonomy":"product_tag","embeddable":true,"href":"https:\/\/vivasem.ro\/index.php?rest_route=%2Fwp%2Fv2%2Fproduct_tag&post=7152"}],"curies":[{"name":"wp","href":"https:\/\/api.w.org\/{rel}","templated":true}]}}