{"id":7143,"date":"2022-03-17T19:09:44","date_gmt":"2022-03-17T17:09:44","guid":{"rendered":"https:\/\/vivasem.ro\/?post_type=product&#038;p=7143"},"modified":"2023-06-03T19:30:06","modified_gmt":"2023-06-03T17:30:06","slug":"fasole-oloaga-lata-romax-31-gratis-oferta-320s","status":"publish","type":"product","link":"https:\/\/vivasem.ro\/?product=fasole-oloaga-lata-romax-31-gratis-oferta-320s","title":{"rendered":"\u201eFasole pitic\u0103 lat\u0103 ROMAX- OFERTA 250s"},"content":{"rendered":"<h6><span style=\"color: #ff0000;\"><strong><u><span style=\"color: #ff0000;\">Fasole oloag\u0103 lat\u0103 ROMAX-<\/span><\/u><\/strong><span class=\"post-meta-key\">Produc\u0103tor:Franchi Sementi<\/span>.Italia,<\/span><\/h6>\n<h6>Soi foarte productiv, semitimpuriu de fasole lat\u0103, oloag\u0103, cu p\u0103st\u0103i de culoare galben\u0103-aurie \u0219i semin\u021be albe.<br \/>\nP\u0103st\u0103ile au lungimea de 14-15 cm, l\u0103\u021bimea 1.6-2 cm, sunt drepte, fragede \u0219i f\u0103r\u0103 a\u021be.<\/h6>\n<h6>Plantele ating 50 cm. \u00een\u0103l\u021bime.<\/h6>\n<h6>\u00a0Perioad\u0103\u00a0 de sem\u0103nat: din luna martie, p\u00e2n\u0103 \u00een iulie.<\/h6>\n<h6>Perioada de recoltare: din luna mai, p\u00e2n\u0103 \u00een octombrie.<\/h6>\n<h6><span class=\"post-meta-key\">Desime: se r<\/span>ecomand\u0103 350.000 plante\/ha.<\/h6>\n<h6><strong>Distanta de plantare: 40<\/strong> cm. \u00eentre randuri \u0219i 5-7 cm \u00eentre plante , la ad\u00e2ncime de 4-5 cm.<\/h6>\n<h6><strong>Fasolea ROMAX<\/strong> este destinata consumului in stare proaspata sau pentru procesare, fiind foarte gustoas\u0103.<\/h6>\n<h6>Cele mai bune randamente se pot obtine prin fertilizare cu ingrasaminte pe baza de azot sau gunoi de grajd, dar de asemenea si ingrasamantul organic este foarte benefic.<\/h6>\n<h6>De plantat \u00een c\u00e2mp, gr\u0103din\u0103 ,solarii sau sere.<\/h6>\n<p>&nbsp;<\/p>\n<p>&nbsp;<\/p>\n<p>&nbsp;<\/p>\n","protected":false},"excerpt":{"rendered":"<h6><span style=\"color: #0000ff;\">250 semin\u021be\u00a0 <\/span><\/h6>\n<h6><span style=\"color: #ff00ff;\">OFERT\u0102 DE PRE\u021a<\/span><\/h6>\n","protected":false},"featured_media":7013,"comment_status":"open","ping_status":"closed","template":"","meta":{"site-sidebar-layout":"default","site-content-layout":"default","ast-site-content-layout":"default","site-content-style":"default","site-sidebar-style":"default","ast-global-header-display":"","ast-banner-title-visibility":"","ast-main-header-display":"","ast-hfb-above-header-display":"","ast-hfb-below-header-display":"","ast-hfb-mobile-header-display":"","site-post-title":"","ast-breadcrumbs-content":"","ast-featured-img":"","footer-sml-layout":"","ast-disable-related-posts":"","theme-transparent-header-meta":"default","adv-header-id-meta":"","stick-header-meta":"","header-above-stick-meta":"","header-main-stick-meta":"","header-below-stick-meta":"","astra-migrate-meta-layouts":"default","ast-page-background-enabled":"default","ast-page-background-meta":{"desktop":{"background-color":"var(--ast-global-color-4)","background-image":"","background-repeat":"repeat","background-position":"center center","background-size":"auto","background-attachment":"scroll","background-type":"","background-media":"","overlay-type":"","overlay-color":"","overlay-opacity":"","overlay-gradient":""},"tablet":{"background-color":"","background-image":"","background-repeat":"repeat","background-position":"center center","background-size":"auto","background-attachment":"scroll","background-type":"","background-media":"","overlay-type":"","overlay-color":"","overlay-opacity":"","overlay-gradient":""},"mobile":{"background-color":"","background-image":"","background-repeat":"repeat","background-position":"center center","background-size":"auto","background-attachment":"scroll","background-type":"","background-media":"","overlay-type":"","overlay-color":"","overlay-opacity":"","overlay-gradient":""}},"ast-content-background-meta":{"desktop":{"background-color":"var(--ast-global-color-5)","background-image":"","background-repeat":"repeat","background-position":"center center","background-size":"auto","background-attachment":"scroll","background-type":"","background-media":"","overlay-type":"","overlay-color":"","overlay-opacity":"","overlay-gradient":""},"tablet":{"background-color":"var(--ast-global-color-5)","background-image":"","background-repeat":"repeat","background-position":"center center","background-size":"auto","background-attachment":"scroll","background-type":"","background-media":"","overlay-type":"","overlay-color":"","overlay-opacity":"","overlay-gradient":""},"mobile":{"background-color":"var(--ast-global-color-5)","background-image":"","background-repeat":"repeat","background-position":"center center","background-size":"auto","background-attachment":"scroll","background-type":"","background-media":"","overlay-type":"","overlay-color":"","overlay-opacity":"","overlay-gradient":""}}},"product_brand":[],"product_cat":[112],"product_tag":[],"class_list":{"0":"post-7143","1":"product","2":"type-product","3":"status-publish","4":"has-post-thumbnail","6":"product_cat-fasole-oloaga-fasole-pitica","7":"desktop-align-left","8":"tablet-align-left","9":"mobile-align-left","11":"first","12":"outofstock","13":"taxable","14":"shipping-taxable","15":"purchasable","16":"product-type-simple"},"_links":{"self":[{"href":"https:\/\/vivasem.ro\/index.php?rest_route=\/wp\/v2\/product\/7143","targetHints":{"allow":["GET"]}}],"collection":[{"href":"https:\/\/vivasem.ro\/index.php?rest_route=\/wp\/v2\/product"}],"about":[{"href":"https:\/\/vivasem.ro\/index.php?rest_route=\/wp\/v2\/types\/product"}],"replies":[{"embeddable":true,"href":"https:\/\/vivasem.ro\/index.php?rest_route=%2Fwp%2Fv2%2Fcomments&post=7143"}],"wp:featuredmedia":[{"embeddable":true,"href":"https:\/\/vivasem.ro\/index.php?rest_route=\/wp\/v2\/media\/7013"}],"wp:attachment":[{"href":"https:\/\/vivasem.ro\/index.php?rest_route=%2Fwp%2Fv2%2Fmedia&parent=7143"}],"wp:term":[{"taxonomy":"product_brand","embeddable":true,"href":"https:\/\/vivasem.ro\/index.php?rest_route=%2Fwp%2Fv2%2Fproduct_brand&post=7143"},{"taxonomy":"product_cat","embeddable":true,"href":"https:\/\/vivasem.ro\/index.php?rest_route=%2Fwp%2Fv2%2Fproduct_cat&post=7143"},{"taxonomy":"product_tag","embeddable":true,"href":"https:\/\/vivasem.ro\/index.php?rest_route=%2Fwp%2Fv2%2Fproduct_tag&post=7143"}],"curies":[{"name":"wp","href":"https:\/\/api.w.org\/{rel}","templated":true}]}}