{"id":7124,"date":"2022-03-16T11:06:37","date_gmt":"2022-03-16T09:06:37","guid":{"rendered":"https:\/\/vivasem.ro\/?post_type=product&#038;p=7124"},"modified":"2023-11-22T07:44:07","modified_gmt":"2023-11-22T05:44:07","slug":"cimbru-2g-horti-tops","status":"publish","type":"product","link":"https:\/\/vivasem.ro\/?product=cimbru-2g-horti-tops","title":{"rendered":"\u201eCIMBRU (2g) -HORTI TOPS"},"content":{"rendered":"<h6><span style=\"color: #808000;\"><strong><u>CIMBRU<\/u><\/strong><strong> -Horti Tops.Olanda,<\/strong><\/span><\/h6>\n<h6>Cimbrul este planta medicinal\u0103 \u0219i condiment,<strong>MULT FOLOSIT \u00ceN BUC\u0102T\u0102RIE LA AROMATIZAREA DIVERSELOR PREPARATE CULINARE \u0218I A MUR\u0102TURILOR. <\/strong><\/h6>\n<h6>Un condiment perfect pentru supe creme, carne, br\u00e2nzeturi,varz\u0103 murat\u0103.<\/h6>\n<h6>Partea aerian\u0103 con\u021bine pana la 2,5% ulei eteric, care imprima plantei o arom\u0103 foarte placut\u0103.<\/h6>\n<h6>Ajut\u0103 la ameliorarea crampelor abdominale si a nevralgiilor.<\/h6>\n<h6>Planta perena care creste cca. 40 cm .<\/h6>\n<h6>Metoda plantare: Se insamanteaza in rasadnite in luna aprilie, iar in sol in mai. Terenul pe care se cultiva cimbrul trebuie abundent ingrasat cu gunoi de grajd la infiintarea plantatiei (sub aratura adinca, 40\u201460 t\/ha). O data cu gunoiul de grajd se administreaza si ingrasaminte complexe.<\/h6>\n<p><strong>U\u0218OR DE CULTIVAT, \u00ceN GR\u0102DIN\u0102 , DAR \u0218I \u00ceN GHIVECE.<\/strong><\/p>\n","protected":false},"excerpt":{"rendered":"<p><span style=\"color: #0000ff;\">2 grame\/4 Lei<\/span><\/p>\n","protected":false},"featured_media":7125,"comment_status":"open","ping_status":"closed","template":"","meta":{"site-sidebar-layout":"default","site-content-layout":"default","ast-site-content-layout":"default","site-content-style":"default","site-sidebar-style":"default","ast-global-header-display":"","ast-banner-title-visibility":"","ast-main-header-display":"","ast-hfb-above-header-display":"","ast-hfb-below-header-display":"","ast-hfb-mobile-header-display":"","site-post-title":"","ast-breadcrumbs-content":"","ast-featured-img":"","footer-sml-layout":"","ast-disable-related-posts":"","theme-transparent-header-meta":"default","adv-header-id-meta":"","stick-header-meta":"","header-above-stick-meta":"","header-main-stick-meta":"","header-below-stick-meta":"","astra-migrate-meta-layouts":"set","ast-page-background-enabled":"default","ast-page-background-meta":{"desktop":{"background-color":"var(--ast-global-color-4)","background-image":"","background-repeat":"repeat","background-position":"center center","background-size":"auto","background-attachment":"scroll","background-type":"","background-media":"","overlay-type":"","overlay-color":"","overlay-opacity":"","overlay-gradient":""},"tablet":{"background-color":"","background-image":"","background-repeat":"repeat","background-position":"center center","background-size":"auto","background-attachment":"scroll","background-type":"","background-media":"","overlay-type":"","overlay-color":"","overlay-opacity":"","overlay-gradient":""},"mobile":{"background-color":"","background-image":"","background-repeat":"repeat","background-position":"center center","background-size":"auto","background-attachment":"scroll","background-type":"","background-media":"","overlay-type":"","overlay-color":"","overlay-opacity":"","overlay-gradient":""}},"ast-content-background-meta":{"desktop":{"background-color":"var(--ast-global-color-5)","background-image":"","background-repeat":"repeat","background-position":"center center","background-size":"auto","background-attachment":"scroll","background-type":"","background-media":"","overlay-type":"","overlay-color":"","overlay-opacity":"","overlay-gradient":""},"tablet":{"background-color":"var(--ast-global-color-5)","background-image":"","background-repeat":"repeat","background-position":"center center","background-size":"auto","background-attachment":"scroll","background-type":"","background-media":"","overlay-type":"","overlay-color":"","overlay-opacity":"","overlay-gradient":""},"mobile":{"background-color":"var(--ast-global-color-5)","background-image":"","background-repeat":"repeat","background-position":"center center","background-size":"auto","background-attachment":"scroll","background-type":"","background-media":"","overlay-type":"","overlay-color":"","overlay-opacity":"","overlay-gradient":""}}},"product_brand":[],"product_cat":[149],"product_tag":[],"class_list":{"0":"post-7124","1":"product","2":"type-product","3":"status-publish","4":"has-post-thumbnail","6":"product_cat-33-produse-epuizate","7":"desktop-align-left","8":"tablet-align-left","9":"mobile-align-left","11":"first","12":"outofstock","13":"taxable","14":"shipping-taxable","15":"purchasable","16":"product-type-simple"},"_links":{"self":[{"href":"https:\/\/vivasem.ro\/index.php?rest_route=\/wp\/v2\/product\/7124","targetHints":{"allow":["GET"]}}],"collection":[{"href":"https:\/\/vivasem.ro\/index.php?rest_route=\/wp\/v2\/product"}],"about":[{"href":"https:\/\/vivasem.ro\/index.php?rest_route=\/wp\/v2\/types\/product"}],"replies":[{"embeddable":true,"href":"https:\/\/vivasem.ro\/index.php?rest_route=%2Fwp%2Fv2%2Fcomments&post=7124"}],"wp:featuredmedia":[{"embeddable":true,"href":"https:\/\/vivasem.ro\/index.php?rest_route=\/wp\/v2\/media\/7125"}],"wp:attachment":[{"href":"https:\/\/vivasem.ro\/index.php?rest_route=%2Fwp%2Fv2%2Fmedia&parent=7124"}],"wp:term":[{"taxonomy":"product_brand","embeddable":true,"href":"https:\/\/vivasem.ro\/index.php?rest_route=%2Fwp%2Fv2%2Fproduct_brand&post=7124"},{"taxonomy":"product_cat","embeddable":true,"href":"https:\/\/vivasem.ro\/index.php?rest_route=%2Fwp%2Fv2%2Fproduct_cat&post=7124"},{"taxonomy":"product_tag","embeddable":true,"href":"https:\/\/vivasem.ro\/index.php?rest_route=%2Fwp%2Fv2%2Fproduct_tag&post=7124"}],"curies":[{"name":"wp","href":"https:\/\/api.w.org\/{rel}","templated":true}]}}