{"id":6622,"date":"2022-01-09T07:33:10","date_gmt":"2022-01-09T05:33:10","guid":{"rendered":"https:\/\/vivasem.ro\/?post_type=product&#038;p=6622"},"modified":"2025-10-09T10:00:42","modified_gmt":"2025-10-09T08:00:42","slug":"castraveti-kybria-rz-f1","status":"publish","type":"product","link":"https:\/\/vivasem.ro\/?product=castraveti-kybria-rz-f1","title":{"rendered":"Castraveti KYBRIA RZ F1"},"content":{"rendered":"<h6><span style=\"color: #ff0000;\">Castrave\u021bi KYBRIA RZ F1<img loading=\"lazy\" decoding=\"async\" class=\"alignnone size-medium wp-image-14882\" src=\"https:\/\/vivasem.ro\/wp-content\/uploads\/2022\/03\/RIJK-ZWAAN-300x71.jpg\" alt=\"\" width=\"300\" height=\"71\" srcset=\"https:\/\/vivasem.ro\/wp-content\/uploads\/2022\/03\/RIJK-ZWAAN-300x71.jpg 300w, https:\/\/vivasem.ro\/wp-content\/uploads\/2022\/03\/RIJK-ZWAAN-248x58.jpg 248w, https:\/\/vivasem.ro\/wp-content\/uploads\/2022\/03\/RIJK-ZWAAN-150x35.jpg 150w, https:\/\/vivasem.ro\/wp-content\/uploads\/2022\/03\/RIJK-ZWAAN.jpg 526w\" sizes=\"auto, (max-width: 300px) 100vw, 300px\" \/><\/span><\/h6>\n<h6><span style=\"color: #ff0000;\">-Produc\u0103tor seminte:Rijk Zwaan.Olanda,<\/span><\/h6>\n<div class=\"ast-oembed-container \" style=\"height: 100%;\"><iframe loading=\"lazy\" title=\"PRIMA RECOLTARE A CASTRAVE\u021aILOR KYBRIA F1 LA O LUN\u0102 DE LA PLANTARE !!\" width=\"500\" height=\"281\" src=\"https:\/\/www.youtube.com\/embed\/QxTyiytgdFY?feature=oembed\" frameborder=\"0\" allow=\"accelerometer; autoplay; clipboard-write; encrypted-media; gyroscope; picture-in-picture; web-share\" referrerpolicy=\"strict-origin-when-cross-origin\" allowfullscreen><\/iframe><\/div>\n<p>&nbsp;<\/p>\n<h6><span style=\"color: #0000ff;\"><strong><span style=\"color: #0000ff;\">H<\/span><span style=\"color: #0000ff;\"><span style=\"color: #0000ff;\">ib<\/span>rid<\/span><\/strong><span style=\"color: #0000ff;\"> partenocarpic, de tip corni\u0219on, multifruct, cu \u021bepi,\u00a0 destinat culturilor timpurii.<\/span><\/span><\/h6>\n<h6><span style=\"color: #ff6600;\">Poten\u021bialul de produc\u021bie este foarte ridicat, <span style=\"color: #000000;\">datorit\u0103 numarului mare de fructe, dar \u0219i capacit\u0103\u021bii de regenerare \u00a0\u0219i timpuriet\u0103\u021bii foarte bune.<\/span><br \/>\n<span style=\"color: #0000ff;\">Portul plantei este deschis, recoltarea fructelor \u0219i aplicarea pesticidelor este u\u0219oar\u0103 \u0219i eficient\u0103.<\/span><br \/>\n<span style=\"color: #000000;\">L\u0103starii laterali nu se dezvolt\u0103 foarte puternic, prin urmare costurile lucr\u0103rilor \u00een verde (ciupirea l\u0103starilor), sunt cu 15-20% mai mici dec\u00e2t la al\u021bi hibrizi.<\/span><\/span><\/h6>\n<h6><span style=\"color: #0000ff;\">\u00cen condi\u021bii optime de cultur\u0103, poate produce 3-5 fructe\/axil, acestea dezvolt\u00e2ndu-se una c\u00e2te una, ceea ce asigur\u0103 o produc\u021bie \u0219i o recoltare continu\u0103.<\/span><br \/>\nFructele un aspect exterior pl\u0103cut de la prima faz\u0103 de dezvoltare p\u00e2n\u0103 la recoltare, dimensiunea ideal\u0103 de recoltare fiind de 6-9cm., sunt uniforme, au culoarea verde \u00eenchis, prezint\u0103 \u021bepi, au forma cilindric\u0103 (raportul Lungime\/Diametru = 3,1\/1, fiind excelent) , \u0219i sunt rezistente la deform\u0103ri.<\/h6>\n<h6><span style=\"color: #0000ff;\">Pulpa este foarte crocant\u0103, compact\u0103 \u0219i neamar\u0103, rezistent\u0103 la apari\u021bia golurilor \u00een miez.<\/span><\/h6>\n<h6>Calitate deosebit\u0103 pentru consum \u00een stare proasp\u0103t\u0103, procesare \u0219i industrializare, \u00eencep\u00e2nd din prim\u0103var\u0103 \u0219i p\u00e2n\u0103 toamna.<\/h6>\n<h6><span style=\"color: #0000ff;\">Se recomand\u0103 cultivarea palisat\u0103, in ser\u0103, solar , pentru ciclul I \u0219i II, precum \u0219i in c\u00e2mp,<\/span> <span style=\"color: #0000ff;\">cu plantare din aprilie.<\/span><\/h6>\n<h6>Densitatea recomandat\u0103 este de 22.000 plante\/hectar in cultura protejata, si 50.000-55.000 plante\/hectar in camp deschis.<\/h6>\n<h6><span style=\"color: #0000ff;\"> Rezultatele foarte bune ob\u021binute de produc\u0103tori, \u00eel recomand\u0103 ca fiind un hibrid foarte rezistent, ce poate fi cultivat al\u0103turi de hibridul KARAOKE F1, pentru a avea constant, o produc\u021bie de bun\u0103 calitate.\u00a0<\/span><\/h6>\n<h6><strong>Kybria F1<\/strong> prezinta rezisten\u021b\u0103 la<\/h6>\n<h6>\u2013 CMV (Cucumber Mosaic Virus) &#8211; Virusul mozaicului la castrave\u021bi.<br \/>\n\u2013 Ccu (Cladosporium cucumerinum) &#8211; Cladosporioza castrave\u021bilor.<br \/>\n\u2013 Sf (Sphaerotheca fuliginea) &#8211; F\u0103inarea castrave\u021bilor.<br \/>\n\u2013 Toleran\u021b\u0103 bun\u0103 la Mana castrave\u021bilor (Pseudoperonospora cubensis).<\/h6>\n<h6><\/h6>\n<p>&nbsp;<\/p>\n","protected":false},"excerpt":{"rendered":"<h6><span style=\"color: #ff00ff;\">PRODUCTIVITATE \u00ceNALT\u0102,\u00a0 FRUCTE DE CEA MAI BUN\u0102 CALITATE!<\/span><\/h6>\n<h6><span style=\"color: #ff0000;\">VEZI VIDEOCLIP<\/span><\/h6>\n<p>&nbsp;<\/p>\n","protected":false},"featured_media":6630,"comment_status":"open","ping_status":"closed","template":"","meta":{"site-sidebar-layout":"default","site-content-layout":"default","ast-site-content-layout":"default","site-content-style":"default","site-sidebar-style":"default","ast-global-header-display":"","ast-banner-title-visibility":"","ast-main-header-display":"","ast-hfb-above-header-display":"","ast-hfb-below-header-display":"","ast-hfb-mobile-header-display":"","site-post-title":"","ast-breadcrumbs-content":"","ast-featured-img":"","footer-sml-layout":"","ast-disable-related-posts":"","theme-transparent-header-meta":"default","adv-header-id-meta":"","stick-header-meta":"","header-above-stick-meta":"","header-main-stick-meta":"","header-below-stick-meta":"","astra-migrate-meta-layouts":"set","ast-page-background-enabled":"default","ast-page-background-meta":{"desktop":{"background-color":"var(--ast-global-color-4)","background-image":"","background-repeat":"repeat","background-position":"center center","background-size":"auto","background-attachment":"scroll","background-type":"","background-media":"","overlay-type":"","overlay-color":"","overlay-opacity":"","overlay-gradient":""},"tablet":{"background-color":"","background-image":"","background-repeat":"repeat","background-position":"center center","background-size":"auto","background-attachment":"scroll","background-type":"","background-media":"","overlay-type":"","overlay-color":"","overlay-opacity":"","overlay-gradient":""},"mobile":{"background-color":"","background-image":"","background-repeat":"repeat","background-position":"center center","background-size":"auto","background-attachment":"scroll","background-type":"","background-media":"","overlay-type":"","overlay-color":"","overlay-opacity":"","overlay-gradient":""}},"ast-content-background-meta":{"desktop":{"background-color":"var(--ast-global-color-5)","background-image":"","background-repeat":"repeat","background-position":"center center","background-size":"auto","background-attachment":"scroll","background-type":"","background-media":"","overlay-type":"","overlay-color":"","overlay-opacity":"","overlay-gradient":""},"tablet":{"background-color":"var(--ast-global-color-5)","background-image":"","background-repeat":"repeat","background-position":"center center","background-size":"auto","background-attachment":"scroll","background-type":"","background-media":"","overlay-type":"","overlay-color":"","overlay-opacity":"","overlay-gradient":""},"mobile":{"background-color":"var(--ast-global-color-5)","background-image":"","background-repeat":"repeat","background-position":"center center","background-size":"auto","background-attachment":"scroll","background-type":"","background-media":"","overlay-type":"","overlay-color":"","overlay-opacity":"","overlay-gradient":""}}},"product_brand":[],"product_cat":[83],"product_tag":[],"class_list":{"0":"post-6622","1":"product","2":"type-product","3":"status-publish","4":"has-post-thumbnail","6":"product_cat-castraveti-hibrid","7":"pa_cantitate-10-seminte","8":"pa_cantitate-100-seminte","9":"pa_cantitate-200-seminte","10":"pa_cantitate-25-seminte","11":"pa_cantitate-250-seminte","12":"pa_cantitate-5-seminte","13":"pa_cantitate-50-seminte","14":"pa_cantitate-500-seminte","15":"desktop-align-left","16":"tablet-align-left","17":"mobile-align-left","19":"first","20":"instock","21":"sale","22":"taxable","23":"shipping-taxable","24":"purchasable","25":"product-type-variable"},"_links":{"self":[{"href":"https:\/\/vivasem.ro\/index.php?rest_route=\/wp\/v2\/product\/6622","targetHints":{"allow":["GET"]}}],"collection":[{"href":"https:\/\/vivasem.ro\/index.php?rest_route=\/wp\/v2\/product"}],"about":[{"href":"https:\/\/vivasem.ro\/index.php?rest_route=\/wp\/v2\/types\/product"}],"replies":[{"embeddable":true,"href":"https:\/\/vivasem.ro\/index.php?rest_route=%2Fwp%2Fv2%2Fcomments&post=6622"}],"wp:featuredmedia":[{"embeddable":true,"href":"https:\/\/vivasem.ro\/index.php?rest_route=\/wp\/v2\/media\/6630"}],"wp:attachment":[{"href":"https:\/\/vivasem.ro\/index.php?rest_route=%2Fwp%2Fv2%2Fmedia&parent=6622"}],"wp:term":[{"taxonomy":"product_brand","embeddable":true,"href":"https:\/\/vivasem.ro\/index.php?rest_route=%2Fwp%2Fv2%2Fproduct_brand&post=6622"},{"taxonomy":"product_cat","embeddable":true,"href":"https:\/\/vivasem.ro\/index.php?rest_route=%2Fwp%2Fv2%2Fproduct_cat&post=6622"},{"taxonomy":"product_tag","embeddable":true,"href":"https:\/\/vivasem.ro\/index.php?rest_route=%2Fwp%2Fv2%2Fproduct_tag&post=6622"}],"curies":[{"name":"wp","href":"https:\/\/api.w.org\/{rel}","templated":true}]}}