{"id":6614,"date":"2022-01-09T06:51:33","date_gmt":"2022-01-09T04:51:33","guid":{"rendered":"https:\/\/vivasem.ro\/?post_type=product&#038;p=6614"},"modified":"2025-10-09T09:58:27","modified_gmt":"2025-10-09T07:58:27","slug":"castraveti-karaoke-rz-f1","status":"publish","type":"product","link":"https:\/\/vivasem.ro\/?product=castraveti-karaoke-rz-f1","title":{"rendered":"Castraveti KARAOKE RZ F1"},"content":{"rendered":"<h6><span style=\"color: #ff0000;\">Castrave\u021bi KARAOKE RZ F1<\/span><\/h6>\n<h6><span style=\"color: #ff0000;\">Produc\u0103tor semin\u021be:Rijk Zwaan.Olanda,<\/span><\/h6>\n<h6>Karaoke F1 RZ este un <span style=\"color: #0000ff;\"><strong>hibrid<\/strong> partenocarpic, de ultim\u0103 genera\u021bie, timpuriu, destinat culturilor timpurii, palisate, in ser\u0103, solar , pentru ciclul I \u0219i II, precum \u0219i in c\u00e2mp,<\/span> <span style=\"color: #0000ff;\">cu plantare din aprilie.<\/span><\/h6>\n<h6>Plantele viguroase, <span style=\"color: #0000ff;\">fructific\u0103 foarte bine atat pe tulpina principal\u0103 (3-5 fructe pe axil\u0103), cat si pe copili \u0219i au un foliaj puternic, rezistent la f\u0103inare.<\/span><\/h6>\n<h6>O caracteristic\u0103 foarte important\u0103 a acestui <strong>hibrid<\/strong> este aceea ca <span style=\"color: #ff6600;\">fructific\u0103 foarte bine \u0219i, in perioadele mai reci, iar procentul de pierdere al fructelor (avortarea florilor) este foarte mic sau inexistent. <\/span><\/h6>\n<h6>Fructele sunt uniforme, au culoarea verde \u00eenchis, prezint\u0103 \u021bepi, \u0219i au forma cilindric\u0103 (raport Lungime\/Diametru = 3,1\/1, fiind excelent) .<\/h6>\n<h6><span style=\"color: #0000ff;\">Pulpa este foarte crocant\u0103, compact\u0103 \u0219i neamar\u0103, cu miez mic.<\/span><\/h6>\n<h6>Recomandat pentru consum in stare proaspat\u0103, procesare \u0219i conservare.<\/h6>\n<h6><span style=\"color: #ff6600;\">Poten\u021bialul de produc\u021bie este foarte ridicat, datorit\u0103 numarului mare de fructe, dar \u0219i capacit\u0103\u021bii de regenerare a acestui hibrid.<\/span><\/h6>\n<h6>Densitatea recomandat\u0103 este de 20.000 plante\/hectar in cultura protejata, si 50.000-55.000 plante\/hectar in camp deschis.<\/h6>\n<h6><span style=\"color: #0000ff;\"> Rezultatele foarte bune ob\u021binute de produc\u0103tori. il recomand\u0103 ca fiind un hibrid foarte rezistent, ce poate fi cultivat al\u0103turi de hibridul KYBRIA F1, pentru a avea constant, o produc\u021bie de bun\u0103 calitate.\u00a0<\/span><\/h6>\n<h6><strong>Karaoke F1<\/strong> prezinta rezisten\u021b\u0103 la<\/h6>\n<h6>\u2013 CMV (Cucumber Mosaic Virus) &#8211; Virusul mozaicului la castrave\u021bi.<br \/>\n\u2013 Ccu (Cladosporium cucumerinum) &#8211; Cladosporioza castrave\u021bilor.<br \/>\n\u2013 Sf (Sphaerotheca fuliginea) &#8211; F\u0103inarea castrave\u021bilor.<br \/>\n\u2013 Toleran\u021b\u0103 bun\u0103 la Mana castrave\u021bilor (Pseudoperonospora cubensis).<\/h6>\n<h6><\/h6>\n","protected":false},"excerpt":{"rendered":"<h6><strong><span style=\"color: #ff00ff;\">DEOSEBIT DE PRODUCTIV\u00a0<\/span><\/strong><\/h6>\n<h6><strong><span style=\"color: #ff00ff;\">FRUCTE DE FOARTE BUN\u0102 CALITATE\u00a0 !<\/span><\/strong><\/h6>\n","protected":false},"featured_media":6615,"comment_status":"open","ping_status":"closed","template":"","meta":{"site-sidebar-layout":"default","site-content-layout":"default","ast-site-content-layout":"default","site-content-style":"default","site-sidebar-style":"default","ast-global-header-display":"","ast-banner-title-visibility":"","ast-main-header-display":"","ast-hfb-above-header-display":"","ast-hfb-below-header-display":"","ast-hfb-mobile-header-display":"","site-post-title":"","ast-breadcrumbs-content":"","ast-featured-img":"","footer-sml-layout":"","ast-disable-related-posts":"","theme-transparent-header-meta":"default","adv-header-id-meta":"","stick-header-meta":"","header-above-stick-meta":"","header-main-stick-meta":"","header-below-stick-meta":"","astra-migrate-meta-layouts":"set","ast-page-background-enabled":"default","ast-page-background-meta":{"desktop":{"background-color":"var(--ast-global-color-4)","background-image":"","background-repeat":"repeat","background-position":"center center","background-size":"auto","background-attachment":"scroll","background-type":"","background-media":"","overlay-type":"","overlay-color":"","overlay-opacity":"","overlay-gradient":""},"tablet":{"background-color":"","background-image":"","background-repeat":"repeat","background-position":"center center","background-size":"auto","background-attachment":"scroll","background-type":"","background-media":"","overlay-type":"","overlay-color":"","overlay-opacity":"","overlay-gradient":""},"mobile":{"background-color":"","background-image":"","background-repeat":"repeat","background-position":"center center","background-size":"auto","background-attachment":"scroll","background-type":"","background-media":"","overlay-type":"","overlay-color":"","overlay-opacity":"","overlay-gradient":""}},"ast-content-background-meta":{"desktop":{"background-color":"var(--ast-global-color-5)","background-image":"","background-repeat":"repeat","background-position":"center center","background-size":"auto","background-attachment":"scroll","background-type":"","background-media":"","overlay-type":"","overlay-color":"","overlay-opacity":"","overlay-gradient":""},"tablet":{"background-color":"var(--ast-global-color-5)","background-image":"","background-repeat":"repeat","background-position":"center center","background-size":"auto","background-attachment":"scroll","background-type":"","background-media":"","overlay-type":"","overlay-color":"","overlay-opacity":"","overlay-gradient":""},"mobile":{"background-color":"var(--ast-global-color-5)","background-image":"","background-repeat":"repeat","background-position":"center center","background-size":"auto","background-attachment":"scroll","background-type":"","background-media":"","overlay-type":"","overlay-color":"","overlay-opacity":"","overlay-gradient":""}}},"product_brand":[],"product_cat":[83],"product_tag":[],"class_list":{"0":"post-6614","1":"product","2":"type-product","3":"status-publish","4":"has-post-thumbnail","6":"product_cat-castraveti-hibrid","7":"pa_cantitate-10-seminte","8":"pa_cantitate-100-seminte","9":"pa_cantitate-200-seminte","10":"pa_cantitate-25-seminte","11":"pa_cantitate-250-seminte","12":"pa_cantitate-5-seminte","13":"pa_cantitate-50-seminte","14":"pa_cantitate-500-seminte","15":"desktop-align-left","16":"tablet-align-left","17":"mobile-align-left","19":"first","20":"instock","21":"sale","22":"taxable","23":"shipping-taxable","24":"purchasable","25":"product-type-variable"},"_links":{"self":[{"href":"https:\/\/vivasem.ro\/index.php?rest_route=\/wp\/v2\/product\/6614","targetHints":{"allow":["GET"]}}],"collection":[{"href":"https:\/\/vivasem.ro\/index.php?rest_route=\/wp\/v2\/product"}],"about":[{"href":"https:\/\/vivasem.ro\/index.php?rest_route=\/wp\/v2\/types\/product"}],"replies":[{"embeddable":true,"href":"https:\/\/vivasem.ro\/index.php?rest_route=%2Fwp%2Fv2%2Fcomments&post=6614"}],"wp:featuredmedia":[{"embeddable":true,"href":"https:\/\/vivasem.ro\/index.php?rest_route=\/wp\/v2\/media\/6615"}],"wp:attachment":[{"href":"https:\/\/vivasem.ro\/index.php?rest_route=%2Fwp%2Fv2%2Fmedia&parent=6614"}],"wp:term":[{"taxonomy":"product_brand","embeddable":true,"href":"https:\/\/vivasem.ro\/index.php?rest_route=%2Fwp%2Fv2%2Fproduct_brand&post=6614"},{"taxonomy":"product_cat","embeddable":true,"href":"https:\/\/vivasem.ro\/index.php?rest_route=%2Fwp%2Fv2%2Fproduct_cat&post=6614"},{"taxonomy":"product_tag","embeddable":true,"href":"https:\/\/vivasem.ro\/index.php?rest_route=%2Fwp%2Fv2%2Fproduct_tag&post=6614"}],"curies":[{"name":"wp","href":"https:\/\/api.w.org\/{rel}","templated":true}]}}