{"id":6552,"date":"2022-01-08T09:25:39","date_gmt":"2022-01-08T07:25:39","guid":{"rendered":"https:\/\/vivasem.ro\/?post_type=product&#038;p=6552"},"modified":"2024-11-17T18:25:19","modified_gmt":"2024-11-17T16:25:19","slug":"cropmax-50-ml","status":"publish","type":"product","link":"https:\/\/vivasem.ro\/?product=cropmax-50-ml","title":{"rendered":"TECAMIN MAX-Biostimulator natural (250 ml)"},"content":{"rendered":"<h6><span style=\"color: #ff0000;\">Biostimulator natural\u00a0 TECAMIN MAX<\/span><\/h6>\n<h6><span style=\"color: #ff0000;\">Producator: AgriTecno Spania &#8211;<\/span><span style=\"color: #ff0000;\">SEMINIS<\/span><\/h6>\n<div class=\"product-page-description-text\">\n<div id=\"description-body\" class=\"collapse-offset in\">\n<h6><span style=\"color: #0000ff;\"><strong>Tecamin Max<\/strong>\u00a0este un\u00a0<strong>fertilizant foliar<\/strong>, lichid cu concentratie ridicata de aminoacizi vegetali.<\/span><\/h6>\n<h6>Avantajele folosirii de ingrasamant Tecamin Max:<\/h6>\n<ul>\n<li>\n<h6><span style=\"color: #0000ff;\">activeaza cresterea plantelor;<\/span><\/h6>\n<\/li>\n<li>\n<h6><span style=\"color: #0000ff;\">ajuta la recuperarea din conditii de stres;<\/span><\/h6>\n<\/li>\n<li>\n<h6><span style=\"color: #0000ff;\">imbunatateste circulatia si absorbtia in cadrul plantei.<\/span><\/h6>\n<\/li>\n<li>\n<h6><span style=\"color: #0000ff;\">creste rezistenta la stres \u0219i scurteaza timpul de recuperare<\/span><\/h6>\n<\/li>\n<li>\n<h6><span style=\"color: #0000ff;\">\u00a0Se pot trata semintele si bulbii inainte de semanat\/plantat.<\/span><\/h6>\n<\/li>\n<li>\n<h6><span style=\"color: #0000ff;\">se preteaza pentru aplicare la toate culturile agricole si horticole, fiind un stimulator puternic pentru dezvoltarea plantelor.<\/span><\/h6>\n<\/li>\n<li>\n<h6><span style=\"color: #0000ff;\">\u00a0asigura o dezvoltare rapida a sistemului radicular si activeaza dezvoltarea masei foliare, ajut\u00e2nd plantele s\u00ee-\u0219i realizeze potentialul biologic si de asemenea permitand ca doza de ingrasamant de baza NPK sa fie redus\u0103<\/span><\/h6>\n<h6><span style=\"color: #0000ff;\">\u2022 Se aplica foliar in decursul unui an de cultura.<\/span><\/h6>\n<h6><span style=\"color: #0000ff;\">\u2022 Tratamentele se pot repeta la un interval de 7-10 zile.<\/span><\/h6>\n<h6><span style=\"color: #ff0000;\">Omologat pentru culturi ecologice<\/span><\/h6>\n<\/li>\n<\/ul>\n<h6><strong>Instructiuni de folosire Tecamin Max:<\/strong><\/h6>\n<h6><span style=\"color: #ff0000;\">Destinat ca supliment pentru toate programele de fertilizare foliar\u0103.<\/span><\/h6>\n<h6><span style=\"color: #0000ff;\"><strong>Aplicare foliara: 15-30 ml la 10 l de ap\u0103<\/strong><\/span><\/h6>\n<table border=\"1\">\n<tbody>\n<tr>\n<td>\n<h6><span style=\"color: #ff0000;\"><strong>Specia<\/strong><\/span><\/h6>\n<\/td>\n<td>\n<h6><span style=\"color: #ff0000;\"><strong>Mod de aplicare<\/strong><\/span><\/h6>\n<\/td>\n<td>\n<h6><span style=\"color: #ff0000;\"><strong>L\/hectar<\/strong><\/span><\/h6>\n<\/td>\n<\/tr>\n<tr>\n<td>\n<h6><span style=\"color: #0000ff;\">Fructe de padure<\/span><\/h6>\n<\/td>\n<td>\n<h6><span style=\"color: #0000ff;\">De la inceputul intrarii in productie, la fiecare 7-10 zile<\/span><\/h6>\n<\/td>\n<td>\n<h6><span style=\"color: #0000ff;\">2-3<\/span><\/h6>\n<\/td>\n<\/tr>\n<tr>\n<td>\n<h6><span style=\"color: #0000ff;\">Pomi fructiferi<\/span><\/h6>\n<\/td>\n<td>\n<h6><span style=\"color: #0000ff;\">In faza de dezvoltare a fructului, se vor realiza 1-2 aplicari<\/span><\/h6>\n<\/td>\n<td>\n<h6><span style=\"color: #0000ff;\">3<\/span><\/h6>\n<\/td>\n<\/tr>\n<tr>\n<td>\n<h6><span style=\"color: #ff0000;\">Grupa I Legume<\/span><\/h6>\n<h6><\/h6>\n<h6><span style=\"color: #ff0000;\">(ceapa, morcovi, cartofi,<\/span><\/h6>\n<h6><span style=\"color: #ff0000;\">spanac, telina, salata, conopida, etc.)<\/span><\/h6>\n<\/td>\n<td>\n<h6><span style=\"color: #0000ff;\">Se aplica la 10 (sau 15), 25, 50 si 55 de zile de la transplantare sau rasarire, in functie de tipul de cultura<\/span><\/h6>\n<\/td>\n<td>\n<h6><span style=\"color: #0000ff;\">2-3<\/span><\/h6>\n<\/td>\n<\/tr>\n<tr>\n<td>\n<h6><span style=\"color: #333399;\">Grupa II Legume<\/span><\/h6>\n<h6><\/h6>\n<h6><span style=\"color: #333399;\">(tomate, ardei, castraveti, vinete,<\/span><\/h6>\n<h6><span style=\"color: #333399;\">dovlecei, mazare, fasole, verde, etc.)<\/span><\/h6>\n<\/td>\n<td>\n<h6><span style=\"color: #0000ff;\">Se aplica dupa rasarire sau transplantare (in functie de cultura). Se repeta aplicarea la interval de 7-10 zile pe toata durata culturii.<\/span><\/h6>\n<\/td>\n<td>\n<h6><span style=\"color: #0000ff;\">1,5-2<\/span><\/h6>\n<\/td>\n<\/tr>\n<tr>\n<td>\n<h6><span style=\"color: #ff0000;\">Grupa III Legume<\/span><\/h6>\n<h6><\/h6>\n<h6><span style=\"color: #ff0000;\">(pepeni)<\/span><\/h6>\n<\/td>\n<td>\n<h6><span style=\"color: #0000ff;\">Se aplica 1-2 tratamente in faza de dezvoltare vegetativa, in preinflorire pentru stimularea florilor si in faza de dezvoltare a fructului.<\/span><\/h6>\n<\/td>\n<td>\n<h6><span style=\"color: #0000ff;\">2-3<\/span><\/h6>\n<\/td>\n<\/tr>\n<tr>\n<td>\n<h6><span style=\"color: #000080;\">Plante ornamentale, flori<\/span><\/h6>\n<\/td>\n<td>\n<h6><span style=\"color: #0000ff;\">De la crestere, pana la taiere se realizeaza aplicatii la fiecare 7-10 zile.<\/span><\/h6>\n<\/td>\n<td>\n<h6><span style=\"color: #0000ff;\">2-3<\/span><\/h6>\n<\/td>\n<\/tr>\n<tr>\n<td>\n<h6><span style=\"color: #333399;\">Bumbac<\/span><\/h6>\n<\/td>\n<td>\n<h6><span style=\"color: #0000ff;\">La inceputul cresterii vegetative si la inceputul infloririi.<\/span><\/h6>\n<\/td>\n<td>\n<h6><span style=\"color: #0000ff;\">1-2<\/span><\/h6>\n<\/td>\n<\/tr>\n<\/tbody>\n<\/table>\n<h6><span style=\"color: #ff0000;\"><strong>Tecamin Max<\/strong>\u00a0in amestec cu agrochimicale, fertilizanti, etc. are rol de\u00a0agent de transport\u00a0(se aplica 5 ml la 10 l de apa).<\/span><\/h6>\n<h6>Compozitie Tecamin Max:<\/h6>\n<h6><span style=\"color: #0000ff;\">Total Aminoacizi =14,4 % w\/w <\/span>Acestia sunt responsabili de diviziunea celulara si influenteaza activ dezvoltarea sistemului radicular si coacerea fructelor.<\/h6>\n<h6><span style=\"color: #0000ff;\">L-Amino acizi12 % w\/w<\/span><\/h6>\n<h6><span style=\"color: #0000ff;\">Total materie organica60 % w\/w<\/span><\/h6>\n<h6><span style=\"color: #0000ff;\">Azot (N)7 % w\/w<\/span><\/h6>\n<h6><span style=\"color: #0000ff;\">Acid glutamic-are rol \u00een sinteza aminoacizilor \u0219i stimuleaz\u0103 diviziunea celular\u0103<\/span><\/h6>\n<h6><span style=\"color: #0000ff;\">Aspargine \u0219i glutamine-cu rol \u00een transportul zaharurilor \u00een floem,\u021besutul vegetal vascular responsabil de transportul \u0219i distribu\u021bia hranei,produs\u0103 prin fotosintez\u0103 \u00een frunze, c\u0103tre \u00eentreaga plant\u0103 \u0219i fructe.<\/span><\/h6>\n<h6><span style=\"color: #0000ff;\">Alanine-ce activeaz\u0103 cre\u0219terea plantelor \u0219i regleaz\u0103 metabolismul azotului \u0219i carbonului<\/span><\/h6>\n<h6><span style=\"color: #0000ff;\">Betaine<\/span><\/h6>\n<h6><span style=\"color: #0000ff;\">Vitamine<\/span><\/h6>\n<h6><span style=\"color: #0000ff;\">PH=6,6<\/span><\/h6>\n<ul>\n<li>\n<h6>Ce este un biostimulator de crestere?:<\/h6>\n<h6>Plantele consuma macroelemente (azot, fosfor, potasiu), mezoelemente (calciu, magneziu, sulf), dar si microelemente. In acelasi timp plantele isi produc proprii regulatori de crestere (citochinine, gibereline, auxine, etilena, etc.). In conditii de stres producerea regulatorilor de crestere in planta este semnificativ redusa.<\/h6>\n<h6>Factorii externi precum excesul de caldura, seceta, inghetul si fitotoxicitatea cauzeaza reduceri ale potentialului plantei, ceea ce duce la o scadere semnificativa a recoltei.<\/h6>\n<\/li>\n<li>\n<h6>Informatii de utilizare:<\/h6>\n<h6>\u2013 Se aplica intotdeauna diluat in apa.<\/h6>\n<h6>\u2013 Flaconul se agita bine inainte de folosire.<\/h6>\n<h6>\u2013 Poate fi aplicat impreuna cu pesticidele.<\/h6>\n<h6>\u2013 In cazul aplicarii pe parcursul zilelor cu temperaturi ridicate, se recomanda aplicarea in timpul orelor de dimineata sau seara; se vor evita tratamentele din timpul zilei cand temperatura depaseste 25\u00b0C.<\/h6>\n<\/li>\n<\/ul>\n<\/div>\n<\/div>\n","protected":false},"excerpt":{"rendered":"<h6><span style=\"color: #0000ff;\">250 ml. <img loading=\"lazy\" decoding=\"async\" class=\"alignnone wp-image-6106\" src=\"https:\/\/vivasem.ro\/wp-content\/uploads\/2021\/12\/NOU3.jpg\" alt=\"\" width=\"72\" height=\"69\" srcset=\"https:\/\/vivasem.ro\/wp-content\/uploads\/2021\/12\/NOU3.jpg 270w, https:\/\/vivasem.ro\/wp-content\/uploads\/2021\/12\/NOU3-248x241.jpg 248w\" sizes=\"auto, (max-width: 72px) 100vw, 72px\" \/><\/span><\/h6>\n<h6><span style=\"color: #ff00ff;\">PENTRU \u00ceNR\u0102D\u0102CINARE, \u00ceNFLORIRE,DEZVOLTARE, RECUPERARE.<\/span><\/h6>\n","protected":false},"featured_media":10929,"comment_status":"open","ping_status":"closed","template":"","meta":{"site-sidebar-layout":"default","site-content-layout":"default","ast-site-content-layout":"default","site-content-style":"default","site-sidebar-style":"default","ast-global-header-display":"","ast-banner-title-visibility":"","ast-main-header-display":"","ast-hfb-above-header-display":"","ast-hfb-below-header-display":"","ast-hfb-mobile-header-display":"","site-post-title":"","ast-breadcrumbs-content":"","ast-featured-img":"","footer-sml-layout":"","ast-disable-related-posts":"","theme-transparent-header-meta":"default","adv-header-id-meta":"","stick-header-meta":"","header-above-stick-meta":"","header-main-stick-meta":"","header-below-stick-meta":"","astra-migrate-meta-layouts":"set","ast-page-background-enabled":"default","ast-page-background-meta":{"desktop":{"background-color":"var(--ast-global-color-4)","background-image":"","background-repeat":"repeat","background-position":"center center","background-size":"auto","background-attachment":"scroll","background-type":"","background-media":"","overlay-type":"","overlay-color":"","overlay-opacity":"","overlay-gradient":""},"tablet":{"background-color":"","background-image":"","background-repeat":"repeat","background-position":"center center","background-size":"auto","background-attachment":"scroll","background-type":"","background-media":"","overlay-type":"","overlay-color":"","overlay-opacity":"","overlay-gradient":""},"mobile":{"background-color":"","background-image":"","background-repeat":"repeat","background-position":"center center","background-size":"auto","background-attachment":"scroll","background-type":"","background-media":"","overlay-type":"","overlay-color":"","overlay-opacity":"","overlay-gradient":""}},"ast-content-background-meta":{"desktop":{"background-color":"var(--ast-global-color-5)","background-image":"","background-repeat":"repeat","background-position":"center center","background-size":"auto","background-attachment":"scroll","background-type":"","background-media":"","overlay-type":"","overlay-color":"","overlay-opacity":"","overlay-gradient":""},"tablet":{"background-color":"var(--ast-global-color-5)","background-image":"","background-repeat":"repeat","background-position":"center center","background-size":"auto","background-attachment":"scroll","background-type":"","background-media":"","overlay-type":"","overlay-color":"","overlay-opacity":"","overlay-gradient":""},"mobile":{"background-color":"var(--ast-global-color-5)","background-image":"","background-repeat":"repeat","background-position":"center center","background-size":"auto","background-attachment":"scroll","background-type":"","background-media":"","overlay-type":"","overlay-color":"","overlay-opacity":"","overlay-gradient":""}}},"product_brand":[],"product_cat":[133],"product_tag":[],"class_list":{"0":"post-6552","1":"product","2":"type-product","3":"status-publish","4":"has-post-thumbnail","6":"product_cat-cropmax","7":"desktop-align-left","8":"tablet-align-left","9":"mobile-align-left","11":"first","12":"instock","13":"taxable","14":"shipping-taxable","15":"purchasable","16":"product-type-simple"},"_links":{"self":[{"href":"https:\/\/vivasem.ro\/index.php?rest_route=\/wp\/v2\/product\/6552","targetHints":{"allow":["GET"]}}],"collection":[{"href":"https:\/\/vivasem.ro\/index.php?rest_route=\/wp\/v2\/product"}],"about":[{"href":"https:\/\/vivasem.ro\/index.php?rest_route=\/wp\/v2\/types\/product"}],"replies":[{"embeddable":true,"href":"https:\/\/vivasem.ro\/index.php?rest_route=%2Fwp%2Fv2%2Fcomments&post=6552"}],"wp:featuredmedia":[{"embeddable":true,"href":"https:\/\/vivasem.ro\/index.php?rest_route=\/wp\/v2\/media\/10929"}],"wp:attachment":[{"href":"https:\/\/vivasem.ro\/index.php?rest_route=%2Fwp%2Fv2%2Fmedia&parent=6552"}],"wp:term":[{"taxonomy":"product_brand","embeddable":true,"href":"https:\/\/vivasem.ro\/index.php?rest_route=%2Fwp%2Fv2%2Fproduct_brand&post=6552"},{"taxonomy":"product_cat","embeddable":true,"href":"https:\/\/vivasem.ro\/index.php?rest_route=%2Fwp%2Fv2%2Fproduct_cat&post=6552"},{"taxonomy":"product_tag","embeddable":true,"href":"https:\/\/vivasem.ro\/index.php?rest_route=%2Fwp%2Fv2%2Fproduct_tag&post=6552"}],"curies":[{"name":"wp","href":"https:\/\/api.w.org\/{rel}","templated":true}]}}