{"id":5991,"date":"2021-12-05T23:02:03","date_gmt":"2021-12-05T21:02:03","guid":{"rendered":"https:\/\/vivasem.ro\/?post_type=product&#038;p=5991"},"modified":"2024-02-24T08:44:11","modified_gmt":"2024-02-24T06:44:11","slug":"brandywine-landis-valley-strain","status":"publish","type":"product","link":"https:\/\/vivasem.ro\/?product=brandywine-landis-valley-strain","title":{"rendered":"BRANDYWINE-LANDIS VALLEY STRAIN (RED)"},"content":{"rendered":"<h6><span style=\"color: #ff0000;\"><strong>BRANDYWINE-<\/strong><\/span><span style=\"color: #ff0000;\">LANDIS VALLEY STRAIN de la REIMER SEEDS CO.USA,<\/span><\/h6>\n<h6><span style=\"color: #0000ff;\"><strong>SOI DEOSEBIT, CU FRUNZE CA DE FERIG\u0102 !<\/strong><\/span><\/h6>\n<h6><span style=\"color: #0000ff;\"><strong>VARIETATE VECHE, HEIRLOOM, DE BRANDYWINE, DE CULOARE RO\u0218IE, CU<\/strong> FRUCTE FOARTE MARI, \u00ceN MEDIE DE 200-400 grame, IAR UNELE CHIAR MAI MARI.<\/span><\/h6>\n<h6>TOMATELE ACESTEA SUNT MAI MARI DEC\u0102T\u00a0 ALE RUDEI\u00a0 SALE, <span style=\"color: #ff0000;\">RED BEAFSTEAK<\/span>.<\/h6>\n<h6><span style=\"color: #0000ff;\">GUST DELICIOS,<\/span> PERFECT ECHILIBRAT, CU O AROM\u0102\u00a0 PUTERNIC\u0102 DE RO\u0218IE TRADI\u021aIONAL\u0102.<\/h6>\n<h6>PULPA ESTE C\u0102RNOAS\u0102, FERM\u0102, TIP BEEFSTEAK ,CE SE POATE FELIA\u00a0 ,EXCELENT\u0102 DE CONSUM PROASP\u0102T, \u00ceN SANDVI\u0218URI, SALATE,ETC.<\/h6>\n<h6>PLANTELE SUNT NEDETERMINATE, SEMITIMPURII, SE COC \u00ceN 78 ZILE.<\/h6>\n<h6><strong><span style=\"color: #0000ff;\">SOI HEIRLOOM ,FOARTE PRODUCTIV ,<\/span> <span style=\"color: #0000ff;\">ATESTAT\u00a0 IN Chester County-SUA\u00a0 \u00ceN ANUL 1885 ,DIN CARE S-AU CREEAT NUMEROASE VARIET\u0102\u021aI \u0218I HIBRIZI..<\/span><\/strong><\/h6>\n","protected":false},"excerpt":{"rendered":"<h6><span style=\"color: #0000ff;\">25 SEMIN\u021aE<img loading=\"lazy\" decoding=\"async\" class=\"alignnone wp-image-6106\" src=\"https:\/\/vivasem.ro\/wp-content\/uploads\/2021\/12\/NOU3.jpg\" alt=\"\" width=\"67\" height=\"65\" srcset=\"https:\/\/vivasem.ro\/wp-content\/uploads\/2021\/12\/NOU3.jpg 270w, https:\/\/vivasem.ro\/wp-content\/uploads\/2021\/12\/NOU3-248x241.jpg 248w\" sizes=\"auto, (max-width: 67px) 100vw, 67px\" \/><\/span><\/h6>\n<h6><span style=\"color: #ff00ff;\">SOI DEOSEBIT CU FRUNZE TIP FERIG\u0102, <\/span><span style=\"color: #ff00ff;\">GUST EXCEP\u021aIONAL !<\/span><\/h6>\n<h6><\/h6>\n","protected":false},"featured_media":5997,"comment_status":"open","ping_status":"closed","template":"","meta":{"site-sidebar-layout":"default","site-content-layout":"default","ast-site-content-layout":"default","site-content-style":"default","site-sidebar-style":"default","ast-global-header-display":"","ast-banner-title-visibility":"","ast-main-header-display":"","ast-hfb-above-header-display":"","ast-hfb-below-header-display":"","ast-hfb-mobile-header-display":"","site-post-title":"","ast-breadcrumbs-content":"","ast-featured-img":"","footer-sml-layout":"","ast-disable-related-posts":"","theme-transparent-header-meta":"default","adv-header-id-meta":"","stick-header-meta":"","header-above-stick-meta":"","header-main-stick-meta":"","header-below-stick-meta":"","astra-migrate-meta-layouts":"set","ast-page-background-enabled":"default","ast-page-background-meta":{"desktop":{"background-color":"var(--ast-global-color-4)","background-image":"","background-repeat":"repeat","background-position":"center center","background-size":"auto","background-attachment":"scroll","background-type":"","background-media":"","overlay-type":"","overlay-color":"","overlay-opacity":"","overlay-gradient":""},"tablet":{"background-color":"","background-image":"","background-repeat":"repeat","background-position":"center center","background-size":"auto","background-attachment":"scroll","background-type":"","background-media":"","overlay-type":"","overlay-color":"","overlay-opacity":"","overlay-gradient":""},"mobile":{"background-color":"","background-image":"","background-repeat":"repeat","background-position":"center center","background-size":"auto","background-attachment":"scroll","background-type":"","background-media":"","overlay-type":"","overlay-color":"","overlay-opacity":"","overlay-gradient":""}},"ast-content-background-meta":{"desktop":{"background-color":"var(--ast-global-color-5)","background-image":"","background-repeat":"repeat","background-position":"center center","background-size":"auto","background-attachment":"scroll","background-type":"","background-media":"","overlay-type":"","overlay-color":"","overlay-opacity":"","overlay-gradient":""},"tablet":{"background-color":"var(--ast-global-color-5)","background-image":"","background-repeat":"repeat","background-position":"center center","background-size":"auto","background-attachment":"scroll","background-type":"","background-media":"","overlay-type":"","overlay-color":"","overlay-opacity":"","overlay-gradient":""},"mobile":{"background-color":"var(--ast-global-color-5)","background-image":"","background-repeat":"repeat","background-position":"center center","background-size":"auto","background-attachment":"scroll","background-type":"","background-media":"","overlay-type":"","overlay-color":"","overlay-opacity":"","overlay-gradient":""}}},"product_brand":[],"product_cat":[180,142,15],"product_tag":[],"class_list":{"0":"post-5991","1":"product","2":"type-product","3":"status-publish","4":"has-post-thumbnail","6":"product_cat-oferte-de-pret-cantitate","7":"product_cat-soiuri-rosii-roz","8":"product_cat-tomate-soi","9":"desktop-align-left","10":"tablet-align-left","11":"mobile-align-left","13":"first","14":"instock","15":"taxable","16":"shipping-taxable","17":"purchasable","18":"product-type-simple"},"_links":{"self":[{"href":"https:\/\/vivasem.ro\/index.php?rest_route=\/wp\/v2\/product\/5991","targetHints":{"allow":["GET"]}}],"collection":[{"href":"https:\/\/vivasem.ro\/index.php?rest_route=\/wp\/v2\/product"}],"about":[{"href":"https:\/\/vivasem.ro\/index.php?rest_route=\/wp\/v2\/types\/product"}],"replies":[{"embeddable":true,"href":"https:\/\/vivasem.ro\/index.php?rest_route=%2Fwp%2Fv2%2Fcomments&post=5991"}],"wp:featuredmedia":[{"embeddable":true,"href":"https:\/\/vivasem.ro\/index.php?rest_route=\/wp\/v2\/media\/5997"}],"wp:attachment":[{"href":"https:\/\/vivasem.ro\/index.php?rest_route=%2Fwp%2Fv2%2Fmedia&parent=5991"}],"wp:term":[{"taxonomy":"product_brand","embeddable":true,"href":"https:\/\/vivasem.ro\/index.php?rest_route=%2Fwp%2Fv2%2Fproduct_brand&post=5991"},{"taxonomy":"product_cat","embeddable":true,"href":"https:\/\/vivasem.ro\/index.php?rest_route=%2Fwp%2Fv2%2Fproduct_cat&post=5991"},{"taxonomy":"product_tag","embeddable":true,"href":"https:\/\/vivasem.ro\/index.php?rest_route=%2Fwp%2Fv2%2Fproduct_tag&post=5991"}],"curies":[{"name":"wp","href":"https:\/\/api.w.org\/{rel}","templated":true}]}}