{"id":5484,"date":"2021-11-28T09:51:27","date_gmt":"2021-11-28T07:51:27","guid":{"rendered":"https:\/\/vivasem.ro\/?post_type=product&#038;p=5484"},"modified":"2023-10-01T07:25:42","modified_gmt":"2023-10-01T05:25:42","slug":"marar","status":"publish","type":"product","link":"https:\/\/vivasem.ro\/?product=marar","title":{"rendered":"M\u0102RAR \/ANETO &#8211; Franchi Sementi (5g)"},"content":{"rendered":"<h6><span style=\"color: #ff0000;\"><strong><u>M\u0102RAR<\/u><\/strong> \/ANETO- Franchi Sementi<\/span><\/h6>\n<ul>\n<li>\n<h6><strong><em>plant\u0103 anual\u0103, rustic\u0103, mult utilizat\u0103 \u00een buc\u0103t\u0103ria rom\u00e2neasc\u0103<\/em><\/strong><\/h6>\n<\/li>\n<li>\n<h6><em><strong>este o varietate clasic\u0103 de m\u0103rar,u\u0219or de culticat \u00een gr\u0103din\u0103 sau \u00een ghivece<\/strong><\/em><\/h6>\n<\/li>\n<li>\n<h6><strong><em>are arom\u0103 foarte \u00een\u021bep\u0103toare similar\u0103 cu cea a feniculului<\/em><\/strong><\/h6>\n<\/li>\n<li>\n<h6><em><strong>plantele sunt \u00eenalte, erecte , cu frunze mici<\/strong><\/em><\/h6>\n<\/li>\n<li>\n<h6><em><strong>planta prezint\u0103 un foliaj dens, de culoare verde \u00eenchis specific<\/strong><\/em><\/h6>\n<\/li>\n<li>\n<h6><em><strong>\u00een\u0103l\u0163imea este de 20-30 cm<\/strong><\/em><\/h6>\n<\/li>\n<li>\n<h6><em><strong>m\u0103rarul este rezistent la frig<\/strong><\/em><\/h6>\n<\/li>\n<li>\n<h6><strong><em>se poate sem\u0103na at\u00e2t prim\u0103vara devreme c\u00e2t \u0219i toamna \u00een cultura pur\u0103 sau asociat\u0103<\/em><\/strong><\/h6>\n<\/li>\n<li>\n<h6><em><strong>se cultiv\u0103 pentru frunzele \u0219i tulpinile sale tinere care se folosesc la condimentarea si aromatizarea diferitelor preparate culinare, dar \u0219i \u00een industria conservelor sau la preparea mur\u0103turilor<\/strong><\/em><\/h6>\n<\/li>\n<li>\n<h6><em><strong>se poate consuma \u00een stare proasp\u0103t\u0103 dar \u0219i deshidratat<\/strong><\/em><\/h6>\n<\/li>\n<li>\n<h6><em><strong>se \u00eens\u0103m\u00e2n\u0163eaz\u0103 prim\u0103vara, vara \u015fi toamna<\/strong><\/em><\/h6>\n<ul>\n<li>\n<h6><em><strong>Denumirea latina: <\/strong>Anethum graveolens L.<\/em><\/h6>\n<\/li>\n<li>Sunt 500-550 seminte\/gram<\/li>\n<\/ul>\n<table border=\"1\" cellspacing=\"1\" cellpadding=\"1\" align=\"center\">\n<tbody>\n<tr>\n<td rowspan=\"2\"><em><strong>Semanare in camp<\/strong><\/em><\/td>\n<td rowspan=\"2\"><em><strong>Semanare in rasadnita<\/strong><\/em><\/td>\n<td rowspan=\"2\"><strong><em>Rarire<\/em><\/strong><\/td>\n<td rowspan=\"2\"><strong><em>Transplantare<\/em><\/strong><\/td>\n<td rowspan=\"2\"><em><strong>Recoltare<\/strong><\/em><\/td>\n<td rowspan=\"2\"><strong><em>Adancime semanare<\/em><\/strong><\/td>\n<td rowspan=\"2\"><em><strong>Distanta intre randuri<\/strong><\/em><\/td>\n<td rowspan=\"2\"><em><strong>Distanta intre plante<\/strong><\/em><\/td>\n<td colspan=\"2\"><strong><em>Temperatura de germinare<\/em><\/strong><\/td>\n<\/tr>\n<tr>\n<td><em><strong>minima<\/strong><\/em><\/td>\n<td><em><strong>maxima<\/strong><\/em><\/td>\n<\/tr>\n<tr>\n<td><em><strong>martie-iulie<\/strong><\/em><\/td>\n<td><em><strong>&#8211;<\/strong><\/em><\/td>\n<td><strong><em>aprilie-august<\/em><\/strong><\/td>\n<td><em><strong>&#8211;<\/strong><\/em><\/td>\n<td><em><strong>mai-octombrie<\/strong><\/em><\/td>\n<td><strong><em>1 cm<\/em><\/strong><\/td>\n<td><em><strong>25 cm<\/strong><\/em><\/td>\n<td><em><strong>15 cm<\/strong><\/em><\/td>\n<td><em><strong>10\u00b0<\/strong><\/em><\/td>\n<td><em><strong>25\u00b0<\/strong><\/em><\/td>\n<\/tr>\n<\/tbody>\n<\/table>\n<\/li>\n<\/ul>\n","protected":false},"excerpt":{"rendered":"<h6><span style=\"color: #0000ff;\">5\u00a0 GRAME(2500 seminte)<\/span><\/h6>\n","protected":false},"featured_media":7008,"comment_status":"open","ping_status":"closed","template":"","meta":{"site-sidebar-layout":"default","site-content-layout":"default","ast-site-content-layout":"default","site-content-style":"default","site-sidebar-style":"default","ast-global-header-display":"","ast-banner-title-visibility":"","ast-main-header-display":"","ast-hfb-above-header-display":"","ast-hfb-below-header-display":"","ast-hfb-mobile-header-display":"","site-post-title":"","ast-breadcrumbs-content":"","ast-featured-img":"","footer-sml-layout":"","ast-disable-related-posts":"","theme-transparent-header-meta":"default","adv-header-id-meta":"","stick-header-meta":"","header-above-stick-meta":"","header-main-stick-meta":"","header-below-stick-meta":"","astra-migrate-meta-layouts":"default","ast-page-background-enabled":"default","ast-page-background-meta":{"desktop":{"background-color":"var(--ast-global-color-4)","background-image":"","background-repeat":"repeat","background-position":"center center","background-size":"auto","background-attachment":"scroll","background-type":"","background-media":"","overlay-type":"","overlay-color":"","overlay-opacity":"","overlay-gradient":""},"tablet":{"background-color":"","background-image":"","background-repeat":"repeat","background-position":"center center","background-size":"auto","background-attachment":"scroll","background-type":"","background-media":"","overlay-type":"","overlay-color":"","overlay-opacity":"","overlay-gradient":""},"mobile":{"background-color":"","background-image":"","background-repeat":"repeat","background-position":"center center","background-size":"auto","background-attachment":"scroll","background-type":"","background-media":"","overlay-type":"","overlay-color":"","overlay-opacity":"","overlay-gradient":""}},"ast-content-background-meta":{"desktop":{"background-color":"var(--ast-global-color-5)","background-image":"","background-repeat":"repeat","background-position":"center center","background-size":"auto","background-attachment":"scroll","background-type":"","background-media":"","overlay-type":"","overlay-color":"","overlay-opacity":"","overlay-gradient":""},"tablet":{"background-color":"var(--ast-global-color-5)","background-image":"","background-repeat":"repeat","background-position":"center center","background-size":"auto","background-attachment":"scroll","background-type":"","background-media":"","overlay-type":"","overlay-color":"","overlay-opacity":"","overlay-gradient":""},"mobile":{"background-color":"var(--ast-global-color-5)","background-image":"","background-repeat":"repeat","background-position":"center center","background-size":"auto","background-attachment":"scroll","background-type":"","background-media":"","overlay-type":"","overlay-color":"","overlay-opacity":"","overlay-gradient":""}}},"product_brand":[],"product_cat":[149],"product_tag":[],"class_list":{"0":"post-5484","1":"product","2":"type-product","3":"status-publish","4":"has-post-thumbnail","6":"product_cat-33-produse-epuizate","7":"desktop-align-left","8":"tablet-align-left","9":"mobile-align-left","11":"first","12":"instock","13":"taxable","14":"shipping-taxable","15":"purchasable","16":"product-type-simple"},"_links":{"self":[{"href":"https:\/\/vivasem.ro\/index.php?rest_route=\/wp\/v2\/product\/5484","targetHints":{"allow":["GET"]}}],"collection":[{"href":"https:\/\/vivasem.ro\/index.php?rest_route=\/wp\/v2\/product"}],"about":[{"href":"https:\/\/vivasem.ro\/index.php?rest_route=\/wp\/v2\/types\/product"}],"replies":[{"embeddable":true,"href":"https:\/\/vivasem.ro\/index.php?rest_route=%2Fwp%2Fv2%2Fcomments&post=5484"}],"wp:featuredmedia":[{"embeddable":true,"href":"https:\/\/vivasem.ro\/index.php?rest_route=\/wp\/v2\/media\/7008"}],"wp:attachment":[{"href":"https:\/\/vivasem.ro\/index.php?rest_route=%2Fwp%2Fv2%2Fmedia&parent=5484"}],"wp:term":[{"taxonomy":"product_brand","embeddable":true,"href":"https:\/\/vivasem.ro\/index.php?rest_route=%2Fwp%2Fv2%2Fproduct_brand&post=5484"},{"taxonomy":"product_cat","embeddable":true,"href":"https:\/\/vivasem.ro\/index.php?rest_route=%2Fwp%2Fv2%2Fproduct_cat&post=5484"},{"taxonomy":"product_tag","embeddable":true,"href":"https:\/\/vivasem.ro\/index.php?rest_route=%2Fwp%2Fv2%2Fproduct_tag&post=5484"}],"curies":[{"name":"wp","href":"https:\/\/api.w.org\/{rel}","templated":true}]}}