{"id":5456,"date":"2021-11-28T09:03:44","date_gmt":"2021-11-28T07:03:44","guid":{"rendered":"https:\/\/vivasem.ro\/?post_type=product&#038;p=5456"},"modified":"2026-03-18T09:18:42","modified_gmt":"2026-03-18T07:18:42","slug":"morcovi-nantes","status":"publish","type":"product","link":"https:\/\/vivasem.ro\/?product=morcovi-nantes","title":{"rendered":"\u201e\u201eMORCOVI NANTES 5 SAMSON (Profesional) 5000s"},"content":{"rendered":"<h6><u><span style=\"color: #ff6600;\"><b>MORCOVI NANTES 5 SAMSON &#8211; Produc\u0103tor:Bejo Zaden-Origine semin\u021be: SUA<\/b><\/span>,<\/u><\/h6>\n<h6><strong>SOI FOARTE PRODUCTIV DE CAROTE LUNGI, APROAPE CILINDRICE, CU V\u00c2RF BONT, ACE\u0218TI MORCOVI \u0218UNT FOARTE DULCI, GUSTO\u0218I,\u00a0 FRAGEZI.<\/strong><\/h6>\n<h6>DE CONSUMAT \u00ceN STARE PROASP\u0102T\u0102, SAU CONSERVA\u021aI, INCLUSIV PRIN USCARE.<\/h6>\n<h6>M\u0102RIMEA MEDIE ESTE DE 20-25 centimetrii, DAR AM OB\u021aINUT \u0218I DE 45 centimetrii(vezi foto)<\/h6>\n<h6>Varietate semi-timpurie de morcov de la Bejo Zaden<\/h6>\n<h6>Recomandat pentru cultura de vara-toamn\u0103.<\/h6>\n<h6>Pretabil la recoltare mecanic\u0103<\/h6>\n<h6>Are o capacitate bun\u0103 de pastrare, REZISTEN\u021a\u0102 MARE LA DEPOZITARE. <em><strong>3 stele (din 4 maxim)<\/strong><\/em><\/h6>\n<h6>Maturitatea:\u00a0112\u00a0zile de la semanat<\/h6>\n<h6>Densitatea recomandata pentru semanat: 1,3-2,8 mil. sem.\/ha<\/h6>\n<p><strong><em>Cantitate de seminte recomandata pentru semanat: 1,5 gr-3,5 gr\/10 mp.<\/em><\/strong><\/p>\n<h6><span style=\"color: #0000ff;\">SEMIN\u021aELE AU FOST\u00a0 TRATATE CU FUNGICID MAXIM 480 FS (2,4 % \/g)pe baz\u0103 de\u00a0 fludioxonil.<\/span><\/h6>\n<h6><span style=\"color: #0000ff;\"> Fludioxonilul inhib\u0103 germinarea sporilor distrug\u00e2nd agen\u0163ii patogeni de pe suprafa\u0163a semin\u0163elor (inclusiv \u00een zona comisurii centrale a bobului) \u015fi creeaz\u0103 o barier\u0103 \u00een jurul semin\u0163ei \u00een momentul sem\u0103natului (nu permite infectarea semin\u0163ei cu agen\u0163i patogeni din sol).<\/span><\/h6>\n<h6><span style=\"color: #0000ff;\">SEMINTELE TRATATE POT FI TOXICE. <\/span><\/h6>\n<h6><span style=\"color: #0000ff;\">NU FOLOSI\u021aI SEMIN\u021aELE PENTRU CONSUM UMAN SAU ANIMAL.<\/span><\/h6>\n<h6><span style=\"color: #0000ff;\">NU LE L\u0102SA\u021aI LA \u00ceNDEM\u00c2NA COPIILOR.<\/span><\/h6>\n","protected":false},"excerpt":{"rendered":"<h6><span style=\"color: #0000ff;\">5.000 semin\u021be\/cca.3,3 grame<\/span><\/h6>\n","protected":false},"featured_media":11827,"comment_status":"open","ping_status":"closed","template":"","meta":{"site-sidebar-layout":"default","site-content-layout":"default","ast-site-content-layout":"default","site-content-style":"default","site-sidebar-style":"default","ast-global-header-display":"","ast-banner-title-visibility":"","ast-main-header-display":"","ast-hfb-above-header-display":"","ast-hfb-below-header-display":"","ast-hfb-mobile-header-display":"","site-post-title":"","ast-breadcrumbs-content":"","ast-featured-img":"","footer-sml-layout":"","ast-disable-related-posts":"","theme-transparent-header-meta":"default","adv-header-id-meta":"","stick-header-meta":"","header-above-stick-meta":"","header-main-stick-meta":"","header-below-stick-meta":"","astra-migrate-meta-layouts":"set","ast-page-background-enabled":"default","ast-page-background-meta":{"desktop":{"background-color":"var(--ast-global-color-4)","background-image":"","background-repeat":"repeat","background-position":"center center","background-size":"auto","background-attachment":"scroll","background-type":"","background-media":"","overlay-type":"","overlay-color":"","overlay-opacity":"","overlay-gradient":""},"tablet":{"background-color":"","background-image":"","background-repeat":"repeat","background-position":"center center","background-size":"auto","background-attachment":"scroll","background-type":"","background-media":"","overlay-type":"","overlay-color":"","overlay-opacity":"","overlay-gradient":""},"mobile":{"background-color":"","background-image":"","background-repeat":"repeat","background-position":"center center","background-size":"auto","background-attachment":"scroll","background-type":"","background-media":"","overlay-type":"","overlay-color":"","overlay-opacity":"","overlay-gradient":""}},"ast-content-background-meta":{"desktop":{"background-color":"var(--ast-global-color-5)","background-image":"","background-repeat":"repeat","background-position":"center center","background-size":"auto","background-attachment":"scroll","background-type":"","background-media":"","overlay-type":"","overlay-color":"","overlay-opacity":"","overlay-gradient":""},"tablet":{"background-color":"var(--ast-global-color-5)","background-image":"","background-repeat":"repeat","background-position":"center center","background-size":"auto","background-attachment":"scroll","background-type":"","background-media":"","overlay-type":"","overlay-color":"","overlay-opacity":"","overlay-gradient":""},"mobile":{"background-color":"var(--ast-global-color-5)","background-image":"","background-repeat":"repeat","background-position":"center center","background-size":"auto","background-attachment":"scroll","background-type":"","background-media":"","overlay-type":"","overlay-color":"","overlay-opacity":"","overlay-gradient":""}}},"product_brand":[],"product_cat":[89],"product_tag":[],"class_list":{"0":"post-5456","1":"product","2":"type-product","3":"status-publish","4":"has-post-thumbnail","6":"product_cat-radacinoase","7":"desktop-align-left","8":"tablet-align-left","9":"mobile-align-left","11":"first","12":"outofstock","13":"taxable","14":"shipping-taxable","15":"purchasable","16":"product-type-simple"},"_links":{"self":[{"href":"https:\/\/vivasem.ro\/index.php?rest_route=\/wp\/v2\/product\/5456","targetHints":{"allow":["GET"]}}],"collection":[{"href":"https:\/\/vivasem.ro\/index.php?rest_route=\/wp\/v2\/product"}],"about":[{"href":"https:\/\/vivasem.ro\/index.php?rest_route=\/wp\/v2\/types\/product"}],"replies":[{"embeddable":true,"href":"https:\/\/vivasem.ro\/index.php?rest_route=%2Fwp%2Fv2%2Fcomments&post=5456"}],"wp:featuredmedia":[{"embeddable":true,"href":"https:\/\/vivasem.ro\/index.php?rest_route=\/wp\/v2\/media\/11827"}],"wp:attachment":[{"href":"https:\/\/vivasem.ro\/index.php?rest_route=%2Fwp%2Fv2%2Fmedia&parent=5456"}],"wp:term":[{"taxonomy":"product_brand","embeddable":true,"href":"https:\/\/vivasem.ro\/index.php?rest_route=%2Fwp%2Fv2%2Fproduct_brand&post=5456"},{"taxonomy":"product_cat","embeddable":true,"href":"https:\/\/vivasem.ro\/index.php?rest_route=%2Fwp%2Fv2%2Fproduct_cat&post=5456"},{"taxonomy":"product_tag","embeddable":true,"href":"https:\/\/vivasem.ro\/index.php?rest_route=%2Fwp%2Fv2%2Fproduct_tag&post=5456"}],"curies":[{"name":"wp","href":"https:\/\/api.w.org\/{rel}","templated":true}]}}