{"id":5273,"date":"2021-11-25T22:28:16","date_gmt":"2021-11-25T20:28:16","guid":{"rendered":"https:\/\/vivasem.ro\/?post_type=product&#038;p=5273"},"modified":"2026-01-09T18:08:58","modified_gmt":"2026-01-09T16:08:58","slug":"trombetta-dalbenga","status":"publish","type":"product","link":"https:\/\/vivasem.ro\/?product=trombetta-dalbenga","title":{"rendered":".DOVLECEL URC\u0102TOR TROMBETTA D\u00b4ALBENGA (ORGANIC) 20 s"},"content":{"rendered":"<h6><span style=\"color: #008000;\"><u><b>DOVLECEL URC\u0102TOR TROMBETTA D\u00b4ALBENGA.<\/b><\/u><\/span><\/h6>\n<h6><span style=\"color: #008000;\"><u><b>Produc\u0103tor FRATELLI INGEGNOLI -MILANO -ITALIA<\/b>, <a href=\"https:\/\/vivasem.ro\/wp-content\/uploads\/2021\/11\/INGEGNOLI.jpg\"><img loading=\"lazy\" decoding=\"async\" class=\"alignnone size-medium wp-image-8034\" src=\"https:\/\/vivasem.ro\/wp-content\/uploads\/2021\/11\/INGEGNOLI-300x75.jpg\" alt=\"\" width=\"300\" height=\"75\" \/><\/a><\/u><\/span><\/h6>\n<h6><span style=\"color: #008000;\"><u><b>(SEMIN\u021aE PROVENITE DE LA PLANTE CRESCUTE ORGANIC )<\/b><\/u><\/span><\/h6>\n<h6><span style=\"color: #333399;\"><strong>VIDEOCLIPURI DE PREZENTARE :<\/strong><\/span><\/h6>\n<div class=\"ast-oembed-container \" style=\"height: 100%;\"><iframe loading=\"lazy\" title=\"Uriasul dovlecel catarator Trombeta\" width=\"500\" height=\"281\" src=\"https:\/\/www.youtube.com\/embed\/a6onvXGJCoI?feature=oembed\" frameborder=\"0\" allow=\"accelerometer; autoplay; clipboard-write; encrypted-media; gyroscope; picture-in-picture; web-share\" referrerpolicy=\"strict-origin-when-cross-origin\" allowfullscreen><\/iframe><\/div>\n<h6><span style=\"color: #333399;\"><strong>https:\/\/www.youtube.com\/watch?v=RRCoNPNSSCg&amp;list=RDCMUC-3ArFDmG6KoALVZa5WAbBQ&amp;index=5<\/strong><\/span><\/h6>\n<h6><span style=\"color: #ff0000;\"><strong>SOI EXTRAORDINAR,<\/strong> <strong>FOARTE PRODUCTIV ,CU FRUCTE FOARTE GUSTOASE, LUNGI DE PESTE 1,5 metrii.<\/strong><\/span><\/h6>\n<h6><span style=\"color: #0000ff;\"><strong>LA 60-80 centimetrii LUNGIME, AU 4-5 centimetrii \u00ceN DIAMETRU \u0218I PULPA DULCE, FIN\u0102, CROCANT\u0102, CE POATE FI CONSUMAT\u0102\u00a0 \u0218I CRUD\u0102, CU TOT CU COAJA VERNIL,CARE ESTE FOARTE FRAGED\u0102, GUSTUL FIIND APROPIAT DE GULIOARE.<\/strong><\/span><\/h6>\n<h6><span style=\"color: #333399;\">LA COACERE, PULPA SE COLOREAZ\u0102 \u00ceN PORTOCALIU \u0218I DEVINE DULCE, PUT\u021aND FI UTILIZAT\u0102 \u0218I LA PL\u0102CINTE.<\/span><\/h6>\n<h6><span style=\"color: #333399;\"><strong>AVAND FLORILE MARI, GALBENE, DECORATIVE, ESTE O OP\u021aIUNE PENTRU CULTURA DECORATIV\u0102, PE GARDURI.<\/strong><\/span><\/h6>\n<h6><span style=\"color: #333399;\"><strong>SOI TIMPURIU , RODE\u0218TE \u00ceN 40 ZILE DE LA TRANSPLANTARE, \u0218I PAN\u0102 LA \u00ceNGHE\u021a.<\/strong><\/span><\/h6>\n<div class=\"ast-oembed-container \" style=\"height: 100%;\"><iframe loading=\"lazy\" title=\"Dovlecel Trombeta   productivitate si gust\" width=\"500\" height=\"281\" src=\"https:\/\/www.youtube.com\/embed\/RRCoNPNSSCg?start=74&#038;feature=oembed\" frameborder=\"0\" allow=\"accelerometer; autoplay; clipboard-write; encrypted-media; gyroscope; picture-in-picture; web-share\" referrerpolicy=\"strict-origin-when-cross-origin\" allowfullscreen><\/iframe><\/div>\n","protected":false},"excerpt":{"rendered":"<p><span style=\"color: #0000ff;\">20 SEMIN\u021aE<\/span><\/p>\n","protected":false},"featured_media":5290,"comment_status":"open","ping_status":"closed","template":"","meta":{"site-sidebar-layout":"default","site-content-layout":"default","ast-site-content-layout":"default","site-content-style":"default","site-sidebar-style":"default","ast-global-header-display":"","ast-banner-title-visibility":"","ast-main-header-display":"","ast-hfb-above-header-display":"","ast-hfb-below-header-display":"","ast-hfb-mobile-header-display":"","site-post-title":"","ast-breadcrumbs-content":"","ast-featured-img":"","footer-sml-layout":"","ast-disable-related-posts":"","theme-transparent-header-meta":"default","adv-header-id-meta":"","stick-header-meta":"","header-above-stick-meta":"","header-main-stick-meta":"","header-below-stick-meta":"","astra-migrate-meta-layouts":"set","ast-page-background-enabled":"default","ast-page-background-meta":{"desktop":{"background-color":"var(--ast-global-color-4)","background-image":"","background-repeat":"repeat","background-position":"center center","background-size":"auto","background-attachment":"scroll","background-type":"","background-media":"","overlay-type":"","overlay-color":"","overlay-opacity":"","overlay-gradient":""},"tablet":{"background-color":"","background-image":"","background-repeat":"repeat","background-position":"center center","background-size":"auto","background-attachment":"scroll","background-type":"","background-media":"","overlay-type":"","overlay-color":"","overlay-opacity":"","overlay-gradient":""},"mobile":{"background-color":"","background-image":"","background-repeat":"repeat","background-position":"center center","background-size":"auto","background-attachment":"scroll","background-type":"","background-media":"","overlay-type":"","overlay-color":"","overlay-opacity":"","overlay-gradient":""}},"ast-content-background-meta":{"desktop":{"background-color":"var(--ast-global-color-5)","background-image":"","background-repeat":"repeat","background-position":"center center","background-size":"auto","background-attachment":"scroll","background-type":"","background-media":"","overlay-type":"","overlay-color":"","overlay-opacity":"","overlay-gradient":""},"tablet":{"background-color":"var(--ast-global-color-5)","background-image":"","background-repeat":"repeat","background-position":"center center","background-size":"auto","background-attachment":"scroll","background-type":"","background-media":"","overlay-type":"","overlay-color":"","overlay-opacity":"","overlay-gradient":""},"mobile":{"background-color":"var(--ast-global-color-5)","background-image":"","background-repeat":"repeat","background-position":"center center","background-size":"auto","background-attachment":"scroll","background-type":"","background-media":"","overlay-type":"","overlay-color":"","overlay-opacity":"","overlay-gradient":""}}},"product_brand":[],"product_cat":[87],"product_tag":[],"class_list":{"0":"post-5273","1":"product","2":"type-product","3":"status-publish","4":"has-post-thumbnail","6":"product_cat-dovlecei","7":"desktop-align-left","8":"tablet-align-left","9":"mobile-align-left","11":"first","12":"instock","13":"taxable","14":"shipping-taxable","15":"purchasable","16":"product-type-simple"},"_links":{"self":[{"href":"https:\/\/vivasem.ro\/index.php?rest_route=\/wp\/v2\/product\/5273","targetHints":{"allow":["GET"]}}],"collection":[{"href":"https:\/\/vivasem.ro\/index.php?rest_route=\/wp\/v2\/product"}],"about":[{"href":"https:\/\/vivasem.ro\/index.php?rest_route=\/wp\/v2\/types\/product"}],"replies":[{"embeddable":true,"href":"https:\/\/vivasem.ro\/index.php?rest_route=%2Fwp%2Fv2%2Fcomments&post=5273"}],"wp:featuredmedia":[{"embeddable":true,"href":"https:\/\/vivasem.ro\/index.php?rest_route=\/wp\/v2\/media\/5290"}],"wp:attachment":[{"href":"https:\/\/vivasem.ro\/index.php?rest_route=%2Fwp%2Fv2%2Fmedia&parent=5273"}],"wp:term":[{"taxonomy":"product_brand","embeddable":true,"href":"https:\/\/vivasem.ro\/index.php?rest_route=%2Fwp%2Fv2%2Fproduct_brand&post=5273"},{"taxonomy":"product_cat","embeddable":true,"href":"https:\/\/vivasem.ro\/index.php?rest_route=%2Fwp%2Fv2%2Fproduct_cat&post=5273"},{"taxonomy":"product_tag","embeddable":true,"href":"https:\/\/vivasem.ro\/index.php?rest_route=%2Fwp%2Fv2%2Fproduct_tag&post=5273"}],"curies":[{"name":"wp","href":"https:\/\/api.w.org\/{rel}","templated":true}]}}