{"id":5165,"date":"2021-11-24T09:48:49","date_gmt":"2021-11-24T07:48:49","guid":{"rendered":"https:\/\/vivasem.ro\/?post_type=product&#038;p=5165"},"modified":"2026-03-24T23:55:33","modified_gmt":"2026-03-24T21:55:33","slug":"jalapeno","status":"publish","type":"product","link":"https:\/\/vivasem.ro\/?product=jalapeno","title":{"rendered":"ARDEI IUTE MEXICAN JALAPENO"},"content":{"rendered":"<h6><span style=\"color: #ff0000;\"><strong><u>\u00a0JALAPENO-Agrosem Tg.Mure\u0219<\/u><\/strong><\/span><\/h6>\n<h6><strong>SOI MEXICAN,\u00ceNTRE CEI MAI CUNOSCU\u021aI ARDEI IU\u021aI DIN LUME, FORMA DE ARDEI LUNG, USOR APLATIZAT, ASCUTIT LA VARF, FOARTE CARNO\u0218I, FOARTE AROMATI<\/strong> .<\/h6>\n<h6>IU\u021aIMEA ESTE MEDIE, DE 8.000 SHU<\/h6>\n<h6><strong>PLANTA COMPACTA ,CE PRODUCE BUCHETE CU MULTE FRUCTE CONICE, DE 4-6 centimetrii LUNGIME.<\/strong><\/h6>\n<h6><strong>CONTIN MULT\u0102 VITAMINA A.<\/strong><\/h6>\n<h6>LA \u00ceNCEPUT SUNT VERDE-\u00ceNCHIS,IAR LA COACERE SUNT FOARTE LUCIO\u0218I \u0218I AU CULOAREA RO\u0218IE-\u00ceNCHIS\u0102.<\/h6>\n<h6>PLANTELE de 60=70 CM\u00a0 , POT FI CULTIVATE \u0218I \u00ceN GHIVECI, PE BALCON, DAR \u0218I \u00ceN SERE SAU \u00ceN GR\u0102DIN\u0102.<\/h6>\n<h6><\/h6>\n<h6><\/h6>\n","protected":false},"excerpt":{"rendered":"<h6><span style=\"color: #0000ff;\">0,4 grame\/70 SEMIN\u021aE<\/span><\/h6>\n<h6><span style=\"color: #ff0000;\">DINTRE CEI MAI CELEBRII ARDEI, MEDIU IU\u021aI !<\/span><\/h6>\n<h6><\/h6>\n","protected":false},"featured_media":5159,"comment_status":"open","ping_status":"closed","template":"","meta":{"site-sidebar-layout":"default","site-content-layout":"default","ast-site-content-layout":"default","site-content-style":"default","site-sidebar-style":"default","ast-global-header-display":"","ast-banner-title-visibility":"","ast-main-header-display":"","ast-hfb-above-header-display":"","ast-hfb-below-header-display":"","ast-hfb-mobile-header-display":"","site-post-title":"","ast-breadcrumbs-content":"","ast-featured-img":"","footer-sml-layout":"","ast-disable-related-posts":"","theme-transparent-header-meta":"default","adv-header-id-meta":"","stick-header-meta":"","header-above-stick-meta":"","header-main-stick-meta":"","header-below-stick-meta":"","astra-migrate-meta-layouts":"set","ast-page-background-enabled":"default","ast-page-background-meta":{"desktop":{"background-color":"var(--ast-global-color-4)","background-image":"","background-repeat":"repeat","background-position":"center center","background-size":"auto","background-attachment":"scroll","background-type":"","background-media":"","overlay-type":"","overlay-color":"","overlay-opacity":"","overlay-gradient":""},"tablet":{"background-color":"","background-image":"","background-repeat":"repeat","background-position":"center center","background-size":"auto","background-attachment":"scroll","background-type":"","background-media":"","overlay-type":"","overlay-color":"","overlay-opacity":"","overlay-gradient":""},"mobile":{"background-color":"","background-image":"","background-repeat":"repeat","background-position":"center center","background-size":"auto","background-attachment":"scroll","background-type":"","background-media":"","overlay-type":"","overlay-color":"","overlay-opacity":"","overlay-gradient":""}},"ast-content-background-meta":{"desktop":{"background-color":"var(--ast-global-color-5)","background-image":"","background-repeat":"repeat","background-position":"center center","background-size":"auto","background-attachment":"scroll","background-type":"","background-media":"","overlay-type":"","overlay-color":"","overlay-opacity":"","overlay-gradient":""},"tablet":{"background-color":"var(--ast-global-color-5)","background-image":"","background-repeat":"repeat","background-position":"center center","background-size":"auto","background-attachment":"scroll","background-type":"","background-media":"","overlay-type":"","overlay-color":"","overlay-opacity":"","overlay-gradient":""},"mobile":{"background-color":"var(--ast-global-color-5)","background-image":"","background-repeat":"repeat","background-position":"center center","background-size":"auto","background-attachment":"scroll","background-type":"","background-media":"","overlay-type":"","overlay-color":"","overlay-opacity":"","overlay-gradient":""}}},"product_brand":[],"product_cat":[111],"product_tag":[],"class_list":{"0":"post-5165","1":"product","2":"type-product","3":"status-publish","4":"has-post-thumbnail","6":"product_cat-ardei-iute","7":"desktop-align-left","8":"tablet-align-left","9":"mobile-align-left","11":"first","12":"instock","13":"taxable","14":"shipping-taxable","15":"purchasable","16":"product-type-simple"},"_links":{"self":[{"href":"https:\/\/vivasem.ro\/index.php?rest_route=\/wp\/v2\/product\/5165","targetHints":{"allow":["GET"]}}],"collection":[{"href":"https:\/\/vivasem.ro\/index.php?rest_route=\/wp\/v2\/product"}],"about":[{"href":"https:\/\/vivasem.ro\/index.php?rest_route=\/wp\/v2\/types\/product"}],"replies":[{"embeddable":true,"href":"https:\/\/vivasem.ro\/index.php?rest_route=%2Fwp%2Fv2%2Fcomments&post=5165"}],"wp:featuredmedia":[{"embeddable":true,"href":"https:\/\/vivasem.ro\/index.php?rest_route=\/wp\/v2\/media\/5159"}],"wp:attachment":[{"href":"https:\/\/vivasem.ro\/index.php?rest_route=%2Fwp%2Fv2%2Fmedia&parent=5165"}],"wp:term":[{"taxonomy":"product_brand","embeddable":true,"href":"https:\/\/vivasem.ro\/index.php?rest_route=%2Fwp%2Fv2%2Fproduct_brand&post=5165"},{"taxonomy":"product_cat","embeddable":true,"href":"https:\/\/vivasem.ro\/index.php?rest_route=%2Fwp%2Fv2%2Fproduct_cat&post=5165"},{"taxonomy":"product_tag","embeddable":true,"href":"https:\/\/vivasem.ro\/index.php?rest_route=%2Fwp%2Fv2%2Fproduct_tag&post=5165"}],"curies":[{"name":"wp","href":"https:\/\/api.w.org\/{rel}","templated":true}]}}