{"id":5145,"date":"2021-11-24T08:03:42","date_gmt":"2021-11-24T06:03:42","guid":{"rendered":"https:\/\/vivasem.ro\/?post_type=product&#038;p=5145"},"modified":"2025-11-27T21:13:58","modified_gmt":"2025-11-27T19:13:58","slug":"salsa-red","status":"publish","type":"product","link":"https:\/\/vivasem.ro\/?product=salsa-red","title":{"rendered":"ARDEI IUTE SALSA RED"},"content":{"rendered":"<h6><span style=\"color: #ff0000;\"><strong><u>SALSA RED-OLANDA,<\/u><\/strong><\/span><\/h6>\n<h6><span style=\"color: #333399;\"><strong>ARDEI MULTICOLORI, SPECTACULO\u0218I, CE CRESC \u00ceN BUCHETE \u0218I SE COLOREAZA, DE LA VERDE, LA RO\u0218U. <\/strong><\/span><\/h6>\n<h6><span style=\"color: #ff0000;\"><strong>POT FI CRESCU\u021aI IN INTERIOR, \u00ceN GHIVECE SAU IN GR\u0102DIN\u0102. <\/strong><\/span><\/h6>\n<h6><span style=\"color: #ff0000;\"><strong>PLANTA CRESTE LA 15 -20 centimetrii, IAR ARDEII AJUNG LA 3-4 centimetrii \u0218I 1,5 centimetrii \u00ceN DIAMETRU. <\/strong><\/span><\/h6>\n<h6><span style=\"color: #333399;\"><strong>PRODUC ABUNDENT NON-STOP.<\/strong><\/span><\/h6>\n<h6><\/h6>\n<h6><\/h6>\n","protected":false},"excerpt":{"rendered":"<p>SALSA RED-OLANDA, ARDEI MULTICOLORI, SPECTACULO\u0218I, CE CRESC \u00ceN BUCHETE \u0218I SE COLOREAZA, DE LA VERDE, LA RO\u0218U. POT FI CRESCU\u021aI IN INTERIOR, \u00ceN GHIVECE SAU IN GR\u0102DIN\u0102. PLANTA CRESTE LA 15 -20 centimetrii, IAR ARDEII AJUNG LA 3-4 centimetrii \u0218I 1,5 centimetrii \u00ceN DIAMETRU. PRODUC ABUNDENT NON-STOP.<\/p>\n","protected":false},"featured_media":5142,"comment_status":"open","ping_status":"closed","template":"","meta":{"site-sidebar-layout":"default","site-content-layout":"default","ast-site-content-layout":"default","site-content-style":"default","site-sidebar-style":"default","ast-global-header-display":"","ast-banner-title-visibility":"","ast-main-header-display":"","ast-hfb-above-header-display":"","ast-hfb-below-header-display":"","ast-hfb-mobile-header-display":"","site-post-title":"","ast-breadcrumbs-content":"","ast-featured-img":"","footer-sml-layout":"","ast-disable-related-posts":"","theme-transparent-header-meta":"default","adv-header-id-meta":"","stick-header-meta":"","header-above-stick-meta":"","header-main-stick-meta":"","header-below-stick-meta":"","astra-migrate-meta-layouts":"set","ast-page-background-enabled":"default","ast-page-background-meta":{"desktop":{"background-color":"var(--ast-global-color-4)","background-image":"","background-repeat":"repeat","background-position":"center center","background-size":"auto","background-attachment":"scroll","background-type":"","background-media":"","overlay-type":"","overlay-color":"","overlay-opacity":"","overlay-gradient":""},"tablet":{"background-color":"","background-image":"","background-repeat":"repeat","background-position":"center center","background-size":"auto","background-attachment":"scroll","background-type":"","background-media":"","overlay-type":"","overlay-color":"","overlay-opacity":"","overlay-gradient":""},"mobile":{"background-color":"","background-image":"","background-repeat":"repeat","background-position":"center center","background-size":"auto","background-attachment":"scroll","background-type":"","background-media":"","overlay-type":"","overlay-color":"","overlay-opacity":"","overlay-gradient":""}},"ast-content-background-meta":{"desktop":{"background-color":"var(--ast-global-color-5)","background-image":"","background-repeat":"repeat","background-position":"center center","background-size":"auto","background-attachment":"scroll","background-type":"","background-media":"","overlay-type":"","overlay-color":"","overlay-opacity":"","overlay-gradient":""},"tablet":{"background-color":"var(--ast-global-color-5)","background-image":"","background-repeat":"repeat","background-position":"center center","background-size":"auto","background-attachment":"scroll","background-type":"","background-media":"","overlay-type":"","overlay-color":"","overlay-opacity":"","overlay-gradient":""},"mobile":{"background-color":"var(--ast-global-color-5)","background-image":"","background-repeat":"repeat","background-position":"center center","background-size":"auto","background-attachment":"scroll","background-type":"","background-media":"","overlay-type":"","overlay-color":"","overlay-opacity":"","overlay-gradient":""}}},"product_brand":[],"product_cat":[111],"product_tag":[],"class_list":{"0":"post-5145","1":"product","2":"type-product","3":"status-publish","4":"has-post-thumbnail","6":"product_cat-ardei-iute","7":"pa_z-cantitate-10-seminte","8":"pa_z-cantitate-100-seminte","9":"pa_z-cantitate-1000-seminte","10":"pa_z-cantitate-120-seminte","11":"pa_z-cantitate-150-seminte","12":"pa_z-cantitate-160-seminte","13":"pa_z-cantitate-20-seminte","14":"pa_z-cantitate-200-seminte","15":"pa_z-cantitate-25-seminte","16":"pa_z-cantitate-250-seminte","17":"pa_z-cantitate-30-seminte","18":"pa_z-cantitate-300-seminte","19":"pa_z-cantitate-40-seminte","20":"pa_z-cantitate-400-seminte","21":"pa_z-cantitate-5-seminte","22":"pa_z-cantitate-50-seminte","23":"pa_z-cantitate-500-seminte","24":"pa_z-cantitate-60-seminte","25":"pa_z-cantitate-600-seminte","26":"pa_z-cantitate-80-seminte","27":"pa_z-cantitate-90-seminte","28":"pa_z-cantitate-900-seminte","29":"desktop-align-left","30":"tablet-align-left","31":"mobile-align-left","33":"first","34":"instock","35":"sale","36":"taxable","37":"shipping-taxable","38":"purchasable","39":"product-type-variable"},"_links":{"self":[{"href":"https:\/\/vivasem.ro\/index.php?rest_route=\/wp\/v2\/product\/5145","targetHints":{"allow":["GET"]}}],"collection":[{"href":"https:\/\/vivasem.ro\/index.php?rest_route=\/wp\/v2\/product"}],"about":[{"href":"https:\/\/vivasem.ro\/index.php?rest_route=\/wp\/v2\/types\/product"}],"replies":[{"embeddable":true,"href":"https:\/\/vivasem.ro\/index.php?rest_route=%2Fwp%2Fv2%2Fcomments&post=5145"}],"wp:featuredmedia":[{"embeddable":true,"href":"https:\/\/vivasem.ro\/index.php?rest_route=\/wp\/v2\/media\/5142"}],"wp:attachment":[{"href":"https:\/\/vivasem.ro\/index.php?rest_route=%2Fwp%2Fv2%2Fmedia&parent=5145"}],"wp:term":[{"taxonomy":"product_brand","embeddable":true,"href":"https:\/\/vivasem.ro\/index.php?rest_route=%2Fwp%2Fv2%2Fproduct_brand&post=5145"},{"taxonomy":"product_cat","embeddable":true,"href":"https:\/\/vivasem.ro\/index.php?rest_route=%2Fwp%2Fv2%2Fproduct_cat&post=5145"},{"taxonomy":"product_tag","embeddable":true,"href":"https:\/\/vivasem.ro\/index.php?rest_route=%2Fwp%2Fv2%2Fproduct_tag&post=5145"}],"curies":[{"name":"wp","href":"https:\/\/api.w.org\/{rel}","templated":true}]}}