{"id":19526,"date":"2026-03-07T08:25:42","date_gmt":"2026-03-07T06:25:42","guid":{"rendered":"https:\/\/vivasem.ro\/?post_type=product&#038;p=19526"},"modified":"2026-03-07T08:37:55","modified_gmt":"2026-03-07T06:37:55","slug":"marar-aneto-comune-raci-sementi","status":"publish","type":"product","link":"https:\/\/vivasem.ro\/?product=marar-aneto-comune-raci-sementi","title":{"rendered":"M\u0103rar ANETO COMUNE (RACI Sementi)"},"content":{"rendered":"<h6><span style=\"color: #ff0000;\">M\u0103rar ANETO COMUNE \u00a0,<a href=\"https:\/\/vivasem.ro\/wp-content\/uploads\/2023\/02\/RACI.jpg\"><img loading=\"lazy\" decoding=\"async\" class=\"alignnone wp-image-9275\" src=\"https:\/\/vivasem.ro\/wp-content\/uploads\/2023\/02\/RACI.jpg\" alt=\"\" width=\"62\" height=\"104\" \/><\/a><\/span><\/h6>\n<h6><span style=\"color: #ff0000;\">Produc\u0103tor :LE BON GRAIN-RACI Sementi srl-Italia<\/span><\/h6>\n<div class=\"woocommerce-tabs wc-tabs-wrapper\">\n<div id=\"tab-description\" class=\"woocommerce-Tabs-panel woocommerce-Tabs-panel--description panel entry-content wc-tab\" role=\"tabpanel\" aria-labelledby=\"tab-title-description\">\n<h6>Soi cu tulpini zvelte \u0219i <strong>frunze fin divizate<\/strong>,ce cre\u0219te de\u00a0 <strong>10-20 cm<\/strong> lungime,cu <strong>aroma specifica puternic\u0103. P<\/strong>retabil cultiv\u0103rii \u00een ser\u0103, solar, c\u00e2mp, ghivece, \u00een scop alimentar \u015fi condimentar; forma tufei este erect\u0103, puternic ramificat\u0103, de culoare verde \u00eenchis. Aroma specific\u0103, mentolat\u0103, ,este degajat\u0103 de toate organele plantei.<\/h6>\n<h6>Tolerant la bolile \u015fi d\u0103un\u0103torii specifici.<\/h6>\n<h6>Capacitatea de produc\u0163ie: 8-10 t\/ha, produc\u0163ie medie.<\/h6>\n<h6>Se poate sem\u0103na de prim\u0103vara p\u00e2n\u0103 toamna, cu men\u021biunea c\u0103 plantele nu suport\u0103 \u00eenghe\u021bul. Se seam\u0103n\u0103 \u00een spa\u021bii protejate ne\u00eenc\u0103lzite din luna decembrie, iar \u00een c\u00e2mp, \u00eentre 10-15 martie.<\/h6>\n<h6>R\u0103sare la 6-7 zile dup\u0103 sem\u0103nat. Se recolteaz\u0103 e\u015falonat, de la \u00eenceputul form\u0103rii tufei p\u00e2n\u0103 la venirea \u00eenghe\u0163ului sau total, la la maturitatea tehnic\u0103 sau fiziologic\u0103. Produc\u021bia medie este de 0,5-2 kg\/ m2\u00a0frunze verzi.<\/h6>\n<\/div>\n<\/div>\n<h6><span style=\"color: #000080;\">Sunt circa 550-600 Semin\u021be\/gram.<\/span><\/h6>\n<p>&nbsp;<\/p>\n<p>243<\/p>\n","protected":false},"excerpt":{"rendered":"<h6><span style=\"color: #0000ff;\">10 grame\/5500-6000 SEMIN\u021aE<img loading=\"lazy\" decoding=\"async\" class=\"alignnone wp-image-6106\" src=\"https:\/\/vivasem.ro\/wp-content\/uploads\/2021\/12\/NOU3.jpg\" alt=\"\" width=\"76\" height=\"74\" srcset=\"https:\/\/vivasem.ro\/wp-content\/uploads\/2021\/12\/NOU3.jpg 270w, https:\/\/vivasem.ro\/wp-content\/uploads\/2021\/12\/NOU3-248x241.jpg 248w\" sizes=\"auto, (max-width: 76px) 100vw, 76px\" \/><\/span><\/h6>\n","protected":false},"featured_media":19527,"comment_status":"open","ping_status":"closed","template":"","meta":{"site-sidebar-layout":"default","site-content-layout":"default","ast-site-content-layout":"default","site-content-style":"default","site-sidebar-style":"default","ast-global-header-display":"","ast-banner-title-visibility":"","ast-main-header-display":"","ast-hfb-above-header-display":"","ast-hfb-below-header-display":"","ast-hfb-mobile-header-display":"","site-post-title":"","ast-breadcrumbs-content":"","ast-featured-img":"","footer-sml-layout":"","ast-disable-related-posts":"","theme-transparent-header-meta":"default","adv-header-id-meta":"","stick-header-meta":"","header-above-stick-meta":"","header-main-stick-meta":"","header-below-stick-meta":"","astra-migrate-meta-layouts":"set","ast-page-background-enabled":"default","ast-page-background-meta":{"desktop":{"background-color":"var(--ast-global-color-4)","background-image":"","background-repeat":"repeat","background-position":"center center","background-size":"auto","background-attachment":"scroll","background-type":"","background-media":"","overlay-type":"","overlay-color":"","overlay-opacity":"","overlay-gradient":""},"tablet":{"background-color":"","background-image":"","background-repeat":"repeat","background-position":"center center","background-size":"auto","background-attachment":"scroll","background-type":"","background-media":"","overlay-type":"","overlay-color":"","overlay-opacity":"","overlay-gradient":""},"mobile":{"background-color":"","background-image":"","background-repeat":"repeat","background-position":"center center","background-size":"auto","background-attachment":"scroll","background-type":"","background-media":"","overlay-type":"","overlay-color":"","overlay-opacity":"","overlay-gradient":""}},"ast-content-background-meta":{"desktop":{"background-color":"var(--ast-global-color-5)","background-image":"","background-repeat":"repeat","background-position":"center center","background-size":"auto","background-attachment":"scroll","background-type":"","background-media":"","overlay-type":"","overlay-color":"","overlay-opacity":"","overlay-gradient":""},"tablet":{"background-color":"var(--ast-global-color-5)","background-image":"","background-repeat":"repeat","background-position":"center center","background-size":"auto","background-attachment":"scroll","background-type":"","background-media":"","overlay-type":"","overlay-color":"","overlay-opacity":"","overlay-gradient":""},"mobile":{"background-color":"var(--ast-global-color-5)","background-image":"","background-repeat":"repeat","background-position":"center center","background-size":"auto","background-attachment":"scroll","background-type":"","background-media":"","overlay-type":"","overlay-color":"","overlay-opacity":"","overlay-gradient":""}}},"product_brand":[],"product_cat":[90],"product_tag":[],"class_list":{"0":"post-19526","1":"product","2":"type-product","3":"status-publish","4":"has-post-thumbnail","6":"product_cat-plante-aromatice","7":"desktop-align-left","8":"tablet-align-left","9":"mobile-align-left","11":"first","12":"instock","13":"taxable","14":"shipping-taxable","15":"purchasable","16":"product-type-simple"},"_links":{"self":[{"href":"https:\/\/vivasem.ro\/index.php?rest_route=\/wp\/v2\/product\/19526","targetHints":{"allow":["GET"]}}],"collection":[{"href":"https:\/\/vivasem.ro\/index.php?rest_route=\/wp\/v2\/product"}],"about":[{"href":"https:\/\/vivasem.ro\/index.php?rest_route=\/wp\/v2\/types\/product"}],"replies":[{"embeddable":true,"href":"https:\/\/vivasem.ro\/index.php?rest_route=%2Fwp%2Fv2%2Fcomments&post=19526"}],"wp:featuredmedia":[{"embeddable":true,"href":"https:\/\/vivasem.ro\/index.php?rest_route=\/wp\/v2\/media\/19527"}],"wp:attachment":[{"href":"https:\/\/vivasem.ro\/index.php?rest_route=%2Fwp%2Fv2%2Fmedia&parent=19526"}],"wp:term":[{"taxonomy":"product_brand","embeddable":true,"href":"https:\/\/vivasem.ro\/index.php?rest_route=%2Fwp%2Fv2%2Fproduct_brand&post=19526"},{"taxonomy":"product_cat","embeddable":true,"href":"https:\/\/vivasem.ro\/index.php?rest_route=%2Fwp%2Fv2%2Fproduct_cat&post=19526"},{"taxonomy":"product_tag","embeddable":true,"href":"https:\/\/vivasem.ro\/index.php?rest_route=%2Fwp%2Fv2%2Fproduct_tag&post=19526"}],"curies":[{"name":"wp","href":"https:\/\/api.w.org\/{rel}","templated":true}]}}