{"id":19516,"date":"2026-03-04T08:55:06","date_gmt":"2026-03-04T06:55:06","guid":{"rendered":"https:\/\/vivasem.ro\/?post_type=product&#038;p=19516"},"modified":"2026-03-04T09:07:47","modified_gmt":"2026-03-04T07:07:47","slug":"ardei-lung-corno-di-toro-rosso","status":"publish","type":"product","link":"https:\/\/vivasem.ro\/?product=ardei-lung-corno-di-toro-rosso","title":{"rendered":"ARDEI LUNG CORNO DI TORO ROSSO"},"content":{"rendered":"<h6><span style=\"color: #ff0000;\"><strong><u>ARDEI LUNG CORNO DI TORO ROSSO ,<\/u><\/strong><\/span><\/h6>\n<h6><span style=\"color: #ff0000;\">Produc\u0103tor:<\/span>LE BON GRAIN-<span style=\"color: #ff0000;\">RACI Sementi srl-Italia<\/span><span style=\"color: #ff0000;\"><a href=\"https:\/\/vivasem.ro\/wp-content\/uploads\/2023\/02\/RACI.jpg\"><img loading=\"lazy\" decoding=\"async\" class=\"alignnone wp-image-9275\" src=\"https:\/\/vivasem.ro\/wp-content\/uploads\/2023\/02\/RACI.jpg\" alt=\"\" width=\"62\" height=\"104\" \/><\/a><\/span><\/h6>\n<h6><\/h6>\n<h6 class=\"Y3BBE\" data-hveid=\"CAEIAhAA\" data-complete=\"true\" data-processed=\"true\"><span style=\"color: #003300;\"><strong class=\"Yjhzub\" data-sfc-cb=\"\" data-complete=\"true\" data-processed=\"true\">Ardeiul lung Corno di Toro Rosso<\/strong> (Corn de Taur Ro\u0219u) este un soi tradi\u021bional italian de tip kapia, extrem de apreciat pentru forma sa alungit\u0103, u\u0219or curbat\u0103 \u0219i gustul dulce, intens.<\/span><\/h6>\n<h6 class=\"Y3BBE\" data-hveid=\"CAEIAhAA\" data-complete=\"true\" data-processed=\"true\"><span style=\"color: #000080;\"> Este o varietate versatil\u0103, ideal\u0103 pentru coacere, consum proasp\u0103t \u00een salate sau conservare sub form\u0103 de zacusc\u0103.<\/span><\/h6>\n<h6 class=\"otQkpb\" role=\"heading\" aria-level=\"3\" data-complete=\"true\" data-processed=\"true\"><span style=\"color: #000080;\">Caracteristicile Fructului \u0219i Plantei:<\/span><\/h6>\n<ul>\n<li style=\"list-style-type: none;\">\n<ul class=\"KsbFXc U6u95\" data-sfc-cb=\"\" data-complete=\"true\" data-processed=\"true\">\n<li class=\"dF3vjf\" data-sfc-cb=\"\" data-hveid=\"CAEIBBAA\" data-complete=\"true\" data-sae=\"\">\n<h6><span class=\"T286Pc\" style=\"color: #000080;\" data-sfc-cp=\"\" data-sfc-cb=\"\" data-complete=\"true\"><strong class=\"Yjhzub\" data-sfc-cb=\"\" data-complete=\"true\">Fructul<\/strong>: Are o form\u0103 conic\u0103, alungit\u0103, ating\u00e2nd lungimi de\u00a0<strong class=\"Yjhzub\" data-sfc-cb=\"\" data-complete=\"true\">18\u201320 cm<\/strong>. La maturitate, culoarea vireaz\u0103 de la verde la un\u00a0<strong class=\"Yjhzub\" data-sfc-cb=\"\" data-complete=\"true\">ro\u0219u str\u0103lucitor<\/strong>.<\/span><\/h6>\n<\/li>\n<li class=\"dF3vjf\" data-sfc-cb=\"\" data-hveid=\"CAEIBBAB\" data-complete=\"true\" data-sae=\"\">\n<h6><span class=\"T286Pc\" style=\"color: #000080;\" data-sfc-cp=\"\" data-sfc-cb=\"\" data-complete=\"true\"><strong class=\"Yjhzub\" data-sfc-cb=\"\" data-complete=\"true\">Pulpa<\/strong>: Este groas\u0103, crocant\u0103 \u0219i bogat\u0103 \u00een zaharuri, av\u00e2nd o arom\u0103 deosebit\u0103. Greutatea medie a unui fruct este de aproximativ\u00a0<strong class=\"Yjhzub\" data-sfc-cb=\"\" data-complete=\"true\">80\u2013100 grame<\/strong>.<\/span><\/h6>\n<\/li>\n<li class=\"dF3vjf\" data-sfc-cb=\"\" data-hveid=\"CAEIBBAC\" data-complete=\"true\" data-sae=\"\">\n<h6><span class=\"T286Pc\" style=\"color: #000080;\" data-sfc-cp=\"\" data-sfc-cb=\"\" data-complete=\"true\" aria-owns=\"action-menu-parent-container\"><strong class=\"Yjhzub\" data-sfc-cb=\"\" data-complete=\"true\">Planta<\/strong>: Este un soi semitimpuriu, viguros \u0219i productiv, cu o perioad\u0103 de vegeta\u021bie de aproximativ\u00a0<strong class=\"Yjhzub\" data-sfc-cb=\"\" data-complete=\"true\">95\u2013100 zile<\/strong>.<\/span><\/h6>\n<h6 class=\"otQkpb\" role=\"heading\" aria-level=\"3\" data-complete=\"true\" data-processed=\"true\"><span style=\"color: #000080;\">Ghid de Cultivare:<\/span><\/h6>\n<ul class=\"KsbFXc U6u95\" data-sfc-cb=\"\" data-complete=\"true\" data-processed=\"true\">\n<li class=\"dF3vjf\" data-sfc-cb=\"\" data-hveid=\"CAEIBxAA\" data-complete=\"true\" data-sae=\"\">\n<h6><span class=\"T286Pc\" style=\"color: #000080;\" data-sfc-cp=\"\" data-sfc-cb=\"\" data-complete=\"true\"><strong class=\"Yjhzub\" data-sfc-cb=\"\" data-complete=\"true\">Sem\u0103nare<\/strong>: \u00cen r\u0103sadni\u021be, la o ad\u00e2ncime de\u00a0<strong class=\"Yjhzub\" data-sfc-cb=\"\" data-complete=\"true\">0.5 cm<\/strong>, \u00eencep\u00e2nd cu luna februarie.<\/span><\/h6>\n<\/li>\n<li class=\"dF3vjf\" data-sfc-cb=\"\" data-hveid=\"CAEIBxAB\" data-complete=\"true\" data-sae=\"\">\n<h6><span class=\"T286Pc\" style=\"color: #000080;\" data-sfc-cp=\"\" data-sfc-cb=\"\" data-complete=\"true\"><strong class=\"Yjhzub\" data-sfc-cb=\"\" data-complete=\"true\">Plantare<\/strong>: Se mut\u0103 \u00een c\u00e2mp sau solar \u00een\u00a0<strong class=\"Yjhzub\" data-sfc-cb=\"\" data-complete=\"true\">aprilie \u2013 mai<\/strong>, dup\u0103 ce pericolul de \u00eenghe\u021b a trecut.<\/span><\/h6>\n<\/li>\n<li class=\"dF3vjf\" data-sfc-cb=\"\" data-hveid=\"CAEIBxAC\" data-complete=\"true\" data-sae=\"\">\n<h6><span class=\"T286Pc\" style=\"color: #000080;\" data-sfc-cp=\"\" data-sfc-cb=\"\" data-complete=\"true\"><strong class=\"Yjhzub\" data-sfc-cb=\"\" data-complete=\"true\">Distan\u021be<\/strong>: Se recomand\u0103 o distan\u021b\u0103 de\u00a0<strong class=\"Yjhzub\" data-sfc-cb=\"\" data-complete=\"true\">30\u201340 cm<\/strong>\u00a0\u00eentre plante \u0219i\u00a0<strong class=\"Yjhzub\" data-sfc-cb=\"\" data-complete=\"true\">50\u201360 cm<\/strong>\u00a0\u00eentre r\u00e2nduri.<\/span><\/h6>\n<\/li>\n<li class=\"dF3vjf\" data-sfc-cb=\"\" data-hveid=\"CAEIBxAD\" data-complete=\"true\" data-sae=\"\">\n<h6><span class=\"T286Pc\" style=\"color: #000080;\" data-sfc-cp=\"\" data-sfc-cb=\"\" data-complete=\"true\"><strong class=\"Yjhzub\" data-sfc-cb=\"\" data-complete=\"true\">Condi\u021bii<\/strong>: Prefer\u0103 locurile \u00eensorite, solul fertil, bine drenat \u0219i\u00a0<strong class=\"Yjhzub\" data-sfc-cb=\"\" data-complete=\"true\">irigarea constant\u0103<\/strong>.<\/span><\/h6>\n<\/li>\n<li class=\"dF3vjf\" data-sfc-cb=\"\" data-hveid=\"CAEIBxAE\" data-complete=\"true\" data-sae=\"\">\n<h6><span style=\"color: #000080;\"><span class=\"T286Pc\" data-sfc-cp=\"\" data-sfc-cb=\"\" data-complete=\"true\"><strong class=\"Yjhzub\" data-sfc-cb=\"\" data-complete=\"true\">Recoltare<\/strong>: Se realizeaz\u0103 e\u0219alonat, din\u00a0<strong class=\"Yjhzub\" data-sfc-cb=\"\" data-complete=\"true\">iulie p\u00e2n\u0103 \u00een septembrie\/octombrie<\/strong>.<\/span><span class=\"uJ19be notranslate\" data-wiz-uids=\"P7reG_28,P7reG_29\" data-sfc-cb=\"\" data-complete=\"true\"><span class=\"vKEkVd\" data-animation-atomic=\"\" data-wiz-attrbind=\"class=P7reG_27\/TKHnVd\" data-sae=\"\"><span aria-hidden=\"true\">\u00a0<\/span><button class=\"rBl3me\" tabindex=\"0\" data-amic=\"true\" data-icl-uuid=\"d3b4404e-7097-44ed-b2b1-d71ab6ffc060\" aria-label=\"Vezi linkuri conexe\" data-wiz-attrbind=\"disabled=P7reG_27\/C5gNJc;aria-label=P7reG_27\/bOjMyf;class=P7reG_27\/UpSNec\" data-ved=\"2ahUKEwjls9CH1YWTAxWm2QIHHQ8bAa0Qye0OegYIAQgHEAU\" data-hveid=\"CAEIBxAF\"><\/button><\/span><\/span><\/span><\/h6>\n<\/li>\n<\/ul>\n<h6 class=\"Fsg96\" data-complete=\"true\" data-processed=\"true\"><\/h6>\n<div class=\"otQkpb\" role=\"heading\" aria-level=\"3\" data-animation-nesting=\"\" data-sfc-cp=\"\" data-sfc-cb=\"\" data-complete=\"true\" data-processed=\"true\" data-sae=\"\" aria-owns=\"action-menu-parent-container\"><span style=\"font-size: 1.1em; font-weight: bold;\">2-7<\/span><\/div>\n<\/li>\n<\/ul>\n<\/li>\n<\/ul>\n","protected":false},"excerpt":{"rendered":"<h6><span style=\"color: #0000ff;\">3 GRAME\/380-450 semin\u021be<\/span><\/h6>\n<h6><span style=\"color: #ff00ff;\"><strong>\u00a0SOI PRODUCTIV DE ARDEI LUNGI.<\/strong><\/span><\/h6>\n<h6><\/h6>\n","protected":false},"featured_media":19517,"comment_status":"open","ping_status":"closed","template":"","meta":{"site-sidebar-layout":"default","site-content-layout":"default","ast-site-content-layout":"default","site-content-style":"default","site-sidebar-style":"default","ast-global-header-display":"","ast-banner-title-visibility":"","ast-main-header-display":"","ast-hfb-above-header-display":"","ast-hfb-below-header-display":"","ast-hfb-mobile-header-display":"","site-post-title":"","ast-breadcrumbs-content":"","ast-featured-img":"","footer-sml-layout":"","ast-disable-related-posts":"","theme-transparent-header-meta":"default","adv-header-id-meta":"","stick-header-meta":"","header-above-stick-meta":"","header-main-stick-meta":"","header-below-stick-meta":"","astra-migrate-meta-layouts":"set","ast-page-background-enabled":"default","ast-page-background-meta":{"desktop":{"background-color":"var(--ast-global-color-4)","background-image":"","background-repeat":"repeat","background-position":"center center","background-size":"auto","background-attachment":"scroll","background-type":"","background-media":"","overlay-type":"","overlay-color":"","overlay-opacity":"","overlay-gradient":""},"tablet":{"background-color":"","background-image":"","background-repeat":"repeat","background-position":"center center","background-size":"auto","background-attachment":"scroll","background-type":"","background-media":"","overlay-type":"","overlay-color":"","overlay-opacity":"","overlay-gradient":""},"mobile":{"background-color":"","background-image":"","background-repeat":"repeat","background-position":"center center","background-size":"auto","background-attachment":"scroll","background-type":"","background-media":"","overlay-type":"","overlay-color":"","overlay-opacity":"","overlay-gradient":""}},"ast-content-background-meta":{"desktop":{"background-color":"var(--ast-global-color-5)","background-image":"","background-repeat":"repeat","background-position":"center center","background-size":"auto","background-attachment":"scroll","background-type":"","background-media":"","overlay-type":"","overlay-color":"","overlay-opacity":"","overlay-gradient":""},"tablet":{"background-color":"var(--ast-global-color-5)","background-image":"","background-repeat":"repeat","background-position":"center center","background-size":"auto","background-attachment":"scroll","background-type":"","background-media":"","overlay-type":"","overlay-color":"","overlay-opacity":"","overlay-gradient":""},"mobile":{"background-color":"var(--ast-global-color-5)","background-image":"","background-repeat":"repeat","background-position":"center center","background-size":"auto","background-attachment":"scroll","background-type":"","background-media":"","overlay-type":"","overlay-color":"","overlay-opacity":"","overlay-gradient":""}}},"product_brand":[],"product_cat":[84,146],"product_tag":[],"class_list":{"0":"post-19516","1":"product","2":"type-product","3":"status-publish","4":"has-post-thumbnail","6":"product_cat-ardei","7":"product_cat-ardei-soi","8":"desktop-align-left","9":"tablet-align-left","10":"mobile-align-left","12":"first","13":"instock","14":"taxable","15":"shipping-taxable","16":"purchasable","17":"product-type-simple"},"_links":{"self":[{"href":"https:\/\/vivasem.ro\/index.php?rest_route=\/wp\/v2\/product\/19516","targetHints":{"allow":["GET"]}}],"collection":[{"href":"https:\/\/vivasem.ro\/index.php?rest_route=\/wp\/v2\/product"}],"about":[{"href":"https:\/\/vivasem.ro\/index.php?rest_route=\/wp\/v2\/types\/product"}],"replies":[{"embeddable":true,"href":"https:\/\/vivasem.ro\/index.php?rest_route=%2Fwp%2Fv2%2Fcomments&post=19516"}],"wp:featuredmedia":[{"embeddable":true,"href":"https:\/\/vivasem.ro\/index.php?rest_route=\/wp\/v2\/media\/19517"}],"wp:attachment":[{"href":"https:\/\/vivasem.ro\/index.php?rest_route=%2Fwp%2Fv2%2Fmedia&parent=19516"}],"wp:term":[{"taxonomy":"product_brand","embeddable":true,"href":"https:\/\/vivasem.ro\/index.php?rest_route=%2Fwp%2Fv2%2Fproduct_brand&post=19516"},{"taxonomy":"product_cat","embeddable":true,"href":"https:\/\/vivasem.ro\/index.php?rest_route=%2Fwp%2Fv2%2Fproduct_cat&post=19516"},{"taxonomy":"product_tag","embeddable":true,"href":"https:\/\/vivasem.ro\/index.php?rest_route=%2Fwp%2Fv2%2Fproduct_tag&post=19516"}],"curies":[{"name":"wp","href":"https:\/\/api.w.org\/{rel}","templated":true}]}}