{"id":19342,"date":"2026-02-07T20:53:35","date_gmt":"2026-02-07T18:53:35","guid":{"rendered":"https:\/\/vivasem.ro\/?post_type=product&#038;p=19342"},"modified":"2026-02-22T18:27:13","modified_gmt":"2026-02-22T16:27:13","slug":"spanac-gigante-dinverno-prima-sementi","status":"publish","type":"product","link":"https:\/\/vivasem.ro\/?product=spanac-gigante-dinverno-prima-sementi","title":{"rendered":"\u201e\u201eSpanac GIGANTE D\u2019INVERNO (PRIMA SEMENTI)"},"content":{"rendered":"<h6><span style=\"color: #ff0000;\">Spanac GIGANTE D\u2019INVERNO ,\u00a0 \u00a0 \u00a0 \u00a0 \u00a0 \u00a0 \u00a0 \u00a0 \u00a0<img loading=\"lazy\" decoding=\"async\" class=\"alignnone wp-image-14350\" src=\"https:\/\/vivasem.ro\/wp-content\/uploads\/2024\/11\/PRIMA-SEMENTI-300x91.jpg\" alt=\"\" width=\"201\" height=\"61\" srcset=\"https:\/\/vivasem.ro\/wp-content\/uploads\/2024\/11\/PRIMA-SEMENTI-300x91.jpg 300w, https:\/\/vivasem.ro\/wp-content\/uploads\/2024\/11\/PRIMA-SEMENTI-248x75.jpg 248w, https:\/\/vivasem.ro\/wp-content\/uploads\/2024\/11\/PRIMA-SEMENTI-150x45.jpg 150w, https:\/\/vivasem.ro\/wp-content\/uploads\/2024\/11\/PRIMA-SEMENTI.jpg 387w\" sizes=\"auto, (max-width: 201px) 100vw, 201px\" \/><\/span><\/h6>\n<h6><span style=\"color: #ff0000;\">PRODUC\u0102TOR-Prima Sementi SRL Alba Iulia.<\/span><\/h6>\n<h6><span style=\"color: #000080;\">Soiul de spanac &#8222;Gigante D&#8217;Inverno&#8221; (sau Winter Giant) este o varietate timpurie, cunoscut\u0103 pentru rezisten\u021ba sa la frig \u0219i pentru frunzele mari, c\u0103rnoase, de culoare verde deschis. Este ideal pentru recoltarea de toamn\u0103-iarn\u0103.<\/span><\/h6>\n<ul data-complete=\"true\" data-processed=\"true\">\n<li data-hveid=\"CAEIBBAA\" data-complete=\"true\" data-sae=\"\">\n<h6><span style=\"color: #000080;\">Vigoare \u0219i Aspect: Planta are o cre\u0219tere viguroas\u0103, compact\u0103, form\u00e2nd o rozet\u0103 mare,<\/span><\/h6>\n<h6><span style=\"color: #000080;\">cu diametrul de 20-25 cm. , cu frunze erecte, ample, consistente \u0219i u\u0219or gofrate .<\/span><\/h6>\n<\/li>\n<li data-hveid=\"CAEIBBAB\" data-complete=\"true\" data-sae=\"\">\n<h6><span style=\"color: #000080;\">Sezon: Este un soi de iarn\u0103, foarte rezistent la frig \u0219i \u00eenghe\u021b mediu-timpuriu, recomandat pentru recoltarea \u00een sezonul rece.<\/span><\/h6>\n<\/li>\n<li data-hveid=\"CAEIBBAC\" data-complete=\"true\" data-sae=\"\">\n<h6><span style=\"color: #000080;\">Gust: Frunzele sunt apreciate pentru gustul lor dulce \u0219i foarte gustos, fiind ideale pentru consumul \u00een stare proasp\u0103t\u0103.<\/span><\/h6>\n<\/li>\n<li data-hveid=\"CAEIBBAD\" data-complete=\"true\" data-sae=\"\">\n<h6><span style=\"color: #000080;\" data-sfc-cp=\"\" data-complete=\"true\" aria-owns=\"action-menu-parent-container\">Perioada de vegeta\u021bie: Are o perioad\u0103 de vegeta\u021bie relativ scurt\u0103, de aproximativ 25-40 de zile pentru prima recolt\u0103 de frunze tinere.<\/span><\/h6>\n<\/li>\n<\/ul>\n<h6 role=\"heading\" aria-level=\"3\" data-complete=\"true\" data-processed=\"true\"><span style=\"color: #000080;\">Cultivare:<\/span><\/h6>\n<h6 role=\"heading\" aria-level=\"3\" data-complete=\"true\" data-processed=\"true\"><span style=\"color: #000080;\">\u00a0Sem\u0103narea se poate face \u00een c\u00e2mp deschis pe o perioad\u0103 larg\u0103, din februarie p\u00e2n\u0103 \u00een octombrie, pentru a asigura o recolt\u0103 continu\u0103.<\/span><\/h6>\n<ul data-processed=\"true\" data-complete=\"true\">\n<li data-hveid=\"CAEIBhAB\" data-complete=\"true\" data-sae=\"\">\n<h6><span style=\"color: #000080;\">Ad\u00e2ncime \u0219i Distan\u021b\u0103: Semin\u021bele se planteaz\u0103 la o ad\u00e2ncime de 1-2 cm, cu o distan\u021b\u0103 de 20-30 cm \u00eentre r\u00e2nduri.<\/span><\/h6>\n<\/li>\n<li data-hveid=\"CAEIBhAC\" data-complete=\"true\" data-sae=\"\">\n<h6><span style=\"color: #000080;\">R\u0103rire: Dup\u0103 r\u0103s\u0103rire, este necesar\u0103 r\u0103rirea plantelor, l\u0103s\u00e2nd cel pu\u021bin 10 cm \u00eentre ele, pentru a le permite s\u0103 se dezvolte corespunz\u0103tor.<\/span><\/h6>\n<\/li>\n<li data-hveid=\"CAEIBhAD\" data-sae=\"\" data-complete=\"true\">\n<h6><span style=\"color: #000080;\" data-sfc-cp=\"\" data-complete=\"true\" aria-owns=\"action-menu-parent-container\">Sol: Spanacul prefer\u0103 un sol men\u021binut moderat umed, dar f\u0103r\u0103 exces de ap\u0103, \u0219i un sol af\u00e2nat. Este o cultur\u0103 preten\u021bioas\u0103, care necesit\u0103 anumite condi\u021bii pentru o recolt\u0103 bogat\u0103.<\/span><\/h6>\n<\/li>\n<\/ul>\n<h6><span style=\"color: #000080;\">1 gram con\u021bine aproximativ 80-90 semin\u021be de spanac.<\/span><\/h6>\n<h6><\/h6>\n<h6><\/h6>\n","protected":false},"excerpt":{"rendered":"<h6><span style=\"color: #0000ff;\">18 grame\/1450- 1600semin\u021be<\/span><\/h6>\n<h6><span style=\"color: #ff00ff;\">\u00a0<\/span><\/h6>\n","protected":false},"featured_media":19343,"comment_status":"open","ping_status":"closed","template":"","meta":{"site-sidebar-layout":"default","site-content-layout":"default","ast-site-content-layout":"default","site-content-style":"default","site-sidebar-style":"default","ast-global-header-display":"","ast-banner-title-visibility":"","ast-main-header-display":"","ast-hfb-above-header-display":"","ast-hfb-below-header-display":"","ast-hfb-mobile-header-display":"","site-post-title":"","ast-breadcrumbs-content":"","ast-featured-img":"","footer-sml-layout":"","ast-disable-related-posts":"","theme-transparent-header-meta":"default","adv-header-id-meta":"","stick-header-meta":"","header-above-stick-meta":"","header-main-stick-meta":"","header-below-stick-meta":"","astra-migrate-meta-layouts":"set","ast-page-background-enabled":"default","ast-page-background-meta":{"desktop":{"background-color":"var(--ast-global-color-4)","background-image":"","background-repeat":"repeat","background-position":"center center","background-size":"auto","background-attachment":"scroll","background-type":"","background-media":"","overlay-type":"","overlay-color":"","overlay-opacity":"","overlay-gradient":""},"tablet":{"background-color":"","background-image":"","background-repeat":"repeat","background-position":"center center","background-size":"auto","background-attachment":"scroll","background-type":"","background-media":"","overlay-type":"","overlay-color":"","overlay-opacity":"","overlay-gradient":""},"mobile":{"background-color":"","background-image":"","background-repeat":"repeat","background-position":"center center","background-size":"auto","background-attachment":"scroll","background-type":"","background-media":"","overlay-type":"","overlay-color":"","overlay-opacity":"","overlay-gradient":""}},"ast-content-background-meta":{"desktop":{"background-color":"var(--ast-global-color-5)","background-image":"","background-repeat":"repeat","background-position":"center center","background-size":"auto","background-attachment":"scroll","background-type":"","background-media":"","overlay-type":"","overlay-color":"","overlay-opacity":"","overlay-gradient":""},"tablet":{"background-color":"var(--ast-global-color-5)","background-image":"","background-repeat":"repeat","background-position":"center center","background-size":"auto","background-attachment":"scroll","background-type":"","background-media":"","overlay-type":"","overlay-color":"","overlay-opacity":"","overlay-gradient":""},"mobile":{"background-color":"var(--ast-global-color-5)","background-image":"","background-repeat":"repeat","background-position":"center center","background-size":"auto","background-attachment":"scroll","background-type":"","background-media":"","overlay-type":"","overlay-color":"","overlay-opacity":"","overlay-gradient":""}}},"product_brand":[],"product_cat":[114],"product_tag":[],"class_list":{"0":"post-19342","1":"product","2":"type-product","3":"status-publish","4":"has-post-thumbnail","6":"product_cat-spanac","7":"desktop-align-left","8":"tablet-align-left","9":"mobile-align-left","11":"first","12":"outofstock","13":"taxable","14":"shipping-taxable","15":"purchasable","16":"product-type-simple"},"_links":{"self":[{"href":"https:\/\/vivasem.ro\/index.php?rest_route=\/wp\/v2\/product\/19342","targetHints":{"allow":["GET"]}}],"collection":[{"href":"https:\/\/vivasem.ro\/index.php?rest_route=\/wp\/v2\/product"}],"about":[{"href":"https:\/\/vivasem.ro\/index.php?rest_route=\/wp\/v2\/types\/product"}],"replies":[{"embeddable":true,"href":"https:\/\/vivasem.ro\/index.php?rest_route=%2Fwp%2Fv2%2Fcomments&post=19342"}],"wp:featuredmedia":[{"embeddable":true,"href":"https:\/\/vivasem.ro\/index.php?rest_route=\/wp\/v2\/media\/19343"}],"wp:attachment":[{"href":"https:\/\/vivasem.ro\/index.php?rest_route=%2Fwp%2Fv2%2Fmedia&parent=19342"}],"wp:term":[{"taxonomy":"product_brand","embeddable":true,"href":"https:\/\/vivasem.ro\/index.php?rest_route=%2Fwp%2Fv2%2Fproduct_brand&post=19342"},{"taxonomy":"product_cat","embeddable":true,"href":"https:\/\/vivasem.ro\/index.php?rest_route=%2Fwp%2Fv2%2Fproduct_cat&post=19342"},{"taxonomy":"product_tag","embeddable":true,"href":"https:\/\/vivasem.ro\/index.php?rest_route=%2Fwp%2Fv2%2Fproduct_tag&post=19342"}],"curies":[{"name":"wp","href":"https:\/\/api.w.org\/{rel}","templated":true}]}}