{"id":19336,"date":"2026-02-07T19:59:21","date_gmt":"2026-02-07T17:59:21","guid":{"rendered":"https:\/\/vivasem.ro\/?post_type=product&#038;p=19336"},"modified":"2026-02-07T20:08:04","modified_gmt":"2026-02-07T18:08:04","slug":"macris-prima-sementi","status":"publish","type":"product","link":"https:\/\/vivasem.ro\/?product=macris-prima-sementi","title":{"rendered":"M\u0102CRIS (PRIMA SEMENTI)"},"content":{"rendered":"<h6><span style=\"color: #ff0000;\">M\u0102CRI\u0218,\u00a0 \u00a0 \u00a0 \u00a0 \u00a0 \u00a0 \u00a0 \u00a0 \u00a0<img loading=\"lazy\" decoding=\"async\" class=\"alignnone wp-image-14350\" src=\"https:\/\/vivasem.ro\/wp-content\/uploads\/2024\/11\/PRIMA-SEMENTI-300x91.jpg\" alt=\"\" width=\"201\" height=\"61\" srcset=\"https:\/\/vivasem.ro\/wp-content\/uploads\/2024\/11\/PRIMA-SEMENTI-300x91.jpg 300w, https:\/\/vivasem.ro\/wp-content\/uploads\/2024\/11\/PRIMA-SEMENTI-248x75.jpg 248w, https:\/\/vivasem.ro\/wp-content\/uploads\/2024\/11\/PRIMA-SEMENTI-150x45.jpg 150w, https:\/\/vivasem.ro\/wp-content\/uploads\/2024\/11\/PRIMA-SEMENTI.jpg 387w\" sizes=\"auto, (max-width: 201px) 100vw, 201px\" \/><\/span><\/h6>\n<h6><span style=\"color: #ff0000;\">PRODUC\u0102TOR-Prima Sementi SRL Alba Iulia.<\/span><\/h6>\n<h6><span style=\"color: #000080;\">M\u0103cri\u0219ul (Rumex acetosa L.)\u00a0este o plant\u0103 ierboas\u0103 peren\u0103, apreciat\u0103 at\u00e2t ca legum\u0103 cu frunze, c\u00e2t \u0219i ca plant\u0103 medicinal\u0103, cunoscut\u0103 pentru\u00a0gustul s\u0103u acri\u0219or \u0219i pl\u0103cut. Cre\u0219te spontan \u00een multe zone \u0219i este cultivat pe scar\u0103 larg\u0103.<\/span><\/h6>\n<ul data-complete=\"true\" data-processed=\"true\">\n<li data-hveid=\"CAUQAA\" data-complete=\"true\" data-sae=\"\">\n<h6><span style=\"color: #000080;\">Plantare: Poate fi transplantat prim\u0103vara devreme, deoarece rezist\u0103 bine la frig.<\/span><\/h6>\n<\/li>\n<li data-hveid=\"CAUQAQ\" data-complete=\"true\" data-sae=\"\">\n<h6><span style=\"color: #000080;\">Condi\u021bii Optime: Prefer\u0103 un sol bogat \u00een materie organic\u0103, cu o bun\u0103 capacitate de drenare. De asemenea, beneficiaz\u0103 de pu\u021bin\u0103 umbr\u0103 \u00een timpul verii toride.<\/span><\/h6>\n<\/li>\n<li data-hveid=\"CAUQAg\" data-complete=\"true\" data-sae=\"\">\n<h6><span style=\"color: #000080;\" data-sfc-cp=\"\" data-complete=\"true\" aria-owns=\"action-menu-parent-container\">Specii: Pe l\u00e2ng\u0103 m\u0103cri\u0219ul comun (Rumex acetosa), exist\u0103 \u0219i alte specii, cum ar fi m\u0103cri\u0219ul de gr\u0103din\u0103 sau \u0219tevia (Rumex patientia)\u00a0<\/span><\/h6>\n<\/li>\n<\/ul>\n<h6 role=\"heading\" aria-level=\"3\" data-complete=\"true\" data-processed=\"true\"><span style=\"color: #000080;\">Utiliz\u0103ri culinar<\/span><span style=\"color: #000080; font-size: 17.6px;\">e:<\/span><\/h6>\n<h6 data-hveid=\"CAcQAA\" data-complete=\"true\" data-processed=\"true\"><span style=\"color: #000080;\">Gustul acri\u0219or al m\u0103cri\u0219ului, datorit\u0103 con\u021binutului de oxala\u021bi, \u00eel face un ingredient popular \u00een diverse preparate.<\/span><\/h6>\n<ul data-complete=\"true\" data-processed=\"true\">\n<li data-hveid=\"CAkQAA\" data-complete=\"true\" data-sae=\"\">\n<h6><span style=\"color: #000080;\">Crud: Poate fi ad\u0103ugat \u00een salate pentru a le spori aroma.<\/span><\/h6>\n<\/li>\n<li data-hveid=\"CAkQAQ\" data-complete=\"true\" data-sae=\"\">\n<h6><span style=\"color: #000080;\">G\u0103tit: Este ingredientul principal \u00een preparate tradi\u021bionale, cum ar fi\u00a0ciorba de m\u0103cri\u0219\u00a0sau\u00a0m\u00e2ncarea de m\u0103cri\u0219. De asemenea, se folose\u0219te \u00een piureuri sau al\u0103turi de ou\u0103.<\/span><\/h6>\n<\/li>\n<li data-hveid=\"CAkQAg\" data-complete=\"true\" data-sae=\"\">\n<h6><span style=\"color: #000080;\">Sfaturi de preparare: Frunzele se spal\u0103 bine \u0219i, de obicei, se op\u0103resc sau se fierb \u00een prealabil pentru a \u00eenmuia textura \u0219i a reduce din aciditate, dup\u0103 care se scurg de ap\u0103 \u0219i se toac\u0103 m\u0103runt.<\/span><\/h6>\n<\/li>\n<\/ul>\n<h6 role=\"heading\" aria-level=\"3\" data-complete=\"true\" data-processed=\"true\"><span style=\"color: #000080;\">Beneficii pentru s\u0103n\u0103tate<\/span><\/h6>\n<h6 data-hveid=\"CAsQAA\" data-complete=\"true\" data-processed=\"true\"><span style=\"color: #000080;\">M\u0103cri\u0219ul a fost folosit de secole ca remediu natural, fiind bogat \u00een nutrien\u021bi \u0219i av\u00e2nd diverse propriet\u0103\u021bi.<\/span><\/h6>\n<ul data-complete=\"true\" data-processed=\"true\">\n<li data-hveid=\"CAwQAA\" data-complete=\"true\" data-sae=\"\">\n<h6><span style=\"color: #000080;\">Propriet\u0103\u021bi: Este cunoscut ca fiind aperitiv, digestiv, depurativ, diuretic, antiscorbutic \u0219i laxativ.<\/span><\/h6>\n<\/li>\n<li data-hveid=\"CAwQAQ\" data-complete=\"true\" data-sae=\"\">\n<h6><span style=\"color: #000080;\">Sistemul Imunitar \u0219i Digestiv: Ajut\u0103 la \u00eent\u0103rirea sistemului imunitar \u0219i la o digestie mai bun\u0103.<\/span><\/h6>\n<\/li>\n<li data-hveid=\"CAwQAg\" data-complete=\"true\" data-sae=\"\">\n<h6><span style=\"color: #000080;\">Alte Beneficii: Consumul de m\u0103cri\u0219 poate contribui la \u00eembun\u0103t\u0103\u021birea vederii \u0219i la sprijinirea sistemului cardiovascular.<span aria-hidden=\"true\" aria-owns=\"action-menu-parent-container\">\u00a0<\/span><\/span><\/h6>\n<\/li>\n<\/ul>\n<h6><span style=\"color: #000080;\">Este important de re\u021binut c\u0103, de\u0219i benefic, consumul excesiv poate avea contraindica\u021bii din cauza con\u021binutului de oxala\u021bi.<\/span><\/h6>\n","protected":false},"excerpt":{"rendered":"<h6><span style=\"color: #0000ff;\">1,5 grame\/ circa 1500 semin\u021be<\/span><\/h6>\n<h6><span style=\"color: #ff00ff;\">\u00a0<\/span><\/h6>\n","protected":false},"featured_media":19337,"comment_status":"open","ping_status":"closed","template":"","meta":{"site-sidebar-layout":"default","site-content-layout":"default","ast-site-content-layout":"default","site-content-style":"default","site-sidebar-style":"default","ast-global-header-display":"","ast-banner-title-visibility":"","ast-main-header-display":"","ast-hfb-above-header-display":"","ast-hfb-below-header-display":"","ast-hfb-mobile-header-display":"","site-post-title":"","ast-breadcrumbs-content":"","ast-featured-img":"","footer-sml-layout":"","ast-disable-related-posts":"","theme-transparent-header-meta":"default","adv-header-id-meta":"","stick-header-meta":"","header-above-stick-meta":"","header-main-stick-meta":"","header-below-stick-meta":"","astra-migrate-meta-layouts":"set","ast-page-background-enabled":"default","ast-page-background-meta":{"desktop":{"background-color":"var(--ast-global-color-4)","background-image":"","background-repeat":"repeat","background-position":"center center","background-size":"auto","background-attachment":"scroll","background-type":"","background-media":"","overlay-type":"","overlay-color":"","overlay-opacity":"","overlay-gradient":""},"tablet":{"background-color":"","background-image":"","background-repeat":"repeat","background-position":"center center","background-size":"auto","background-attachment":"scroll","background-type":"","background-media":"","overlay-type":"","overlay-color":"","overlay-opacity":"","overlay-gradient":""},"mobile":{"background-color":"","background-image":"","background-repeat":"repeat","background-position":"center center","background-size":"auto","background-attachment":"scroll","background-type":"","background-media":"","overlay-type":"","overlay-color":"","overlay-opacity":"","overlay-gradient":""}},"ast-content-background-meta":{"desktop":{"background-color":"var(--ast-global-color-5)","background-image":"","background-repeat":"repeat","background-position":"center center","background-size":"auto","background-attachment":"scroll","background-type":"","background-media":"","overlay-type":"","overlay-color":"","overlay-opacity":"","overlay-gradient":""},"tablet":{"background-color":"var(--ast-global-color-5)","background-image":"","background-repeat":"repeat","background-position":"center center","background-size":"auto","background-attachment":"scroll","background-type":"","background-media":"","overlay-type":"","overlay-color":"","overlay-opacity":"","overlay-gradient":""},"mobile":{"background-color":"var(--ast-global-color-5)","background-image":"","background-repeat":"repeat","background-position":"center center","background-size":"auto","background-attachment":"scroll","background-type":"","background-media":"","overlay-type":"","overlay-color":"","overlay-opacity":"","overlay-gradient":""}}},"product_brand":[],"product_cat":[91],"product_tag":[],"class_list":{"0":"post-19336","1":"product","2":"type-product","3":"status-publish","4":"has-post-thumbnail","6":"product_cat-alte-legume","7":"desktop-align-left","8":"tablet-align-left","9":"mobile-align-left","11":"first","12":"instock","13":"taxable","14":"shipping-taxable","15":"purchasable","16":"product-type-simple"},"_links":{"self":[{"href":"https:\/\/vivasem.ro\/index.php?rest_route=\/wp\/v2\/product\/19336","targetHints":{"allow":["GET"]}}],"collection":[{"href":"https:\/\/vivasem.ro\/index.php?rest_route=\/wp\/v2\/product"}],"about":[{"href":"https:\/\/vivasem.ro\/index.php?rest_route=\/wp\/v2\/types\/product"}],"replies":[{"embeddable":true,"href":"https:\/\/vivasem.ro\/index.php?rest_route=%2Fwp%2Fv2%2Fcomments&post=19336"}],"wp:featuredmedia":[{"embeddable":true,"href":"https:\/\/vivasem.ro\/index.php?rest_route=\/wp\/v2\/media\/19337"}],"wp:attachment":[{"href":"https:\/\/vivasem.ro\/index.php?rest_route=%2Fwp%2Fv2%2Fmedia&parent=19336"}],"wp:term":[{"taxonomy":"product_brand","embeddable":true,"href":"https:\/\/vivasem.ro\/index.php?rest_route=%2Fwp%2Fv2%2Fproduct_brand&post=19336"},{"taxonomy":"product_cat","embeddable":true,"href":"https:\/\/vivasem.ro\/index.php?rest_route=%2Fwp%2Fv2%2Fproduct_cat&post=19336"},{"taxonomy":"product_tag","embeddable":true,"href":"https:\/\/vivasem.ro\/index.php?rest_route=%2Fwp%2Fv2%2Fproduct_tag&post=19336"}],"curies":[{"name":"wp","href":"https:\/\/api.w.org\/{rel}","templated":true}]}}