{"id":19314,"date":"2026-02-07T14:35:15","date_gmt":"2026-02-07T12:35:15","guid":{"rendered":"https:\/\/vivasem.ro\/?post_type=product&#038;p=19314"},"modified":"2026-04-06T20:19:22","modified_gmt":"2026-04-06T18:19:22","slug":"vinete-nite-lady-f1","status":"publish","type":"product","link":"https:\/\/vivasem.ro\/?product=vinete-nite-lady-f1","title":{"rendered":"VINETE NITE LADY F1"},"content":{"rendered":"<h6><span style=\"color: #ff0000;\">VINETE\u00a0 NITE LADY F1,<\/span><span style=\"color: #ff0000;\">\u00a0 \u00a0 \u00a0 \u00a0 \u00a0 \u00a0 \u00a0 \u00a0 \u00a0 \u00a0 \u00a0 \u00a0<img loading=\"lazy\" decoding=\"async\" class=\"alignnone wp-image-14350\" src=\"https:\/\/vivasem.ro\/wp-content\/uploads\/2024\/11\/PRIMA-SEMENTI-300x91.jpg\" alt=\"\" width=\"201\" height=\"61\" srcset=\"https:\/\/vivasem.ro\/wp-content\/uploads\/2024\/11\/PRIMA-SEMENTI-300x91.jpg 300w, https:\/\/vivasem.ro\/wp-content\/uploads\/2024\/11\/PRIMA-SEMENTI-248x75.jpg 248w, https:\/\/vivasem.ro\/wp-content\/uploads\/2024\/11\/PRIMA-SEMENTI-150x45.jpg 150w, https:\/\/vivasem.ro\/wp-content\/uploads\/2024\/11\/PRIMA-SEMENTI.jpg 387w\" sizes=\"auto, (max-width: 201px) 100vw, 201px\" \/><\/span><\/h6>\n<h6><span style=\"color: #ff0000;\">PRODUC\u0102TOR-Prima Sementi SRL Alba Iulia.<\/span><\/h6>\n<h6><span style=\"color: #333399;\"><strong><strong class=\"Yjhzub\" data-complete=\"true\" data-processed=\"true\">Nite Lady F1<\/strong>\u00a0este un hibrid de vinete semitimpuriu (ciclu vegetativ de aproximativ 70 de zile), apreciat pentru productivitatea ridicat\u0103 \u0219i adaptabilitatea at\u00e2t \u00een c\u00e2mp deschis, c\u00e2t \u0219i \u00een spa\u021bii protejate (sere \u0219i solarii).<span class=\"uJ19be notranslate\" data-wiz-uids=\"LphOZ_e,LphOZ_f\" data-complete=\"true\" data-processed=\"true\"><span class=\"vKEkVd\" data-animation-atomic=\"\" data-wiz-attrbind=\"class=LphOZ_d\/TKHnVd\" data-sae=\"\"><span aria-hidden=\"true\" aria-owns=\"action-menu-parent-container\">\u00a0<\/span><\/span><\/span><\/strong><\/span><\/h6>\n<h6><span style=\"color: #000080;\">Caracteristici principale:<\/span><\/h6>\n<ul data-complete=\"true\" data-processed=\"true\">\n<li data-hveid=\"CAQQAA\" data-complete=\"true\" data-sae=\"\">\n<h6><span class=\"T286Pc\" style=\"color: #000080;\" data-sfc-cp=\"\" data-complete=\"true\"><strong class=\"Yjhzub\" data-complete=\"true\">Fructul<\/strong>: Are o form\u0103 cilindric\u0103, alungit\u0103, cu o culoare negru str\u0103lucitor \u0219i pulp\u0103 alb\u0103, fin\u0103, f\u0103r\u0103 gust amar.<\/span><\/h6>\n<\/li>\n<li data-hveid=\"CAQQAQ\" data-complete=\"true\" data-sae=\"\">\n<h6><span class=\"T286Pc\" style=\"color: #000080;\" data-sfc-cp=\"\" data-complete=\"true\"><strong class=\"Yjhzub\" data-complete=\"true\">Greutate<\/strong>: Media unui fruct este de\u00a0<strong class=\"Yjhzub\" data-complete=\"true\">250\u2013300 grame<\/strong>.<\/span><\/h6>\n<\/li>\n<li data-hveid=\"CAQQAg\" data-complete=\"true\" data-sae=\"\">\n<h6><span class=\"T286Pc\" style=\"color: #000080;\" data-sfc-cp=\"\" data-complete=\"true\"><strong class=\"Yjhzub\" data-complete=\"true\">Planta<\/strong>: Este viguroas\u0103, cu un sistem radicular bine dezvoltat, rezistent\u0103 la temperaturi ridicate \u0219i stres.<\/span><\/h6>\n<\/li>\n<li data-hveid=\"CAQQAw\" data-complete=\"true\" data-sae=\"\">\n<h6><span class=\"T286Pc\" style=\"color: #000080;\" data-sfc-cp=\"\" data-complete=\"true\"><strong class=\"Yjhzub\" data-complete=\"true\">Recoltare<\/strong>: Se remarc\u0103 prin\u00a0<strong class=\"Yjhzub\" data-complete=\"true\">dezvoltarea lent\u0103 a semin\u021belor<\/strong>\u00a0\u00een interiorul fructului, ceea ce permite o perioad\u0103 extins\u0103 de recoltare \u0219i o p\u0103strare mai bun\u0103 dup\u0103 culegere.<\/span><\/h6>\n<\/li>\n<li data-hveid=\"CAQQBA\" data-complete=\"true\" data-sae=\"\">\n<h6><span class=\"T286Pc\" style=\"color: #000080;\" data-sfc-cp=\"\" data-complete=\"true\"><strong class=\"Yjhzub\" data-complete=\"true\">F\u0103r\u0103 \u021bepi<\/strong>: Caliciul (cupa) \u0219i pedunculul nu prezint\u0103 \u021bepi, facilit\u00e2nd manipularea \u0219i recoltarea f\u0103r\u0103 r\u0103niri.<\/span><\/h6>\n<\/li>\n<li data-hveid=\"CAYQAA\" data-complete=\"true\" data-sae=\"\">\n<h6><span style=\"color: #000080;\">Distan\u021ba de plantare: Recomandat\u0103 la 90&#215;50 cm.<\/span><\/h6>\n<\/li>\n<li data-hveid=\"CAYQAQ\" data-complete=\"true\" data-sae=\"\">\n<h6><span style=\"color: #000080;\">Rezisten\u021be: Prezint\u0103 toleran\u021b\u0103 la virusul mozaicului tutunului (ToMV) \u0219i o rezisten\u021b\u0103 bun\u0103 la\u00a0Verticillium.<\/span><\/h6>\n<\/li>\n<li data-hveid=\"CAYQAg\" data-complete=\"true\" data-sae=\"\">\n<h6><span style=\"color: #000080;\" data-sfc-cp=\"\" data-complete=\"true\" aria-owns=\"action-menu-parent-container\">Ad\u00e2ncime sem\u0103nat: Aproximativ 4 cm<\/span><\/h6>\n<\/li>\n<\/ul>\n","protected":false},"excerpt":{"rendered":"<h6><span style=\"color: #0000ff;\">0,1 grame\/cca 25 SEMIN\u021aE<\/span><\/h6>\n<p>&nbsp;<\/p>\n","protected":false},"featured_media":19316,"comment_status":"open","ping_status":"closed","template":"","meta":{"site-sidebar-layout":"default","site-content-layout":"default","ast-site-content-layout":"default","site-content-style":"default","site-sidebar-style":"default","ast-global-header-display":"","ast-banner-title-visibility":"","ast-main-header-display":"","ast-hfb-above-header-display":"","ast-hfb-below-header-display":"","ast-hfb-mobile-header-display":"","site-post-title":"","ast-breadcrumbs-content":"","ast-featured-img":"","footer-sml-layout":"","ast-disable-related-posts":"","theme-transparent-header-meta":"default","adv-header-id-meta":"","stick-header-meta":"","header-above-stick-meta":"","header-main-stick-meta":"","header-below-stick-meta":"","astra-migrate-meta-layouts":"set","ast-page-background-enabled":"default","ast-page-background-meta":{"desktop":{"background-color":"var(--ast-global-color-4)","background-image":"","background-repeat":"repeat","background-position":"center center","background-size":"auto","background-attachment":"scroll","background-type":"","background-media":"","overlay-type":"","overlay-color":"","overlay-opacity":"","overlay-gradient":""},"tablet":{"background-color":"","background-image":"","background-repeat":"repeat","background-position":"center center","background-size":"auto","background-attachment":"scroll","background-type":"","background-media":"","overlay-type":"","overlay-color":"","overlay-opacity":"","overlay-gradient":""},"mobile":{"background-color":"","background-image":"","background-repeat":"repeat","background-position":"center center","background-size":"auto","background-attachment":"scroll","background-type":"","background-media":"","overlay-type":"","overlay-color":"","overlay-opacity":"","overlay-gradient":""}},"ast-content-background-meta":{"desktop":{"background-color":"var(--ast-global-color-5)","background-image":"","background-repeat":"repeat","background-position":"center center","background-size":"auto","background-attachment":"scroll","background-type":"","background-media":"","overlay-type":"","overlay-color":"","overlay-opacity":"","overlay-gradient":""},"tablet":{"background-color":"var(--ast-global-color-5)","background-image":"","background-repeat":"repeat","background-position":"center center","background-size":"auto","background-attachment":"scroll","background-type":"","background-media":"","overlay-type":"","overlay-color":"","overlay-opacity":"","overlay-gradient":""},"mobile":{"background-color":"var(--ast-global-color-5)","background-image":"","background-repeat":"repeat","background-position":"center center","background-size":"auto","background-attachment":"scroll","background-type":"","background-media":"","overlay-type":"","overlay-color":"","overlay-opacity":"","overlay-gradient":""}}},"product_brand":[],"product_cat":[86],"product_tag":[],"class_list":{"0":"post-19314","1":"product","2":"type-product","3":"status-publish","4":"has-post-thumbnail","6":"product_cat-vinete","7":"desktop-align-left","8":"tablet-align-left","9":"mobile-align-left","11":"first","12":"instock","13":"taxable","14":"shipping-taxable","15":"purchasable","16":"product-type-simple"},"_links":{"self":[{"href":"https:\/\/vivasem.ro\/index.php?rest_route=\/wp\/v2\/product\/19314","targetHints":{"allow":["GET"]}}],"collection":[{"href":"https:\/\/vivasem.ro\/index.php?rest_route=\/wp\/v2\/product"}],"about":[{"href":"https:\/\/vivasem.ro\/index.php?rest_route=\/wp\/v2\/types\/product"}],"replies":[{"embeddable":true,"href":"https:\/\/vivasem.ro\/index.php?rest_route=%2Fwp%2Fv2%2Fcomments&post=19314"}],"wp:featuredmedia":[{"embeddable":true,"href":"https:\/\/vivasem.ro\/index.php?rest_route=\/wp\/v2\/media\/19316"}],"wp:attachment":[{"href":"https:\/\/vivasem.ro\/index.php?rest_route=%2Fwp%2Fv2%2Fmedia&parent=19314"}],"wp:term":[{"taxonomy":"product_brand","embeddable":true,"href":"https:\/\/vivasem.ro\/index.php?rest_route=%2Fwp%2Fv2%2Fproduct_brand&post=19314"},{"taxonomy":"product_cat","embeddable":true,"href":"https:\/\/vivasem.ro\/index.php?rest_route=%2Fwp%2Fv2%2Fproduct_cat&post=19314"},{"taxonomy":"product_tag","embeddable":true,"href":"https:\/\/vivasem.ro\/index.php?rest_route=%2Fwp%2Fv2%2Fproduct_tag&post=19314"}],"curies":[{"name":"wp","href":"https:\/\/api.w.org\/{rel}","templated":true}]}}