{"id":19137,"date":"2026-01-16T19:47:30","date_gmt":"2026-01-16T17:47:30","guid":{"rendered":"https:\/\/vivasem.ro\/?post_type=product&#038;p=19137"},"modified":"2026-01-16T19:51:37","modified_gmt":"2026-01-16T17:51:37","slug":"ardei-gras-red-knight-f1-8s","status":"publish","type":"product","link":"https:\/\/vivasem.ro\/?product=ardei-gras-red-knight-f1-8s","title":{"rendered":"ARDEI GRAS RED KNIGHT F1 (8s)"},"content":{"rendered":"<h6 style=\"text-align: left;\"><span style=\"color: #ff0000;\"><u>ARDEI GRAS RED KNIGHT\u00a0 F1 ,<\/u><\/span>\u00a0 \u00a0 \u00a0 \u00a0 \u00a0 \u00a0 \u00a0 \u00a0 \u00a0 \u00a0 \u00a0 \u00a0 \u00a0 \u00a0 \u00a0 \u00a0 \u00a0 \u00a0 \u00a0 \u00a0 \u00a0 \u00a0 \u00a0 \u00a0 <span style=\"color: #ff0000;\"><u><img loading=\"lazy\" decoding=\"async\" class=\"alignnone wp-image-14218\" src=\"https:\/\/vivasem.ro\/wp-content\/uploads\/2023\/11\/SEMINIS-BAYER-300x105.png\" alt=\"\" width=\"191\" height=\"67\" srcset=\"https:\/\/vivasem.ro\/wp-content\/uploads\/2023\/11\/SEMINIS-BAYER-300x105.png 300w, https:\/\/vivasem.ro\/wp-content\/uploads\/2023\/11\/SEMINIS-BAYER-248x87.png 248w, https:\/\/vivasem.ro\/wp-content\/uploads\/2023\/11\/SEMINIS-BAYER-150x53.png 150w, https:\/\/vivasem.ro\/wp-content\/uploads\/2023\/11\/SEMINIS-BAYER.png 376w\" sizes=\"auto, (max-width: 191px) 100vw, 191px\" \/><\/u><\/span><\/h6>\n<h6 style=\"text-align: left;\"><span style=\"color: #ff0000;\"><u>-Produc\u0103tor :SEMINIS-MONSANTO HOLLAND BV.<\/u><\/span><\/h6>\n<h6><span style=\"color: #0000ff;\">Hibrid de ardei gras,al soiului Uria\u0219 de California , timpuriu, cu cre\u0219tere nedeterminat\u0103, recomandat at\u00e2t pentru cultura in solarii \u0219i sere, c\u00e2t si in c\u00e2mp deschis.<\/span><br \/>\n<span style=\"color: #ff0000;\">Fructele sunt foarte mari, cu un gust pl\u0103cut \u0219i aspect comercial deosebit.<\/span><\/h6>\n<h6><span style=\"color: #ff0000;\">Culoarea ini\u021bial\u0103 verde-intens, se transform\u0103 la maturitate in ro\u0219u aprins.<\/span><\/h6>\n<h6><span style=\"color: #ff0000;\">Fructele foarte mari, in 3-4 lobi, au greutatea medie peste 200 grame \u0219i pot dep\u0103\u0219ii 350 grame <\/span><\/h6>\n<h6><span style=\"color: #ff0000;\">Dimensiuni: 11\u00d711 cm;<\/span><\/h6>\n<h6><span style=\"color: #ff0000;\">Pulpa este foarte groasa de aproximativ 7-8 mm.<\/span><\/h6>\n<h6><span style=\"color: #ff0000;\">Gustul este foarte placut \u0219i dulce.<\/span><\/h6>\n<h6>Caracteristicile plantelor:<\/h6>\n<h6><span style=\"color: #0000ff;\">Hibrid de ardei gras timpuriu, cu crestere nedeterminata;<\/span><\/h6>\n<h6><span style=\"color: #0000ff;\">Perioada de vegetatie: 65-70 zile de la transplantare;<\/span><\/h6>\n<h6><span style=\"color: #0000ff;\">Plante sunt viguroase, compacte, cu foliaj bine dezvoltat ce ofera fructelor o buna protectie solara;<\/span><\/h6>\n<h6><span style=\"color: #0000ff;\">Hibrid recomandat atat pentru cultura in spatii protejate cat si in camp.<\/span><\/h6>\n<h6><span style=\"color: #0000ff;\">Rezistenta la BST ( Patarea bacteriana, Xanthomonas axonopodis topinile 1, 2 si 3 ) PVY (Mozaicul Y al cartofului, tulpina p0).<\/span><\/h6>\n<h6><span style=\"color: #0000ff;\">DE CULTIVAT \u00ceN GR\u0102DIN\u0102 \u0218I \u00ceN SOLAR.<\/span><\/h6>\n","protected":false},"excerpt":{"rendered":"<h6><span style=\"color: #0000ff;\">8 Semin\u021be<\/span><\/h6>\n<h6><span style=\"color: #ff00ff;\">FRUC<\/span><span style=\"color: #ff00ff;\">TE MARI, <\/span><span style=\"color: #ff00ff;\">FOARTE\u00a0 GUSTOASE!<\/span><\/h6>\n","protected":false},"featured_media":10980,"comment_status":"open","ping_status":"closed","template":"","meta":{"site-sidebar-layout":"default","site-content-layout":"default","ast-site-content-layout":"default","site-content-style":"default","site-sidebar-style":"default","ast-global-header-display":"","ast-banner-title-visibility":"","ast-main-header-display":"","ast-hfb-above-header-display":"","ast-hfb-below-header-display":"","ast-hfb-mobile-header-display":"","site-post-title":"","ast-breadcrumbs-content":"","ast-featured-img":"","footer-sml-layout":"","ast-disable-related-posts":"","theme-transparent-header-meta":"default","adv-header-id-meta":"","stick-header-meta":"","header-above-stick-meta":"","header-main-stick-meta":"","header-below-stick-meta":"","astra-migrate-meta-layouts":"set","ast-page-background-enabled":"default","ast-page-background-meta":{"desktop":{"background-color":"var(--ast-global-color-4)","background-image":"","background-repeat":"repeat","background-position":"center center","background-size":"auto","background-attachment":"scroll","background-type":"","background-media":"","overlay-type":"","overlay-color":"","overlay-opacity":"","overlay-gradient":""},"tablet":{"background-color":"","background-image":"","background-repeat":"repeat","background-position":"center center","background-size":"auto","background-attachment":"scroll","background-type":"","background-media":"","overlay-type":"","overlay-color":"","overlay-opacity":"","overlay-gradient":""},"mobile":{"background-color":"","background-image":"","background-repeat":"repeat","background-position":"center center","background-size":"auto","background-attachment":"scroll","background-type":"","background-media":"","overlay-type":"","overlay-color":"","overlay-opacity":"","overlay-gradient":""}},"ast-content-background-meta":{"desktop":{"background-color":"var(--ast-global-color-5)","background-image":"","background-repeat":"repeat","background-position":"center center","background-size":"auto","background-attachment":"scroll","background-type":"","background-media":"","overlay-type":"","overlay-color":"","overlay-opacity":"","overlay-gradient":""},"tablet":{"background-color":"var(--ast-global-color-5)","background-image":"","background-repeat":"repeat","background-position":"center center","background-size":"auto","background-attachment":"scroll","background-type":"","background-media":"","overlay-type":"","overlay-color":"","overlay-opacity":"","overlay-gradient":""},"mobile":{"background-color":"var(--ast-global-color-5)","background-image":"","background-repeat":"repeat","background-position":"center center","background-size":"auto","background-attachment":"scroll","background-type":"","background-media":"","overlay-type":"","overlay-color":"","overlay-opacity":"","overlay-gradient":""}}},"product_brand":[],"product_cat":[84,145],"product_tag":[],"class_list":{"0":"post-19137","1":"product","2":"type-product","3":"status-publish","4":"has-post-thumbnail","6":"product_cat-ardei","7":"product_cat-ardei-hibrid","8":"pa_cantitate-10-seminte","9":"pa_cantitate-100-seminte","10":"pa_cantitate-200-seminte","11":"pa_cantitate-25-seminte","12":"pa_cantitate-250-seminte","13":"pa_cantitate-5-seminte","14":"pa_cantitate-50-seminte","15":"pa_cantitate-500-seminte","16":"desktop-align-left","17":"tablet-align-left","18":"mobile-align-left","20":"first","21":"instock","22":"taxable","23":"shipping-taxable","24":"product-type-simple"},"_links":{"self":[{"href":"https:\/\/vivasem.ro\/index.php?rest_route=\/wp\/v2\/product\/19137","targetHints":{"allow":["GET"]}}],"collection":[{"href":"https:\/\/vivasem.ro\/index.php?rest_route=\/wp\/v2\/product"}],"about":[{"href":"https:\/\/vivasem.ro\/index.php?rest_route=\/wp\/v2\/types\/product"}],"replies":[{"embeddable":true,"href":"https:\/\/vivasem.ro\/index.php?rest_route=%2Fwp%2Fv2%2Fcomments&post=19137"}],"wp:featuredmedia":[{"embeddable":true,"href":"https:\/\/vivasem.ro\/index.php?rest_route=\/wp\/v2\/media\/10980"}],"wp:attachment":[{"href":"https:\/\/vivasem.ro\/index.php?rest_route=%2Fwp%2Fv2%2Fmedia&parent=19137"}],"wp:term":[{"taxonomy":"product_brand","embeddable":true,"href":"https:\/\/vivasem.ro\/index.php?rest_route=%2Fwp%2Fv2%2Fproduct_brand&post=19137"},{"taxonomy":"product_cat","embeddable":true,"href":"https:\/\/vivasem.ro\/index.php?rest_route=%2Fwp%2Fv2%2Fproduct_cat&post=19137"},{"taxonomy":"product_tag","embeddable":true,"href":"https:\/\/vivasem.ro\/index.php?rest_route=%2Fwp%2Fv2%2Fproduct_tag&post=19137"}],"curies":[{"name":"wp","href":"https:\/\/api.w.org\/{rel}","templated":true}]}}