{"id":18718,"date":"2026-01-01T10:33:07","date_gmt":"2026-01-01T08:33:07","guid":{"rendered":"https:\/\/vivasem.ro\/?post_type=product&#038;p=18718"},"modified":"2026-02-05T18:12:00","modified_gmt":"2026-02-05T16:12:00","slug":"speckled-roman-romano-macchiato","status":"publish","type":"product","link":"https:\/\/vivasem.ro\/?product=speckled-roman-romano-macchiato","title":{"rendered":".SPECKLED ROMAN \/ROMANO MACCHIATO"},"content":{"rendered":"<h6><span style=\"color: #ff00ff;\"><strong>SPECKLED ROMAN \/ROMANO MACCHIATO,<\/strong><\/span><\/h6>\n<h6><span style=\"color: #ff0000;\"><strong style=\"font-size: 17.6px;\">ACESTA ESTE CONSIDERAT CEL MAI BUN SOI PENTRU SALAT\u0102 DIN LUME !<\/strong><\/span><\/h6>\n<h6><span style=\"color: #0000ff;\"><strong>UN SOI SUPERB DE TOMATE LUNGI, V\u0102RGATE GALBEN CU RO\u0218U<\/strong>, CARE \u00ceN AFAR\u0102 DE ASPECTUL SPECTACULOS, ARE FRUCTE FOARTE GUSTOASE,AROMATE, DULCI, FIIND UNUL DINTRE CELE MAI C\u0102UTATE SOIURI DE CONSUMAT PROASPETE, \u00ceN SALATE .<\/span><\/h6>\n<h6>\u0218I LA CELE DOU\u0102\u00a0 CALIT\u0102\u021aI IMPORTANTE,SE ADAUG\u0102 \u0218I A TREIA, \u0218I ANUME<span style=\"color: #ff6600;\"> PRODUCTIVITATEA FOARTE BUN\u0102.<\/span><\/h6>\n<h6>FRUCTELE SUNT C\u0102RNOASE,CU FOARTE PU\u021aINE SEMIN\u021aE \u0218I POT AJUNGE \u0218I LA 15 CM LUNGIME,\u00a0 IAR GREUTATEA ESTE \u00ceN MEDIE DE 70-150 grame, DAR POT TRECE \u0218I DE 200 grame. ; SUNT REZISTENTE LA CR\u0102PARE, DIN ELE SE POT OB\u021aINE , NU NUMAI SALATE, CI \u0218I SOSURI SAU CONSERVE EXCELENTE.<\/h6>\n<h6><span style=\"color: #0000ff;\">PLANTELE FOARTE PRODUCTIVE ,FORMEAZ\u0102 FRUCTELE \u00ceN CIORCHINI\u00a0 TIP CORDON, AU O BUN\u0102 TRZISTEN\u021a\u0102\u00a0 LA TEMPERATURI SC\u0102ZUTE,\u00a0 PRODUC\u00c2ND CONSTANT P\u00c2N\u0102 LA SOSIREA FRIGULUI.<\/span><\/h6>\n<h6>ACEST SOI MINUNAT, A FOST CREEAT\u00a0 \u00ceN SUA, DE C\u0102TRE JOHN SWENSON , UN MARE AGRONOM AMERICAN, PRIN \u00ceNCRUCI\u0218AREA \u00ceNTRE\u00a0 SOIURILE ANTIQUE ROMAN \u0218I BANANA LEGS\u00a0 &#8230;<\/h6>\n","protected":false},"excerpt":{"rendered":"<h6><span style=\"color: #0000ff;\">30 SEMIN\u021aE<\/span><\/h6>\n<h6><span style=\"color: #ff00ff;\">SOI SPECTACULOS \u0218I DEOSEBIT DE GUSTOS !<\/span><\/h6>\n<p>&nbsp;<\/p>\n","protected":false},"featured_media":3046,"comment_status":"open","ping_status":"closed","template":"","meta":{"site-sidebar-layout":"default","site-content-layout":"default","ast-site-content-layout":"default","site-content-style":"default","site-sidebar-style":"default","ast-global-header-display":"","ast-banner-title-visibility":"","ast-main-header-display":"","ast-hfb-above-header-display":"","ast-hfb-below-header-display":"","ast-hfb-mobile-header-display":"","site-post-title":"","ast-breadcrumbs-content":"","ast-featured-img":"","footer-sml-layout":"","ast-disable-related-posts":"","theme-transparent-header-meta":"default","adv-header-id-meta":"","stick-header-meta":"","header-above-stick-meta":"","header-main-stick-meta":"","header-below-stick-meta":"","astra-migrate-meta-layouts":"set","ast-page-background-enabled":"default","ast-page-background-meta":{"desktop":{"background-color":"var(--ast-global-color-4)","background-image":"","background-repeat":"repeat","background-position":"center center","background-size":"auto","background-attachment":"scroll","background-type":"","background-media":"","overlay-type":"","overlay-color":"","overlay-opacity":"","overlay-gradient":""},"tablet":{"background-color":"","background-image":"","background-repeat":"repeat","background-position":"center center","background-size":"auto","background-attachment":"scroll","background-type":"","background-media":"","overlay-type":"","overlay-color":"","overlay-opacity":"","overlay-gradient":""},"mobile":{"background-color":"","background-image":"","background-repeat":"repeat","background-position":"center center","background-size":"auto","background-attachment":"scroll","background-type":"","background-media":"","overlay-type":"","overlay-color":"","overlay-opacity":"","overlay-gradient":""}},"ast-content-background-meta":{"desktop":{"background-color":"var(--ast-global-color-5)","background-image":"","background-repeat":"repeat","background-position":"center center","background-size":"auto","background-attachment":"scroll","background-type":"","background-media":"","overlay-type":"","overlay-color":"","overlay-opacity":"","overlay-gradient":""},"tablet":{"background-color":"var(--ast-global-color-5)","background-image":"","background-repeat":"repeat","background-position":"center center","background-size":"auto","background-attachment":"scroll","background-type":"","background-media":"","overlay-type":"","overlay-color":"","overlay-opacity":"","overlay-gradient":""},"mobile":{"background-color":"var(--ast-global-color-5)","background-image":"","background-repeat":"repeat","background-position":"center center","background-size":"auto","background-attachment":"scroll","background-type":"","background-media":"","overlay-type":"","overlay-color":"","overlay-opacity":"","overlay-gradient":""}}},"product_brand":[],"product_cat":[180,139,151,178,15],"product_tag":[],"class_list":{"0":"post-18718","1":"product","2":"type-product","3":"status-publish","4":"has-post-thumbnail","6":"product_cat-oferte-de-pret-cantitate","7":"product_cat-tomate-galbene-orange-bicolore-verzi","8":"product_cat-soiuri-italiene","9":"product_cat-soiuri-lungi","10":"product_cat-tomate-soi","11":"desktop-align-left","12":"tablet-align-left","13":"mobile-align-left","15":"first","16":"instock","17":"taxable","18":"shipping-taxable","19":"purchasable","20":"product-type-simple"},"_links":{"self":[{"href":"https:\/\/vivasem.ro\/index.php?rest_route=\/wp\/v2\/product\/18718","targetHints":{"allow":["GET"]}}],"collection":[{"href":"https:\/\/vivasem.ro\/index.php?rest_route=\/wp\/v2\/product"}],"about":[{"href":"https:\/\/vivasem.ro\/index.php?rest_route=\/wp\/v2\/types\/product"}],"replies":[{"embeddable":true,"href":"https:\/\/vivasem.ro\/index.php?rest_route=%2Fwp%2Fv2%2Fcomments&post=18718"}],"wp:featuredmedia":[{"embeddable":true,"href":"https:\/\/vivasem.ro\/index.php?rest_route=\/wp\/v2\/media\/3046"}],"wp:attachment":[{"href":"https:\/\/vivasem.ro\/index.php?rest_route=%2Fwp%2Fv2%2Fmedia&parent=18718"}],"wp:term":[{"taxonomy":"product_brand","embeddable":true,"href":"https:\/\/vivasem.ro\/index.php?rest_route=%2Fwp%2Fv2%2Fproduct_brand&post=18718"},{"taxonomy":"product_cat","embeddable":true,"href":"https:\/\/vivasem.ro\/index.php?rest_route=%2Fwp%2Fv2%2Fproduct_cat&post=18718"},{"taxonomy":"product_tag","embeddable":true,"href":"https:\/\/vivasem.ro\/index.php?rest_route=%2Fwp%2Fv2%2Fproduct_tag&post=18718"}],"curies":[{"name":"wp","href":"https:\/\/api.w.org\/{rel}","templated":true}]}}