{"id":18232,"date":"2025-12-28T11:25:57","date_gmt":"2025-12-28T09:25:57","guid":{"rendered":"https:\/\/vivasem.ro\/?post_type=product&#038;p=18232"},"modified":"2025-12-28T11:36:37","modified_gmt":"2025-12-28T09:36:37","slug":"gold-medal-giant-oferta-g-60-80","status":"publish","type":"product","link":"https:\/\/vivasem.ro\/?product=gold-medal-giant-oferta-g-60-80","title":{"rendered":"GOLD MEDAL (Giant) (Ofert\u0103\/G. 60-80%)"},"content":{"rendered":"<h6><span style=\"color: #ff0000;\">GOLD MEDAL\/MEDALIA DE AUR.Reimer Seeds USA,<\/span><\/h6>\n<h6><span style=\"color: #0000ff;\">Lot cu germina\u021bie de 60-80%.<\/span><\/h6>\n<h6>SOI\u00a0 BI-COLOR, CUNOSCUT \u0218I CA <span style=\"color: #ff0000;\">RUBY GOLD,<\/span> CU FRUCTE FOARTE MARI , \u00ceN MEDIE DE 200-400 grame,\u00a0 DAR CARE\u00a0 POT AJUNGE\u00a0 URIA\u0218E, P\u00c2N\u0102 LA\u00a0 1 kilogram .<\/h6>\n<h6><span style=\"color: #0000ff;\">\u00ceN 2008, A C\u00c2\u0218TIGAT CONCURSUL SSE TOMATO TASTING, PENTRU CEL MAI BUN GUST !<\/span> \u0218I PE BUN\u0102 DREPTATE, SUNT FOARTE GUSTOASE, FOARTE DULCI, CU O AROM\u0102 PUTERNIC\u0102 DE RO\u0218IE CLASIC\u0102 .<\/h6>\n<h6>TOMATELE SUNT FOARTE\u00a0 FRUMOASE, GALBENE-PORTOCALII , COMBINATE CU RO\u0218U \u0218I ROZ, ATAT LA EXTERIOR,CAT \u0218I LA INTERIOR.<\/h6>\n<h6>PULPA TIP BEEFSTEAK, FOARTE C\u0102RNOAS\u0102, SUCULENT\u0102, CE POATE FI FELIAT\u0102 \u0218I FOLOSIT\u0102 \u00ceN SANDVI\u0218URI, SALATE, ETC.<\/h6>\n<h6>SOI HEIRLOOM, NEDETERMINAT.<\/h6>\n<h6>\u00a0 <span style=\"color: #0000ff;\">FOARTE PRODUCTIV,<\/span> CU FOARTE BUNE REZULTATE \u00ceN GR\u0102DIN\u0102, DAR \u0218I \u00ceN SOLAR, DE SEZON LUNG, FRUCTIFIC\u0102 BINE P\u00c2N\u0102 LA SF\u00c2R\u0218IT.<\/h6>\n<h6>TIMPURIETATE FOARTE BUN\u0102, PENTRU UN SOI CU FRUCTE FOARTE MARI,\u00a0 75\u00a0 ZILE DE LA TRANSPLANT.<\/h6>\n<h6>SOI HEIRLOOM AMERICAN, ATESTAT \u00ceN 1921 ,CA RUBY GOLD, IAR DIN 1976, BEN QUISENBERRY \u00ceL REDENUME\u0218TE CA GOLD MEDAL , \u0218I A TRECUT CA DESCRIERE SCURT\u0102 <span style=\"color: #0000ff;\">,,Cea mai dulce tomat\u0103 pe care a\u021bi gustat-o,,<\/span><\/h6>\n","protected":false},"excerpt":{"rendered":"<h6><span style=\"color: #ff00ff;\">SOI CAMPION !<\/span><\/h6>\n<h6><span style=\"color: #ff00ff;\">GUST EXCEP\u021aIONAL !<\/span><\/h6>\n<h6><span style=\"color: #ff00ff;\">GIGANT FOARTE PRODUCTIV !<\/span><\/h6>\n","protected":false},"featured_media":5926,"comment_status":"open","ping_status":"closed","template":"","meta":{"site-sidebar-layout":"default","site-content-layout":"default","ast-site-content-layout":"default","site-content-style":"default","site-sidebar-style":"default","ast-global-header-display":"","ast-banner-title-visibility":"","ast-main-header-display":"","ast-hfb-above-header-display":"","ast-hfb-below-header-display":"","ast-hfb-mobile-header-display":"","site-post-title":"","ast-breadcrumbs-content":"","ast-featured-img":"","footer-sml-layout":"","ast-disable-related-posts":"","theme-transparent-header-meta":"default","adv-header-id-meta":"","stick-header-meta":"","header-above-stick-meta":"","header-main-stick-meta":"","header-below-stick-meta":"","astra-migrate-meta-layouts":"set","ast-page-background-enabled":"default","ast-page-background-meta":{"desktop":{"background-color":"var(--ast-global-color-4)","background-image":"","background-repeat":"repeat","background-position":"center center","background-size":"auto","background-attachment":"scroll","background-type":"","background-media":"","overlay-type":"","overlay-color":"","overlay-opacity":"","overlay-gradient":""},"tablet":{"background-color":"","background-image":"","background-repeat":"repeat","background-position":"center center","background-size":"auto","background-attachment":"scroll","background-type":"","background-media":"","overlay-type":"","overlay-color":"","overlay-opacity":"","overlay-gradient":""},"mobile":{"background-color":"","background-image":"","background-repeat":"repeat","background-position":"center center","background-size":"auto","background-attachment":"scroll","background-type":"","background-media":"","overlay-type":"","overlay-color":"","overlay-opacity":"","overlay-gradient":""}},"ast-content-background-meta":{"desktop":{"background-color":"var(--ast-global-color-5)","background-image":"","background-repeat":"repeat","background-position":"center center","background-size":"auto","background-attachment":"scroll","background-type":"","background-media":"","overlay-type":"","overlay-color":"","overlay-opacity":"","overlay-gradient":""},"tablet":{"background-color":"var(--ast-global-color-5)","background-image":"","background-repeat":"repeat","background-position":"center center","background-size":"auto","background-attachment":"scroll","background-type":"","background-media":"","overlay-type":"","overlay-color":"","overlay-opacity":"","overlay-gradient":""},"mobile":{"background-color":"var(--ast-global-color-5)","background-image":"","background-repeat":"repeat","background-position":"center center","background-size":"auto","background-attachment":"scroll","background-type":"","background-media":"","overlay-type":"","overlay-color":"","overlay-opacity":"","overlay-gradient":""}}},"product_brand":[],"product_cat":[180,139,141,15],"product_tag":[],"class_list":{"0":"post-18232","1":"product","2":"type-product","3":"status-publish","4":"has-post-thumbnail","6":"product_cat-oferte-de-pret-cantitate","7":"product_cat-tomate-galbene-orange-bicolore-verzi","8":"product_cat-soi-gigant-urias","9":"product_cat-tomate-soi","10":"pa_cantitate-10-seminte","11":"pa_cantitate-100-seminte","12":"pa_cantitate-200-seminte","13":"pa_cantitate-25-seminte","14":"pa_cantitate-250-seminte","15":"pa_cantitate-5-seminte","16":"pa_cantitate-50-seminte","17":"pa_cantitate-500-seminte","18":"desktop-align-left","19":"tablet-align-left","20":"mobile-align-left","22":"first","23":"instock","24":"sale","25":"taxable","26":"shipping-taxable","27":"purchasable","28":"product-type-variable"},"_links":{"self":[{"href":"https:\/\/vivasem.ro\/index.php?rest_route=\/wp\/v2\/product\/18232","targetHints":{"allow":["GET"]}}],"collection":[{"href":"https:\/\/vivasem.ro\/index.php?rest_route=\/wp\/v2\/product"}],"about":[{"href":"https:\/\/vivasem.ro\/index.php?rest_route=\/wp\/v2\/types\/product"}],"replies":[{"embeddable":true,"href":"https:\/\/vivasem.ro\/index.php?rest_route=%2Fwp%2Fv2%2Fcomments&post=18232"}],"wp:featuredmedia":[{"embeddable":true,"href":"https:\/\/vivasem.ro\/index.php?rest_route=\/wp\/v2\/media\/5926"}],"wp:attachment":[{"href":"https:\/\/vivasem.ro\/index.php?rest_route=%2Fwp%2Fv2%2Fmedia&parent=18232"}],"wp:term":[{"taxonomy":"product_brand","embeddable":true,"href":"https:\/\/vivasem.ro\/index.php?rest_route=%2Fwp%2Fv2%2Fproduct_brand&post=18232"},{"taxonomy":"product_cat","embeddable":true,"href":"https:\/\/vivasem.ro\/index.php?rest_route=%2Fwp%2Fv2%2Fproduct_cat&post=18232"},{"taxonomy":"product_tag","embeddable":true,"href":"https:\/\/vivasem.ro\/index.php?rest_route=%2Fwp%2Fv2%2Fproduct_tag&post=18232"}],"curies":[{"name":"wp","href":"https:\/\/api.w.org\/{rel}","templated":true}]}}