{"id":17853,"date":"2025-12-03T13:13:52","date_gmt":"2025-12-03T11:13:52","guid":{"rendered":"https:\/\/vivasem.ro\/?post_type=product&#038;p=17853"},"modified":"2025-12-05T16:48:55","modified_gmt":"2025-12-05T14:48:55","slug":"aldemir-f1-syngenta","status":"publish","type":"product","link":"https:\/\/vivasem.ro\/?product=aldemir-f1-syngenta","title":{"rendered":"_ALDEMIR F1-SYNGENTA"},"content":{"rendered":"<h6><span style=\"color: #ff0000;\"><strong><u>ALDEMIR F1,<\/u><\/strong><\/span> \u00a0\u00a0 \u00a0\u00a0 \u00a0\u00a0 \u00a0\u00a0 \u00a0\u00a0 \u00a0\u00a0 \u00a0\u00a0<span style=\"color: #ff0000;\"><strong><u><a href=\"https:\/\/vivasem.ro\/wp-content\/uploads\/2023\/11\/SYNGENTA-LOGO-original.jpg\"><img loading=\"lazy\" decoding=\"async\" class=\"alignnone wp-image-11252\" src=\"https:\/\/vivasem.ro\/wp-content\/uploads\/2023\/11\/SYNGENTA-LOGO-original.jpg\" alt=\"\" width=\"195\" height=\"65\" srcset=\"https:\/\/vivasem.ro\/wp-content\/uploads\/2023\/11\/SYNGENTA-LOGO-original.jpg 378w, https:\/\/vivasem.ro\/wp-content\/uploads\/2023\/11\/SYNGENTA-LOGO-original-248x83.jpg 248w, https:\/\/vivasem.ro\/wp-content\/uploads\/2023\/11\/SYNGENTA-LOGO-300x100.jpg 300w\" sizes=\"auto, (max-width: 195px) 100vw, 195px\" \/><\/a><\/u><\/strong><\/span><\/h6>\n<h6><span style=\"color: #ff0000;\">Produc\u0103tor semin\u021be:SYNGENTA,<\/span><\/h6>\n<p>Ambalate \u00een plic ZIP etichetat.<\/p>\n<div class=\"ast-oembed-container \" style=\"height: 100%;\"><iframe loading=\"lazy\" title=\"Aldemir F1 \u00een B\u0103leni, DB - tomate nedeterminate cu toleran\u021b\u0103 la TSWV\" width=\"422\" height=\"750\" src=\"https:\/\/www.youtube.com\/embed\/F2HRaohrv00?feature=oembed\" frameborder=\"0\" allow=\"accelerometer; autoplay; clipboard-write; encrypted-media; gyroscope; picture-in-picture; web-share\" referrerpolicy=\"strict-origin-when-cross-origin\" allowfullscreen><\/iframe><\/div>\n<p>&nbsp;<\/p>\n<div class=\"ast-oembed-container \" style=\"height: 100%;\"><iframe loading=\"lazy\" title=\"Aldemir - tomate nedeterminate pentru plantare in perioada 1 aprilie - 30 mai - toleran\u021b\u0103 la TSWV\" width=\"422\" height=\"750\" src=\"https:\/\/www.youtube.com\/embed\/WvWP4eYNz0Q?feature=oembed\" frameborder=\"0\" allow=\"accelerometer; autoplay; clipboard-write; encrypted-media; gyroscope; picture-in-picture; web-share\" referrerpolicy=\"strict-origin-when-cross-origin\" allowfullscreen><\/iframe><\/div>\n<h6><span style=\"color: #ff0000;\">ALDEMIR F1 este un hibrid nou de tomate cu cre\u0219tere nedeterminat\u0103 din gama Syngenta,cu fructe mari \u0219i foarte gustoase , ce prezint\u0103 adaptabilitate pe cicluri lungi de productie, maximizand perioada de recoltare.\u00a0<\/span><\/h6>\n<h6><span style=\"color: #000080;\">Greutatea medie a fructelor este de 250 grame, dar pot ajunge \u0219i mai mari, sunt foarte gustoase \u0219i dulci.<\/span><\/h6>\n<h6><span style=\"color: #000080;\">Fructele sunt uniforme, semiplate \u0219i u\u0219or ondulate.<\/span><br \/>\n<span style=\"color: #000080;\">Acestea au fermitate bun\u0103, gust excelent \u0219i culoare ro\u0219u intens.<\/span><\/h6>\n<h6><span style=\"color: #ff0000;\">Conceput pentru a excela \u00een sere \u0219i solarii, Aldemir F1, combin\u0103 productivitatea ridicat\u0103 cu calitatea excep\u021bional\u0103 a fructelor, asigur\u00e2nd o produc\u021bie constant\u0103 de tomate premium chiar \u0219i \u00een condi\u021bii climatice dificile.<\/span><br \/>\n<span style=\"color: #003366;\">Cu Aldemir, beneficia\u021bi de:<\/span><br \/>\n<span style=\"color: #000080;\">&#8211; Un hibrid modern, adaptat perfect pentru produc\u021bia \u00een sere \u0219i solarii;<\/span><br \/>\n<span style=\"color: #000080;\">&#8211; Maximizarea produc\u021biei \u00een cicluri lungi de cultur\u0103;<\/span><br \/>\n<span style=\"color: #000080;\">&#8211; Fructele au coacere din interior, sunt de calitate superioar\u0103, cu aspect atractiv, fermitate bun\u0103 \u0219i gust excelent;<\/span><\/h6>\n<h6><span style=\"color: #000080;\">Tomatele ALDEMIR F1 sunt destinate culturii in sere \u0219i solarii, pe toate ciclurile de cultur\u0103.<\/span><\/h6>\n<h6><span style=\"color: #000080;\">Planta are o vigoare foarte buna, aigur\u00e2nd o acoperire foliar\u0103 excelent\u0103.<\/span><\/h6>\n<h6><span style=\"color: #000080;\">Tomatele ALDEMIR F1 prezinta o capacitate foarte buna de transport \u0219i de p\u0103strare la raft. <\/span><\/h6>\n<h6><span style=\"color: #000080;\">Culese mai verzi, se coc foarte bine ulterior.<\/span><\/h6>\n<h6><span style=\"color: #ff0000;\">Principalele avantaje pentru legumicultori sunt:<\/span><\/h6>\n<ul>\n<li>\n<h6><span style=\"color: #ff0000;\">Forma clasic\u0103, u\u0219or ondulat\u0103<\/span><\/h6>\n<\/li>\n<li>\n<h6><span style=\"color: #ff0000;\">Gust<\/span><\/h6>\n<\/li>\n<li>\n<h6><span style=\"color: #ff0000;\">Toleranta la virusul petelor de bronz (TSWV), o problema des intalnita mai ales la ciclul 2 de cultur\u0103.<\/span><\/h6>\n<\/li>\n<li>\n<h6><span style=\"color: #ff0000;\">\u00a0Legare bun\u0103 la temperaturile ridicate din var\u0103, f\u0103r\u0103<\/span><br \/>\n<span style=\"color: #ff0000;\">avortarea florilor;<\/span><\/h6>\n<\/li>\n<\/ul>\n<h6><span style=\"color: #000080;\">Se recomand\u0103 plantarea \u00een perioada 1 aprilie &#8211; 31 mai;<\/span><\/h6>\n<h6><span style=\"color: #000080;\">-Maturitate timpurie;<\/span><\/h6>\n<h6><span style=\"color: #000080;\">&#8211; Plantele au vigoare medie,<\/span><\/h6>\n<h6><span style=\"color: #000080;\">&#8211; Internoduri medii;<\/span><\/h6>\n<h6><span style=\"color: #ff0000;\">Rezistenta la boli (HR\/Ridicat\u0103):<\/span><\/h6>\n<ul>\n<li>\n<h6><span style=\"color: #ff0000;\">TSWV &#8211; Tomato Spotted Wilt Virus (Virusul petelor de bronz);<\/span><\/h6>\n<\/li>\n<li>\n<h6><span style=\"color: #ff0000;\">ToMV:0-2 &#8211; Tomato Mosaic Virus (Virusul mozaicului tomatelor);<\/span><\/h6>\n<\/li>\n<li>\n<h6><span style=\"color: #ff0000;\">TMV:0 &#8211;\u00a0 Tobacco Mosaic Virus Race (Virusul mozaicului tutunului);<\/span><\/h6>\n<\/li>\n<li>\n<h6><span style=\"color: #ff0000;\">Fol:0-1 (US1-2) &#8211; Fusarium oxysporum f. sp. Lycopersici (Ofilirea vasculara);<\/span><\/h6>\n<\/li>\n<li>\n<h6><span style=\"color: #ff0000;\">For &#8211; Fusarium oxysporum f. sp. radicis-lycopersici (Ofilirea vasculara de radacina);<\/span><\/h6>\n<\/li>\n<li>\n<h6><span style=\"color: #ff0000;\">Va\/Vd &#8211; Verticilium dahliae (Uscare vasculara);<\/span><\/h6>\n<\/li>\n<li>\n<h6><span style=\"color: #ff0000;\">Ff:A-E &#8211; Cladosporium fulvum (Patarea cafenie).<\/span><\/h6>\n<\/li>\n<\/ul>\n<h6><span style=\"color: #ff0000;\">Rezistenta la boli (IR\/Intermediar\u0103):<\/span><\/h6>\n<ul>\n<li>\n<h6><span style=\"color: #ff0000;\">Mi, Ma, Mj &#8211; Meloidogyne arenaria\/incognita\/javanica (Nematozi);<\/span><\/h6>\n<\/li>\n<li>\n<h6><span style=\"color: #ff0000;\">TYLCV &#8211; Tomato Yellow Leaf Curl Virus (Virusul rasucirii si ingalbenirii frunzelor).<\/span><\/h6>\n<\/li>\n<\/ul>\n<h6><\/h6>\n<h6><\/h6>\n","protected":false},"excerpt":{"rendered":"<h6><span style=\"color: #ff00ff;\">HIBRID EXCEP\u021aIONAL, FOARTE GUSTOS!<img loading=\"lazy\" decoding=\"async\" class=\"alignnone wp-image-5567\" src=\"https:\/\/vivasem.ro\/wp-content\/uploads\/2021\/11\/NOU3.jpg\" alt=\"\" width=\"110\" height=\"107\" srcset=\"https:\/\/vivasem.ro\/wp-content\/uploads\/2021\/11\/NOU3.jpg 270w, https:\/\/vivasem.ro\/wp-content\/uploads\/2021\/11\/NOU3-248x241.jpg 248w\" sizes=\"auto, (max-width: 110px) 100vw, 110px\" \/><\/span><\/h6>\n<h6><span style=\"color: #ff00ff;\">Vezi video !<\/span><\/h6>\n","protected":false},"featured_media":17862,"comment_status":"open","ping_status":"closed","template":"","meta":{"site-sidebar-layout":"default","site-content-layout":"default","ast-site-content-layout":"default","site-content-style":"default","site-sidebar-style":"default","ast-global-header-display":"","ast-banner-title-visibility":"","ast-main-header-display":"","ast-hfb-above-header-display":"","ast-hfb-below-header-display":"","ast-hfb-mobile-header-display":"","site-post-title":"","ast-breadcrumbs-content":"","ast-featured-img":"","footer-sml-layout":"","ast-disable-related-posts":"","theme-transparent-header-meta":"default","adv-header-id-meta":"","stick-header-meta":"","header-above-stick-meta":"","header-main-stick-meta":"","header-below-stick-meta":"","astra-migrate-meta-layouts":"set","ast-page-background-enabled":"default","ast-page-background-meta":{"desktop":{"background-color":"var(--ast-global-color-4)","background-image":"","background-repeat":"repeat","background-position":"center center","background-size":"auto","background-attachment":"scroll","background-type":"","background-media":"","overlay-type":"","overlay-color":"","overlay-opacity":"","overlay-gradient":""},"tablet":{"background-color":"","background-image":"","background-repeat":"repeat","background-position":"center center","background-size":"auto","background-attachment":"scroll","background-type":"","background-media":"","overlay-type":"","overlay-color":"","overlay-opacity":"","overlay-gradient":""},"mobile":{"background-color":"","background-image":"","background-repeat":"repeat","background-position":"center center","background-size":"auto","background-attachment":"scroll","background-type":"","background-media":"","overlay-type":"","overlay-color":"","overlay-opacity":"","overlay-gradient":""}},"ast-content-background-meta":{"desktop":{"background-color":"var(--ast-global-color-5)","background-image":"","background-repeat":"repeat","background-position":"center center","background-size":"auto","background-attachment":"scroll","background-type":"","background-media":"","overlay-type":"","overlay-color":"","overlay-opacity":"","overlay-gradient":""},"tablet":{"background-color":"var(--ast-global-color-5)","background-image":"","background-repeat":"repeat","background-position":"center center","background-size":"auto","background-attachment":"scroll","background-type":"","background-media":"","overlay-type":"","overlay-color":"","overlay-opacity":"","overlay-gradient":""},"mobile":{"background-color":"var(--ast-global-color-5)","background-image":"","background-repeat":"repeat","background-position":"center center","background-size":"auto","background-attachment":"scroll","background-type":"","background-media":"","overlay-type":"","overlay-color":"","overlay-opacity":"","overlay-gradient":""}}},"product_brand":[],"product_cat":[110],"product_tag":[],"class_list":{"0":"post-17853","1":"product","2":"type-product","3":"status-publish","4":"has-post-thumbnail","6":"product_cat-tomate-hibrid","7":"pa_z-cantitate-10-seminte","8":"pa_z-cantitate-100-seminte","9":"pa_z-cantitate-25-seminte","10":"pa_z-cantitate-50-seminte","11":"desktop-align-left","12":"tablet-align-left","13":"mobile-align-left","15":"first","16":"instock","17":"sale","18":"taxable","19":"shipping-taxable","20":"purchasable","21":"product-type-variable"},"_links":{"self":[{"href":"https:\/\/vivasem.ro\/index.php?rest_route=\/wp\/v2\/product\/17853","targetHints":{"allow":["GET"]}}],"collection":[{"href":"https:\/\/vivasem.ro\/index.php?rest_route=\/wp\/v2\/product"}],"about":[{"href":"https:\/\/vivasem.ro\/index.php?rest_route=\/wp\/v2\/types\/product"}],"replies":[{"embeddable":true,"href":"https:\/\/vivasem.ro\/index.php?rest_route=%2Fwp%2Fv2%2Fcomments&post=17853"}],"wp:featuredmedia":[{"embeddable":true,"href":"https:\/\/vivasem.ro\/index.php?rest_route=\/wp\/v2\/media\/17862"}],"wp:attachment":[{"href":"https:\/\/vivasem.ro\/index.php?rest_route=%2Fwp%2Fv2%2Fmedia&parent=17853"}],"wp:term":[{"taxonomy":"product_brand","embeddable":true,"href":"https:\/\/vivasem.ro\/index.php?rest_route=%2Fwp%2Fv2%2Fproduct_brand&post=17853"},{"taxonomy":"product_cat","embeddable":true,"href":"https:\/\/vivasem.ro\/index.php?rest_route=%2Fwp%2Fv2%2Fproduct_cat&post=17853"},{"taxonomy":"product_tag","embeddable":true,"href":"https:\/\/vivasem.ro\/index.php?rest_route=%2Fwp%2Fv2%2Fproduct_tag&post=17853"}],"curies":[{"name":"wp","href":"https:\/\/api.w.org\/{rel}","templated":true}]}}