{"id":16722,"date":"2025-05-12T15:42:59","date_gmt":"2025-05-12T13:42:59","guid":{"rendered":"https:\/\/vivasem.ro\/?post_type=product&#038;p=16722"},"modified":"2025-12-15T09:01:25","modified_gmt":"2025-12-15T07:01:25","slug":"inima-lui-putin-vova-putin-25s","status":"publish","type":"product","link":"https:\/\/vivasem.ro\/?product=inima-lui-putin-vova-putin-25s","title":{"rendered":"INIMA LUI PUTIN\/VOVA PUTIN 25s"},"content":{"rendered":"<h6><span style=\"color: #ff0000;\">INIMA LUI PUTIN\/VOVA PUTIN,<\/span><\/h6>\n<h6><span dir=\"auto\" style=\"color: #000080;\">Soiul a fost dezvoltat la \u00eenceputul anilor 2000 de un pasionat rus de ro\u0219ii pe nume Nikolai Egorov din Celiabinsk. Ini\u021bial, el a vrut s\u0103-l numeasc\u0103 dup\u0103 pre\u0219edintele rus, Vladimir Putin. Cu toate acestea, autorit\u0103\u021bile au respins \u00eenregistrarea oficial\u0103 a numelui, deoarece legea rus\u0103 interzice numirea fructelor sau legumelor dup\u0103 liderii statului. Egorov a ocolit interdic\u021bia numindu-l \u201eVova Putin\u201d, folosind \u201eVova\u201d ca un diminutiv al lui Vladimir \u0219i o porecl\u0103 din copil\u0103rie pentru pre\u0219edinte.<\/span><\/h6>\n<h6><span dir=\"auto\" style=\"color: #ff0000;\">Acum , soiul de tomate VOVA PUTIN, este cunoscut pentru rezisten\u021ba \u0219i productivitatea sa, chiar \u0219i \u00een zone cu climate mai reci.<\/span><\/h6>\n<h6><span style=\"color: #ff0000;\">Fructele au o culoare ro\u0219ie intens\u0103, form\u0103 de inim\u0103, au pulpa c\u0103rnoas\u0103 \u0219i semin\u021be pu\u021bine. <\/span><\/h6>\n<h6><span style=\"color: #ff0000;\">Au gust dulce, u\u0219or acid,arom\u0103 excelent\u0103 de ro\u0219ie tradi\u021bional\u0103, fiind preferate de majoritatea fermierilor \u0219i consumatorilor.<\/span><\/h6>\n<h6><span style=\"color: #000080;\">Greutatea medie a fructelor este \u00eentre 150-200 grame dar pot trece \u0219i de 500 grame .<\/span><\/h6>\n<h6><span style=\"color: #000080;\">PLANTELE SUNT NEDETERMINATE, DEOSEBIT DE\u00a0 PRODUCTIVE .<\/span><\/h6>\n<h6><span style=\"color: #000080;\">Soiul se preteaza at\u00e2t pentru cultivarea \u00een c\u00e2mp c\u00e2t \u0219i pentru solarii \u0219i sere, dar se recomand\u0103 utilizarea de suporturi.<\/span><\/h6>\n","protected":false},"excerpt":{"rendered":"<h6><span style=\"color: #0000ff;\">25 SEMIN\u021aE<\/span><\/h6>\n<h6><span style=\"color: #ff00ff;\">SOI DEOSEBIT DE DE PRODUCTIV ! <\/span><span style=\"color: #ff00ff;\">GUST EXCELENT !<\/span><\/h6>\n","protected":false},"featured_media":18079,"comment_status":"open","ping_status":"closed","template":"","meta":{"site-sidebar-layout":"default","site-content-layout":"default","ast-site-content-layout":"default","site-content-style":"default","site-sidebar-style":"default","ast-global-header-display":"","ast-banner-title-visibility":"","ast-main-header-display":"","ast-hfb-above-header-display":"","ast-hfb-below-header-display":"","ast-hfb-mobile-header-display":"","site-post-title":"","ast-breadcrumbs-content":"","ast-featured-img":"","footer-sml-layout":"","ast-disable-related-posts":"","theme-transparent-header-meta":"default","adv-header-id-meta":"","stick-header-meta":"","header-above-stick-meta":"","header-main-stick-meta":"","header-below-stick-meta":"","astra-migrate-meta-layouts":"set","ast-page-background-enabled":"default","ast-page-background-meta":{"desktop":{"background-color":"var(--ast-global-color-4)","background-image":"","background-repeat":"repeat","background-position":"center center","background-size":"auto","background-attachment":"scroll","background-type":"","background-media":"","overlay-type":"","overlay-color":"","overlay-opacity":"","overlay-gradient":""},"tablet":{"background-color":"","background-image":"","background-repeat":"repeat","background-position":"center center","background-size":"auto","background-attachment":"scroll","background-type":"","background-media":"","overlay-type":"","overlay-color":"","overlay-opacity":"","overlay-gradient":""},"mobile":{"background-color":"","background-image":"","background-repeat":"repeat","background-position":"center center","background-size":"auto","background-attachment":"scroll","background-type":"","background-media":"","overlay-type":"","overlay-color":"","overlay-opacity":"","overlay-gradient":""}},"ast-content-background-meta":{"desktop":{"background-color":"var(--ast-global-color-5)","background-image":"","background-repeat":"repeat","background-position":"center center","background-size":"auto","background-attachment":"scroll","background-type":"","background-media":"","overlay-type":"","overlay-color":"","overlay-opacity":"","overlay-gradient":""},"tablet":{"background-color":"var(--ast-global-color-5)","background-image":"","background-repeat":"repeat","background-position":"center center","background-size":"auto","background-attachment":"scroll","background-type":"","background-media":"","overlay-type":"","overlay-color":"","overlay-opacity":"","overlay-gradient":""},"mobile":{"background-color":"var(--ast-global-color-5)","background-image":"","background-repeat":"repeat","background-position":"center center","background-size":"auto","background-attachment":"scroll","background-type":"","background-media":"","overlay-type":"","overlay-color":"","overlay-opacity":"","overlay-gradient":""}}},"product_brand":[],"product_cat":[141,142,144,15],"product_tag":[],"class_list":{"0":"post-16722","1":"product","2":"type-product","3":"status-publish","4":"has-post-thumbnail","6":"product_cat-soi-gigant-urias","7":"product_cat-soiuri-rosii-roz","8":"product_cat-soiuri-tip-inima-de-bou","9":"product_cat-tomate-soi","10":"desktop-align-left","11":"tablet-align-left","12":"mobile-align-left","14":"first","15":"instock","16":"taxable","17":"shipping-taxable","18":"purchasable","19":"product-type-simple"},"_links":{"self":[{"href":"https:\/\/vivasem.ro\/index.php?rest_route=\/wp\/v2\/product\/16722","targetHints":{"allow":["GET"]}}],"collection":[{"href":"https:\/\/vivasem.ro\/index.php?rest_route=\/wp\/v2\/product"}],"about":[{"href":"https:\/\/vivasem.ro\/index.php?rest_route=\/wp\/v2\/types\/product"}],"replies":[{"embeddable":true,"href":"https:\/\/vivasem.ro\/index.php?rest_route=%2Fwp%2Fv2%2Fcomments&post=16722"}],"wp:featuredmedia":[{"embeddable":true,"href":"https:\/\/vivasem.ro\/index.php?rest_route=\/wp\/v2\/media\/18079"}],"wp:attachment":[{"href":"https:\/\/vivasem.ro\/index.php?rest_route=%2Fwp%2Fv2%2Fmedia&parent=16722"}],"wp:term":[{"taxonomy":"product_brand","embeddable":true,"href":"https:\/\/vivasem.ro\/index.php?rest_route=%2Fwp%2Fv2%2Fproduct_brand&post=16722"},{"taxonomy":"product_cat","embeddable":true,"href":"https:\/\/vivasem.ro\/index.php?rest_route=%2Fwp%2Fv2%2Fproduct_cat&post=16722"},{"taxonomy":"product_tag","embeddable":true,"href":"https:\/\/vivasem.ro\/index.php?rest_route=%2Fwp%2Fv2%2Fproduct_tag&post=16722"}],"curies":[{"name":"wp","href":"https:\/\/api.w.org\/{rel}","templated":true}]}}