{"id":16689,"date":"2025-04-28T09:18:31","date_gmt":"2025-04-28T07:18:31","guid":{"rendered":"https:\/\/vivasem.ro\/?post_type=product&#038;p=16689"},"modified":"2026-03-26T10:02:28","modified_gmt":"2026-03-26T08:02:28","slug":"fasole-urcatoare-galbena-ochi-de-pisica","status":"publish","type":"product","link":"https:\/\/vivasem.ro\/?product=fasole-urcatoare-galbena-ochi-de-pisica","title":{"rendered":"Fasole Urc\u0103toare galben\u0103 OCHI DE PISIC\u0102"},"content":{"rendered":"<h6><span style=\"color: #ff0000;\"><strong><u>Fasole\u00a0 OCHI DE PISIC\u0102,<\/u><\/strong><\/span><\/h6>\n<h6><\/h6>\n<h6><span style=\"color: #0000ff;\"><strong>Soi vechi,rom\u00e2nesc, mult cultivat c\u00e2ndva \u00een special \u00een zona de sud a \u021b\u0103rii, \u00eentre Buz\u0103u-Prahova-D\u00e2mbovi\u021ba, \u0219i \u00een zonele mai r\u0103coroase, datorit\u0103 rezisten\u021bei foarte bune la varia\u021bii termice \u0219i la temperaturi sc\u0103zute.<\/strong><\/span><\/h6>\n<h6><span style=\"color: #ff0000;\"><strong>Soi urc\u0103tor, de arac, <\/strong>cu tulpina \u00eenalt\u0103 \u015fi cre\u015ftere nedeterminat\u0103. <\/span><\/h6>\n<h6><span style=\"color: #ff0000;\">P\u0103st\u0103ile sunt late,c\u0103rnoase, f\u0103r\u0103 a\u021be, de culoare galben-aurie, cu gust dulce , cu lungimea de 20 \u2013 22 cm. \u015fi l\u0103\u0163imea de 1,8 \u2013 2,2 cm .<\/span><\/h6>\n<h6><span style=\"color: #000080;\">Semin\u0163ele au culoarea alb\u0103 cu pete negre. <\/span><\/h6>\n<h6><span style=\"color: #000080;\">Este o varietate\u00a0 timpurie, <\/span><span style=\"color: #0000ff;\">viguroas\u0103, ,cu aspect compact \u015fi foliaj verde \u00eenchis.<\/span><\/h6>\n<h6><span style=\"color: #0000ff;\">Se preteaz\u0103 la cultura din gr\u0103din\u0103, c\u00e2mp, dar \u0219i <\/span><span style=\"color: #0000ff;\">\u00een spa\u0163ii protejate, <\/span><span style=\"color: #0000ff;\">prin palisare.<\/span><\/h6>\n<h6><span style=\"color: #ff0000;\"> Are un poten\u0163ial foarte ridicat de produc\u0163ie. <\/span><\/h6>\n<h6><span style=\"color: #0000ff;\">Se pot consuma at\u00e2t \u00een stare proasp\u0103t\u0103 c\u00e2t \u015fi conservate.<\/span><\/h6>\n<h6><span style=\"color: #0000ff;\"><span style=\"color: #ff0000;\">LA\u00a0 NOI, LA BRA\u0218OV , S-A COMPORTAT EXCEP\u021aIONAL !<\/span><\/span><\/h6>\n<h6>Se poate sem\u0103n\u0103 \u00een perioadele aprilie-mai, iar perioada de recoltare este \u00een iulie-septembrie<\/h6>\n<h6>Pentru FRUCTIFICARE TIMPURIE ,SE RECOMAND\u0102 C\u00c2RNITUL PLANTEI LA 0,5m, 1m. \u0219i la 1,5 m.<\/h6>\n","protected":false},"excerpt":{"rendered":"<h6><span style=\"color: #0000ff;\">30 SEMIN\u021aE<\/span><span style=\"color: #0000ff;\">\u00a0<\/span><\/h6>\n<h6><img loading=\"lazy\" decoding=\"async\" class=\"alignnone wp-image-7098\" src=\"https:\/\/vivasem.ro\/wp-content\/uploads\/2021\/11\/RO-1-300x107.jpg\" alt=\"\" width=\"190\" height=\"68\" \/><\/h6>\n<h6><span style=\"color: #ff00ff;\">SOI PRODUCTIV, DEOSEBIT DE REZISTENT!<\/span><\/h6>\n","protected":false},"featured_media":16775,"comment_status":"open","ping_status":"closed","template":"","meta":{"site-sidebar-layout":"default","site-content-layout":"default","ast-site-content-layout":"default","site-content-style":"default","site-sidebar-style":"default","ast-global-header-display":"","ast-banner-title-visibility":"","ast-main-header-display":"","ast-hfb-above-header-display":"","ast-hfb-below-header-display":"","ast-hfb-mobile-header-display":"","site-post-title":"","ast-breadcrumbs-content":"","ast-featured-img":"","footer-sml-layout":"","ast-disable-related-posts":"","theme-transparent-header-meta":"default","adv-header-id-meta":"","stick-header-meta":"","header-above-stick-meta":"","header-main-stick-meta":"","header-below-stick-meta":"","astra-migrate-meta-layouts":"set","ast-page-background-enabled":"default","ast-page-background-meta":{"desktop":{"background-color":"var(--ast-global-color-4)","background-image":"","background-repeat":"repeat","background-position":"center center","background-size":"auto","background-attachment":"scroll","background-type":"","background-media":"","overlay-type":"","overlay-color":"","overlay-opacity":"","overlay-gradient":""},"tablet":{"background-color":"","background-image":"","background-repeat":"repeat","background-position":"center center","background-size":"auto","background-attachment":"scroll","background-type":"","background-media":"","overlay-type":"","overlay-color":"","overlay-opacity":"","overlay-gradient":""},"mobile":{"background-color":"","background-image":"","background-repeat":"repeat","background-position":"center center","background-size":"auto","background-attachment":"scroll","background-type":"","background-media":"","overlay-type":"","overlay-color":"","overlay-opacity":"","overlay-gradient":""}},"ast-content-background-meta":{"desktop":{"background-color":"var(--ast-global-color-5)","background-image":"","background-repeat":"repeat","background-position":"center center","background-size":"auto","background-attachment":"scroll","background-type":"","background-media":"","overlay-type":"","overlay-color":"","overlay-opacity":"","overlay-gradient":""},"tablet":{"background-color":"var(--ast-global-color-5)","background-image":"","background-repeat":"repeat","background-position":"center center","background-size":"auto","background-attachment":"scroll","background-type":"","background-media":"","overlay-type":"","overlay-color":"","overlay-opacity":"","overlay-gradient":""},"mobile":{"background-color":"var(--ast-global-color-5)","background-image":"","background-repeat":"repeat","background-position":"center center","background-size":"auto","background-attachment":"scroll","background-type":"","background-media":"","overlay-type":"","overlay-color":"","overlay-opacity":"","overlay-gradient":""}}},"product_brand":[],"product_cat":[85],"product_tag":[],"class_list":{"0":"post-16689","1":"product","2":"type-product","3":"status-publish","4":"has-post-thumbnail","6":"product_cat-fasole","7":"desktop-align-left","8":"tablet-align-left","9":"mobile-align-left","11":"first","12":"outofstock","13":"taxable","14":"shipping-taxable","15":"purchasable","16":"product-type-simple"},"_links":{"self":[{"href":"https:\/\/vivasem.ro\/index.php?rest_route=\/wp\/v2\/product\/16689","targetHints":{"allow":["GET"]}}],"collection":[{"href":"https:\/\/vivasem.ro\/index.php?rest_route=\/wp\/v2\/product"}],"about":[{"href":"https:\/\/vivasem.ro\/index.php?rest_route=\/wp\/v2\/types\/product"}],"replies":[{"embeddable":true,"href":"https:\/\/vivasem.ro\/index.php?rest_route=%2Fwp%2Fv2%2Fcomments&post=16689"}],"wp:featuredmedia":[{"embeddable":true,"href":"https:\/\/vivasem.ro\/index.php?rest_route=\/wp\/v2\/media\/16775"}],"wp:attachment":[{"href":"https:\/\/vivasem.ro\/index.php?rest_route=%2Fwp%2Fv2%2Fmedia&parent=16689"}],"wp:term":[{"taxonomy":"product_brand","embeddable":true,"href":"https:\/\/vivasem.ro\/index.php?rest_route=%2Fwp%2Fv2%2Fproduct_brand&post=16689"},{"taxonomy":"product_cat","embeddable":true,"href":"https:\/\/vivasem.ro\/index.php?rest_route=%2Fwp%2Fv2%2Fproduct_cat&post=16689"},{"taxonomy":"product_tag","embeddable":true,"href":"https:\/\/vivasem.ro\/index.php?rest_route=%2Fwp%2Fv2%2Fproduct_tag&post=16689"}],"curies":[{"name":"wp","href":"https:\/\/api.w.org\/{rel}","templated":true}]}}