{"id":16175,"date":"2025-02-15T18:14:47","date_gmt":"2025-02-15T16:14:47","guid":{"rendered":"https:\/\/vivasem.ro\/?post_type=product&#038;p=16175"},"modified":"2026-04-04T16:43:52","modified_gmt":"2026-04-04T14:43:52","slug":"mazare-urcatoare-inalta-alderman-80g","status":"publish","type":"product","link":"https:\/\/vivasem.ro\/?product=mazare-urcatoare-inalta-alderman-80g","title":{"rendered":"Maz\u0103re ALDERMAN (80g)"},"content":{"rendered":"<h6 style=\"text-align: left;\"><span style=\"color: #ff0000;\"><strong><u>Maz\u0103re\u00a0 ALDERMAN\u00a0 -Agrosem Tg.Mure\u0219,<\/u><\/strong><\/span><\/h6>\n<h6 style=\"text-align: left;\">Semin\u021be produse\u00a0 \u00een Italia.<\/h6>\n<h6><span style=\"color: #ff0000;\"><strong>Maz\u0103rea <strong class=\"Yjhzub\" data-sfc-root=\"c\" data-sfc-cb=\"\" data-complete=\"true\" data-processed=\"true\">Alderman<\/strong>\u00a0(cunoscut\u0103 \u0219i sub numele de\u00a0<em class=\"eujQNb\" data-sfc-root=\"c\" data-sfc-cb=\"\" data-complete=\"true\" data-processed=\"true\">Telephone<\/em>) este un soi de gr\u0103din\u0103 clasic, renumit pentru talia sa impresionant\u0103 \u0219i productivitatea ridicat\u0103. Este alegerea preferat\u0103 a gr\u0103dinarilor care doresc o recolt\u0103 bogat\u0103 pe un spa\u021biu la sol redus, deoarece planta se dezvolt\u0103 pe vertical\u0103.<\/strong><\/span><\/h6>\n<h6><span style=\"color: #ff0000;\"><strong>\u00cen\u0103l\u021bimea plantei poate ajunge la\u00a0 160-180 cm. \u0219i este r<\/strong><strong>ecomandat un suport pentru sus\u021binerea plantei.<\/strong><\/span><\/h6>\n<h6><span style=\"color: #ff0000;\"><strong>Fiind plantele mai mari ,vor produce mai multe p\u0103st\u0103i.<\/strong><\/span><\/h6>\n<h6><span style=\"color: #333399;\"><strong> P\u0103st\u0103ile sunt verzi, lungi, con\u021bin 10-12 boabe dulci. <\/strong><\/span><\/h6>\n<h6><span style=\"color: #333399;\"><strong>Se seam\u0103n\u0103 \u00een c\u00e2mp prim\u0103vara devreme.<\/strong><\/span><\/h6>\n<h6><\/h6>\n<h6><span style=\"color: #333399;\"><strong>Consum \u00een stare proasp\u0103t\u0103 sau conservate.<\/strong><\/span><\/h6>\n<h6><span style=\"color: #333399;\"><strong>Soi cu perioada de vegeta\u021bie de 80-84\u00a0 zile.<\/strong><\/span><\/h6>\n<h6><\/h6>\n","protected":false},"excerpt":{"rendered":"<h6><span style=\"color: #0000ff;\">80 grame\/250-270 SEMIN\u021aE<\/span><\/h6>\n<h6><span style=\"color: #ff00ff;\"> SOI CU TALIE \u00ceNALT\u0102, FOARTE PRODUCTIV.<\/span><\/h6>\n","protected":false},"featured_media":16171,"comment_status":"open","ping_status":"closed","template":"","meta":{"site-sidebar-layout":"default","site-content-layout":"default","ast-site-content-layout":"default","site-content-style":"default","site-sidebar-style":"default","ast-global-header-display":"","ast-banner-title-visibility":"","ast-main-header-display":"","ast-hfb-above-header-display":"","ast-hfb-below-header-display":"","ast-hfb-mobile-header-display":"","site-post-title":"","ast-breadcrumbs-content":"","ast-featured-img":"","footer-sml-layout":"","ast-disable-related-posts":"","theme-transparent-header-meta":"default","adv-header-id-meta":"","stick-header-meta":"","header-above-stick-meta":"","header-main-stick-meta":"","header-below-stick-meta":"","astra-migrate-meta-layouts":"set","ast-page-background-enabled":"default","ast-page-background-meta":{"desktop":{"background-color":"var(--ast-global-color-4)","background-image":"","background-repeat":"repeat","background-position":"center center","background-size":"auto","background-attachment":"scroll","background-type":"","background-media":"","overlay-type":"","overlay-color":"","overlay-opacity":"","overlay-gradient":""},"tablet":{"background-color":"","background-image":"","background-repeat":"repeat","background-position":"center center","background-size":"auto","background-attachment":"scroll","background-type":"","background-media":"","overlay-type":"","overlay-color":"","overlay-opacity":"","overlay-gradient":""},"mobile":{"background-color":"","background-image":"","background-repeat":"repeat","background-position":"center center","background-size":"auto","background-attachment":"scroll","background-type":"","background-media":"","overlay-type":"","overlay-color":"","overlay-opacity":"","overlay-gradient":""}},"ast-content-background-meta":{"desktop":{"background-color":"var(--ast-global-color-5)","background-image":"","background-repeat":"repeat","background-position":"center center","background-size":"auto","background-attachment":"scroll","background-type":"","background-media":"","overlay-type":"","overlay-color":"","overlay-opacity":"","overlay-gradient":""},"tablet":{"background-color":"var(--ast-global-color-5)","background-image":"","background-repeat":"repeat","background-position":"center center","background-size":"auto","background-attachment":"scroll","background-type":"","background-media":"","overlay-type":"","overlay-color":"","overlay-opacity":"","overlay-gradient":""},"mobile":{"background-color":"var(--ast-global-color-5)","background-image":"","background-repeat":"repeat","background-position":"center center","background-size":"auto","background-attachment":"scroll","background-type":"","background-media":"","overlay-type":"","overlay-color":"","overlay-opacity":"","overlay-gradient":""}}},"product_brand":[],"product_cat":[85,112],"product_tag":[],"class_list":{"0":"post-16175","1":"product","2":"type-product","3":"status-publish","4":"has-post-thumbnail","6":"product_cat-fasole","7":"product_cat-fasole-oloaga-fasole-pitica","8":"desktop-align-left","9":"tablet-align-left","10":"mobile-align-left","12":"first","13":"instock","14":"taxable","15":"shipping-taxable","16":"purchasable","17":"product-type-simple"},"_links":{"self":[{"href":"https:\/\/vivasem.ro\/index.php?rest_route=\/wp\/v2\/product\/16175","targetHints":{"allow":["GET"]}}],"collection":[{"href":"https:\/\/vivasem.ro\/index.php?rest_route=\/wp\/v2\/product"}],"about":[{"href":"https:\/\/vivasem.ro\/index.php?rest_route=\/wp\/v2\/types\/product"}],"replies":[{"embeddable":true,"href":"https:\/\/vivasem.ro\/index.php?rest_route=%2Fwp%2Fv2%2Fcomments&post=16175"}],"wp:featuredmedia":[{"embeddable":true,"href":"https:\/\/vivasem.ro\/index.php?rest_route=\/wp\/v2\/media\/16171"}],"wp:attachment":[{"href":"https:\/\/vivasem.ro\/index.php?rest_route=%2Fwp%2Fv2%2Fmedia&parent=16175"}],"wp:term":[{"taxonomy":"product_brand","embeddable":true,"href":"https:\/\/vivasem.ro\/index.php?rest_route=%2Fwp%2Fv2%2Fproduct_brand&post=16175"},{"taxonomy":"product_cat","embeddable":true,"href":"https:\/\/vivasem.ro\/index.php?rest_route=%2Fwp%2Fv2%2Fproduct_cat&post=16175"},{"taxonomy":"product_tag","embeddable":true,"href":"https:\/\/vivasem.ro\/index.php?rest_route=%2Fwp%2Fv2%2Fproduct_tag&post=16175"}],"curies":[{"name":"wp","href":"https:\/\/api.w.org\/{rel}","templated":true}]}}