{"id":15480,"date":"2024-12-16T21:57:59","date_gmt":"2024-12-16T19:57:59","guid":{"rendered":"https:\/\/vivasem.ro\/?post_type=product&#038;p=15480"},"modified":"2024-12-16T22:27:46","modified_gmt":"2024-12-16T20:27:46","slug":"leustean-topaz-buzau-scdl","status":"publish","type":"product","link":"https:\/\/vivasem.ro\/?product=leustean-topaz-buzau-scdl","title":{"rendered":"LEUSTEAN TOPAZ-BUZ\u0102U SCDL"},"content":{"rendered":"<h6><span style=\"color: #ff6600;\"><strong><u>LEUSTEAN TOPAZ -Produc\u0103tor SCDL BUZ\u0102U,<\/u><\/strong><\/span><\/h6>\n<h6><span style=\"color: #003366;\"><strong>SOI FOARTE PARFUMAT, SPECIFIC ROM\u00c2NESC, MULT FOLOSIT \u00ceN BUC\u0102T\u0102RIE LA AROMATIZAREA CIORBELOR, DAR \u0218I A ALTOR PREPARATE CULINARE.<\/strong><\/span><\/h6>\n<h6><span style=\"color: #003366;\"><strong>U\u0218OR DE CULTIVAT, \u00ceN GR\u0102DIN\u0102 ,IAR\u00a0 \u00ceN GHIVECE, SE CULTIV\u0102 CU EXCELENTE REZULTATE, \u00ceN SPECIAL \u00ceN ANOTIMPUL RECE.<\/strong><\/span><\/h6>\n<div class=\"woocommerce-tabs wc-tabs-wrapper\">\n<div id=\"tab-description\" class=\"woocommerce-Tabs-panel woocommerce-Tabs-panel--description panel entry-content wc-tab\" role=\"tabpanel\" aria-labelledby=\"tab-title-description\">\n<h6 id=\"tab-description\" class=\"tab-content\"><\/h6>\n<h6><span style=\"color: #003366;\">PLANTA PERENA CU CRESTERE VIGUROASA,INALTIME 100-150 CM, FRUNZE NETEDE SI LUCIOASE DE CULOARE VERDE-INCHIS.<\/span><\/h6>\n<h6><span style=\"color: #003366;\">FLORILE MICI, GALBENE ,GRUPATE IN INFLORESCENTA.<\/span><\/h6>\n<h6><span style=\"color: #003366;\">Leusteanul este o planta perena\u00a0cu crestere viguroasa, cu pretentii moderate fata de sol.<\/span><\/h6>\n<h6><span style=\"color: #003366;\">FRUNZELE SE UTILIZEAZA IN AROMATIZAREA PREPARATELOR CULINARE.<\/span><\/h6>\n<h6><span style=\"color: #003366;\">RADACINILE SE FOLOSESC IN PREPARAREA UNOR MEDICAMENTE.<\/span><\/h6>\n<h6><span style=\"color: #003366;\">ULEIUL (ESENTA) DE LEUSTEAN ARE ACTIUNE DIURETICA SI HIPOTENSIVA.<\/span><\/h6>\n<h6><span style=\"color: #003366;\">\u00a0CEAIUL DIN S\u0102MANTA SE UTILIZEAZA IN BOLILE DE STOMAC, IAR DECOCTUL ARE EFECT DIURETIC.<\/span><\/h6>\n<h6><span style=\"color: #003366;\">SEMANATUL SE FACE IN AUGUST IN RASADNITE.<\/span><\/h6>\n<h6><span style=\"color: #003366;\">RASARIREA ARE LOC IN APROX. 20 ZILE.<\/span><\/h6>\n<h6><span style=\"color: #003366;\">PLANTAREA EFECTIVA DE FACE IN PRIMAVARA URMATOARE LA DISTANTA DE 50-60 CM IN TOATE SENSURILE.<\/span><\/h6>\n<h6><span style=\"color: #003366;\">CULTURA POATE DURA MAI MULTI ANI DACA ESTE BINE INGRIJITA.<\/span><\/h6>\n<h6><span style=\"color: #003366;\">LA INCEPUTUL IERNII PLANTA VA FI TAIATA LA CCA 10 CM DE SOL.<\/span><\/h6>\n<div id=\"carousel-824239285\" class=\"carousel-75 box journal-carousel carousel-product bullets-on arrows-top \">\n<div>\n<h6 class=\"htabs box-heading \"><span style=\"color: #003366;\"><span style=\"font-size: 1.1em; font-weight: bold;\">Se consuma in stare proaspata ,<\/span><span style=\"font-size: 1.1em; font-weight: bold;\">din luna mai, p\u00e2na \u00een octombrie <\/span><span style=\"font-size: 1.1em; font-weight: bold;\">sau conservat .<\/span><\/span><\/h6>\n<h6 class=\"htabs box-heading \"><span style=\"color: #333399;\"><span style=\"font-size: 1.1em; font-weight: bold;\">Ambalat \u00een pungi de polietilen\u0103 cu fermoar -ZIP, etichetate.<\/span><\/span><\/h6>\n<h6 class=\"htabs box-heading \"><span style=\"color: #ff0000;\">Seminte\/gram: 200-250.<\/span><\/h6>\n<\/div>\n<\/div>\n<\/div>\n<\/div>\n","protected":false},"excerpt":{"rendered":"<p><img loading=\"lazy\" decoding=\"async\" class=\"alignnone wp-image-7098\" src=\"https:\/\/vivasem.ro\/wp-content\/uploads\/2021\/11\/RO-1-300x107.jpg\" alt=\"\" width=\"182\" height=\"65\" \/><\/p>\n","protected":false},"featured_media":7226,"comment_status":"open","ping_status":"closed","template":"","meta":{"site-sidebar-layout":"default","site-content-layout":"default","ast-site-content-layout":"default","site-content-style":"default","site-sidebar-style":"default","ast-global-header-display":"","ast-banner-title-visibility":"","ast-main-header-display":"","ast-hfb-above-header-display":"","ast-hfb-below-header-display":"","ast-hfb-mobile-header-display":"","site-post-title":"","ast-breadcrumbs-content":"","ast-featured-img":"","footer-sml-layout":"","ast-disable-related-posts":"","theme-transparent-header-meta":"default","adv-header-id-meta":"","stick-header-meta":"","header-above-stick-meta":"","header-main-stick-meta":"","header-below-stick-meta":"","astra-migrate-meta-layouts":"set","ast-page-background-enabled":"default","ast-page-background-meta":{"desktop":{"background-color":"var(--ast-global-color-4)","background-image":"","background-repeat":"repeat","background-position":"center center","background-size":"auto","background-attachment":"scroll","background-type":"","background-media":"","overlay-type":"","overlay-color":"","overlay-opacity":"","overlay-gradient":""},"tablet":{"background-color":"","background-image":"","background-repeat":"repeat","background-position":"center center","background-size":"auto","background-attachment":"scroll","background-type":"","background-media":"","overlay-type":"","overlay-color":"","overlay-opacity":"","overlay-gradient":""},"mobile":{"background-color":"","background-image":"","background-repeat":"repeat","background-position":"center center","background-size":"auto","background-attachment":"scroll","background-type":"","background-media":"","overlay-type":"","overlay-color":"","overlay-opacity":"","overlay-gradient":""}},"ast-content-background-meta":{"desktop":{"background-color":"var(--ast-global-color-5)","background-image":"","background-repeat":"repeat","background-position":"center center","background-size":"auto","background-attachment":"scroll","background-type":"","background-media":"","overlay-type":"","overlay-color":"","overlay-opacity":"","overlay-gradient":""},"tablet":{"background-color":"var(--ast-global-color-5)","background-image":"","background-repeat":"repeat","background-position":"center center","background-size":"auto","background-attachment":"scroll","background-type":"","background-media":"","overlay-type":"","overlay-color":"","overlay-opacity":"","overlay-gradient":""},"mobile":{"background-color":"var(--ast-global-color-5)","background-image":"","background-repeat":"repeat","background-position":"center center","background-size":"auto","background-attachment":"scroll","background-type":"","background-media":"","overlay-type":"","overlay-color":"","overlay-opacity":"","overlay-gradient":""}}},"product_brand":[],"product_cat":[90],"product_tag":[],"class_list":{"0":"post-15480","1":"product","2":"type-product","3":"status-publish","4":"has-post-thumbnail","6":"product_cat-plante-aromatice","7":"pa_cantitate-100-100-seminte","8":"pa_cantitate-100-1000-seminte","9":"pa_cantitate-100-200-seminte","10":"pa_cantitate-100-300-seminte","11":"pa_cantitate-100-400-seminte","12":"pa_cantitate-100-500-seminte","13":"pa_cantitate-100-600-seminte","14":"pa_cantitate-100-800-seminte","15":"pa_cantitate-100-900-seminte","16":"desktop-align-left","17":"tablet-align-left","18":"mobile-align-left","20":"first","21":"instock","22":"sale","23":"taxable","24":"shipping-taxable","25":"purchasable","26":"product-type-variable"},"_links":{"self":[{"href":"https:\/\/vivasem.ro\/index.php?rest_route=\/wp\/v2\/product\/15480","targetHints":{"allow":["GET"]}}],"collection":[{"href":"https:\/\/vivasem.ro\/index.php?rest_route=\/wp\/v2\/product"}],"about":[{"href":"https:\/\/vivasem.ro\/index.php?rest_route=\/wp\/v2\/types\/product"}],"replies":[{"embeddable":true,"href":"https:\/\/vivasem.ro\/index.php?rest_route=%2Fwp%2Fv2%2Fcomments&post=15480"}],"wp:featuredmedia":[{"embeddable":true,"href":"https:\/\/vivasem.ro\/index.php?rest_route=\/wp\/v2\/media\/7226"}],"wp:attachment":[{"href":"https:\/\/vivasem.ro\/index.php?rest_route=%2Fwp%2Fv2%2Fmedia&parent=15480"}],"wp:term":[{"taxonomy":"product_brand","embeddable":true,"href":"https:\/\/vivasem.ro\/index.php?rest_route=%2Fwp%2Fv2%2Fproduct_brand&post=15480"},{"taxonomy":"product_cat","embeddable":true,"href":"https:\/\/vivasem.ro\/index.php?rest_route=%2Fwp%2Fv2%2Fproduct_cat&post=15480"},{"taxonomy":"product_tag","embeddable":true,"href":"https:\/\/vivasem.ro\/index.php?rest_route=%2Fwp%2Fv2%2Fproduct_tag&post=15480"}],"curies":[{"name":"wp","href":"https:\/\/api.w.org\/{rel}","templated":true}]}}