{"id":15356,"date":"2024-12-10T22:12:28","date_gmt":"2024-12-10T20:12:28","guid":{"rendered":"https:\/\/vivasem.ro\/?post_type=product&#038;p=15356"},"modified":"2024-12-12T21:47:57","modified_gmt":"2024-12-12T19:47:57","slug":"buffalopink-f1-hmc44169-clause","status":"publish","type":"product","link":"https:\/\/vivasem.ro\/?product=buffalopink-f1-hmc44169-clause","title":{"rendered":"BUFFALOPINK F1 (HMC44169) -Clause"},"content":{"rendered":"<h6><span style=\"color: #ff0000;\">BUFFALOSTEAK F1 ,\u00a0 HMC44169\u00a0\u00a0 \u00a0 \u00a0 \u00a0 \u00a0 <a href=\"https:\/\/vivasem.ro\/wp-content\/uploads\/2022\/12\/CLAUSE-2.jpg\"><img loading=\"lazy\" decoding=\"async\" class=\"alignnone wp-image-8482\" src=\"https:\/\/vivasem.ro\/wp-content\/uploads\/2022\/12\/CLAUSE-2-300x80.jpg\" alt=\"\" width=\"135\" height=\"36\" srcset=\"https:\/\/vivasem.ro\/wp-content\/uploads\/2022\/12\/CLAUSE-2-300x80.jpg 300w, https:\/\/vivasem.ro\/wp-content\/uploads\/2022\/12\/CLAUSE-2-248x66.jpg 248w, https:\/\/vivasem.ro\/wp-content\/uploads\/2022\/12\/CLAUSE-2.jpg 431w\" sizes=\"auto, (max-width: 135px) 100vw, 135px\" \/><\/a>\u00a0 \u00a0 \u00a0 \u00a0 \u00a0 \u00a0 \u00a0 \u00a0 \u00a0 \u00a0 \u00a0 \u00a0 \u00a0 \u00a0 \u00a0 \u00a0 \u00a0 \u00a0 \u00a0 \u00a0 \u00a0 \u00a0 \u00a0 \u00a0 \u00a0 \u00a0 \u00a0 \u00a0 \u00a0 \u00a0 \u00a0 \u00a0 \u00a0 \u00a0 \u00a0 \u00a0 \u00a0 \u00a0 \u00a0 \u00a0 \u00a0 \u00a0 \u00a0 \u00a0 \u00a0 \u00a0 \u00a0 \u00a0 \u00a0 \u00a0 \u00a0 \u00a0 \u00a0 \u00a0 \u00a0 \u00a0 \u00a0 \u00a0 \u00a0 \u00a0 \u00a0 \u00a0 \u00a0 \u00a0 \u00a0 \u00a0 \u00a0<\/span><\/h6>\n<h6><span style=\"color: #ff0000;\">Produc\u0103tor semin\u021be : CLAUSE , \u00a0\u00a0 \u00a0\u00a0 \u00a0\u00a0 \u00a0\u00a0 \u00a0\u00a0 \u00a0\u00a0 <\/span><\/h6>\n<h6><span style=\"color: #ff0000;\">\u00a0\u00a0 \u00a0\u00a0 \u00a0\u00a0 \u00a0\u00a0 \u00a0\u00a0 \u00a0\u00a0<\/span><\/h6>\n<h6><span style=\"color: #003366;\"><strong>Hibrid extra-timpuriu, de excep\u021bie, deosebit de productiv ,cu fructe <\/strong>mari, de calitate ridicat\u0103.<\/span><\/h6>\n<h6><span style=\"color: #003366;\">Acestea sunt <\/span><span style=\"color: #003366;\">de culoare roz, \u00een medie c\u00e2nt\u0103resc <\/span><span style=\"color: #003366;\">intre 250 si 300 de grame ,dar frecvent ating 500 grame, cu gust excelent, aromat, dulce, echilibrat acid!<\/span><\/h6>\n<h6><span style=\"color: #003366;\">Forma este de tomat\u0103 clasic\u0103, sferic- turtita si costata , tip beef.<\/span><\/h6>\n<h6><span style=\"color: #003366;\">Miezul este c\u0103rnos, suculent, foarte potrivit de consum in stare proasp\u0103t\u0103.<\/span><\/h6>\n<h6><span style=\"color: #ff0000;\">Planta este <\/span><span style=\"color: #ff0000;\">compact\u0103 cu internodii scurte \u0219i legare uniform\u0103 \u0219i <\/span><span style=\"color: #ff0000;\">prezint\u0103 cre\u0219tere nedeterminat\u0103, viguroas\u0103, cu maturitate foarte timpurie pentru segmentul cu fructe de dimensiuni mari ,\u00a0<\/span><\/h6>\n<h6><span style=\"color: #003366;\">\u00a0Buffalopink F1 este destinat producatorilor profesioni\u0219ti, care vor sa ofere tomate de\u00a0 calitate ,cu gust,\u00a0 dar \u0219i gr\u0103dinarilor amatori .<\/span><\/h6>\n<h6><span style=\"color: #003366;\"><strong>A<\/strong>re\u00a0 un pachet excelent de rezisten\u021be la boli:<\/span><\/h6>\n<h6><span style=\"color: #333399;\">Rezistenta la boli (HR\/ REZISTEN\u021a\u0102 \u00ceNALT\u0102):<\/span><\/h6>\n<ul>\n<li>\n<h6><span style=\"color: #333399;\"><strong>ToMV-Virusul Mozaicului Tutunului<\/strong><\/span><\/h6>\n<\/li>\n<li>\n<h6><span style=\"color: #333399;\">Fol: 0 ,1\u00a0 (US1)-Fuzarioza<\/span><\/h6>\n<\/li>\n<li>\n<h6><span style=\"color: #333399;\"><strong>Va: 0 (US1)- Verticillium<\/strong><\/span><\/h6>\n<\/li>\n<li>\n<h6><span style=\"color: #333399;\"><strong><strong>Vd: 0 (US1)-Verticillium<\/strong><\/strong><\/span><\/h6>\n<\/li>\n<li>\n<h6><span style=\"color: #333399;\"><strong><strong>For \/ Pf A,B,C,D,E Fuzarioza coletului si putregaiul radacinilor<\/strong><\/strong><\/span><\/h6>\n<h6><span style=\"color: #333399;\">Rezistenta\u00a0 (IR)\/REZISTEN\u021a\u0102 MEDIE:<\/span><\/h6>\n<\/li>\n<li>\n<h6><span style=\"font-size: 16px; color: #333399;\">Ma; Mi; Mj-Nematozi<\/span><\/h6>\n<\/li>\n<li>\n<h6>semanare in rasadnita: februarie-mai<\/h6>\n<\/li>\n<li>\n<h6>transplantare: martie-iunie<\/h6>\n<\/li>\n<li>\n<h6>recoltare: iulie-noiembrie<\/h6>\n<\/li>\n<\/ul>\n<h6><span style=\"color: #000080;\">Semin\u021bele sunt ambalate \u00een plicuri de polietilen\u0103 cu ziplock,resigilabile, etichetate .<\/span><\/h6>\n<div class=\"ast-oembed-container \" style=\"height: 100%;\"><iframe loading=\"lazy\" title=\"Buffalopink F1 - Cultura de tomate roz \u00een Matca, jud. Gala\u021bi, fermier Filimon Daniel\" width=\"500\" height=\"281\" src=\"https:\/\/www.youtube.com\/embed\/LzKGwXVWVV0?feature=oembed\" frameborder=\"0\" allow=\"accelerometer; autoplay; clipboard-write; encrypted-media; gyroscope; picture-in-picture; web-share\" referrerpolicy=\"strict-origin-when-cross-origin\" allowfullscreen><\/iframe><\/div>\n<p>&nbsp;<\/p>\n<div class=\"ast-oembed-container \" style=\"height: 100%;\"><iframe loading=\"lazy\" title=\"Buffalopink F1 - Cultura de tomate roz \u00een jud. Bihor, loc. Gr\u0103dinari, la familia Szatmari Francisc\" width=\"500\" height=\"281\" src=\"https:\/\/www.youtube.com\/embed\/iJioa25wkJU?feature=oembed\" frameborder=\"0\" allow=\"accelerometer; autoplay; clipboard-write; encrypted-media; gyroscope; picture-in-picture; web-share\" referrerpolicy=\"strict-origin-when-cross-origin\" allowfullscreen><\/iframe><\/div>\n<div class=\"ast-oembed-container \" style=\"height: 100%;\"><iframe loading=\"lazy\" title=\"Buffalopink F1 - Cultura de tomate roz \u00een jud. Giurgiu, loc. Gostinari, la domnul State Constantin\" width=\"500\" height=\"281\" src=\"https:\/\/www.youtube.com\/embed\/l7Fd_RQaeoU?feature=oembed\" frameborder=\"0\" allow=\"accelerometer; autoplay; clipboard-write; encrypted-media; gyroscope; picture-in-picture; web-share\" referrerpolicy=\"strict-origin-when-cross-origin\" allowfullscreen><\/iframe><\/div>\n","protected":false},"excerpt":{"rendered":"<h6><span style=\"color: #ff00ff;\">FRUCTE MARI \u0218I FOARTE GUSTOASE !<\/span><\/h6>\n<h6><span style=\"color: #ff00ff;\">Vezi video !<\/span><\/h6>\n","protected":false},"featured_media":15384,"comment_status":"open","ping_status":"closed","template":"","meta":{"site-sidebar-layout":"default","site-content-layout":"default","ast-site-content-layout":"default","site-content-style":"default","site-sidebar-style":"default","ast-global-header-display":"","ast-banner-title-visibility":"","ast-main-header-display":"","ast-hfb-above-header-display":"","ast-hfb-below-header-display":"","ast-hfb-mobile-header-display":"","site-post-title":"","ast-breadcrumbs-content":"","ast-featured-img":"","footer-sml-layout":"","ast-disable-related-posts":"","theme-transparent-header-meta":"default","adv-header-id-meta":"","stick-header-meta":"","header-above-stick-meta":"","header-main-stick-meta":"","header-below-stick-meta":"","astra-migrate-meta-layouts":"set","ast-page-background-enabled":"default","ast-page-background-meta":{"desktop":{"background-color":"var(--ast-global-color-4)","background-image":"","background-repeat":"repeat","background-position":"center center","background-size":"auto","background-attachment":"scroll","background-type":"","background-media":"","overlay-type":"","overlay-color":"","overlay-opacity":"","overlay-gradient":""},"tablet":{"background-color":"","background-image":"","background-repeat":"repeat","background-position":"center center","background-size":"auto","background-attachment":"scroll","background-type":"","background-media":"","overlay-type":"","overlay-color":"","overlay-opacity":"","overlay-gradient":""},"mobile":{"background-color":"","background-image":"","background-repeat":"repeat","background-position":"center center","background-size":"auto","background-attachment":"scroll","background-type":"","background-media":"","overlay-type":"","overlay-color":"","overlay-opacity":"","overlay-gradient":""}},"ast-content-background-meta":{"desktop":{"background-color":"var(--ast-global-color-5)","background-image":"","background-repeat":"repeat","background-position":"center center","background-size":"auto","background-attachment":"scroll","background-type":"","background-media":"","overlay-type":"","overlay-color":"","overlay-opacity":"","overlay-gradient":""},"tablet":{"background-color":"var(--ast-global-color-5)","background-image":"","background-repeat":"repeat","background-position":"center center","background-size":"auto","background-attachment":"scroll","background-type":"","background-media":"","overlay-type":"","overlay-color":"","overlay-opacity":"","overlay-gradient":""},"mobile":{"background-color":"var(--ast-global-color-5)","background-image":"","background-repeat":"repeat","background-position":"center center","background-size":"auto","background-attachment":"scroll","background-type":"","background-media":"","overlay-type":"","overlay-color":"","overlay-opacity":"","overlay-gradient":""}}},"product_brand":[],"product_cat":[110],"product_tag":[],"class_list":{"0":"post-15356","1":"product","2":"type-product","3":"status-publish","4":"has-post-thumbnail","6":"product_cat-tomate-hibrid","7":"pa_cantitate-10-seminte","8":"pa_cantitate-100-seminte","9":"pa_cantitate-200-seminte","10":"pa_cantitate-25-seminte","11":"pa_cantitate-250-seminte","12":"pa_cantitate-5-seminte","13":"pa_cantitate-50-seminte","14":"pa_cantitate-500-seminte","15":"desktop-align-left","16":"tablet-align-left","17":"mobile-align-left","19":"first","20":"instock","21":"sale","22":"taxable","23":"shipping-taxable","24":"purchasable","25":"product-type-variable"},"_links":{"self":[{"href":"https:\/\/vivasem.ro\/index.php?rest_route=\/wp\/v2\/product\/15356","targetHints":{"allow":["GET"]}}],"collection":[{"href":"https:\/\/vivasem.ro\/index.php?rest_route=\/wp\/v2\/product"}],"about":[{"href":"https:\/\/vivasem.ro\/index.php?rest_route=\/wp\/v2\/types\/product"}],"replies":[{"embeddable":true,"href":"https:\/\/vivasem.ro\/index.php?rest_route=%2Fwp%2Fv2%2Fcomments&post=15356"}],"wp:featuredmedia":[{"embeddable":true,"href":"https:\/\/vivasem.ro\/index.php?rest_route=\/wp\/v2\/media\/15384"}],"wp:attachment":[{"href":"https:\/\/vivasem.ro\/index.php?rest_route=%2Fwp%2Fv2%2Fmedia&parent=15356"}],"wp:term":[{"taxonomy":"product_brand","embeddable":true,"href":"https:\/\/vivasem.ro\/index.php?rest_route=%2Fwp%2Fv2%2Fproduct_brand&post=15356"},{"taxonomy":"product_cat","embeddable":true,"href":"https:\/\/vivasem.ro\/index.php?rest_route=%2Fwp%2Fv2%2Fproduct_cat&post=15356"},{"taxonomy":"product_tag","embeddable":true,"href":"https:\/\/vivasem.ro\/index.php?rest_route=%2Fwp%2Fv2%2Fproduct_tag&post=15356"}],"curies":[{"name":"wp","href":"https:\/\/api.w.org\/{rel}","templated":true}]}}