{"id":14804,"date":"2024-11-29T19:27:29","date_gmt":"2024-11-29T17:27:29","guid":{"rendered":"https:\/\/vivasem.ro\/?post_type=product&#038;p=14804"},"modified":"2026-02-07T10:59:25","modified_gmt":"2026-02-07T08:59:25","slug":"dovlecei-hibrid-profesionali-ardendo-f1-enza-zaden","status":"publish","type":"product","link":"https:\/\/vivasem.ro\/?product=dovlecei-hibrid-profesionali-ardendo-f1-enza-zaden","title":{"rendered":"DOVLECEI HIBRID PROFESIONALI ARDENDO F1 (ENZA ZADEN)"},"content":{"rendered":"<h6><span style=\"color: #ff0000;\">DOVLECEI HIBRID PROFESIONALI ARDENDO F1 \u00a0 \u00a0<\/span><span style=\"color: #ff0000;\">-Produc\u0103tor semin\u021be :ENZA ZADEN Olanda,<img loading=\"lazy\" decoding=\"async\" class=\"alignnone wp-image-14747\" src=\"https:\/\/vivasem.ro\/wp-content\/uploads\/2022\/11\/ENZA-Zaden.jpg\" alt=\"\" width=\"91\" height=\"113\" srcset=\"https:\/\/vivasem.ro\/wp-content\/uploads\/2022\/11\/ENZA-Zaden.jpg 234w, https:\/\/vivasem.ro\/wp-content\/uploads\/2022\/11\/ENZA-Zaden-121x150.jpg 121w\" sizes=\"auto, (max-width: 91px) 100vw, 91px\" \/><\/span><\/h6>\n<h6><span style=\"color: #000080;\">Hibrid de dovlecel foarte flexibil cu cre\u015ftere compact\u0103 \u015fi viguroas\u0103. <\/span><\/h6>\n<h6><span style=\"color: #000080;\">Sistemul radicular este bine dezvoltat. <\/span><\/h6>\n<h6><span style=\"color: #000080;\">Fructele sunt cilindrice, uniforme, de culoare alb\u0103, u\u015for verzuie.<\/span><\/h6>\n<h6><span style=\"color: #000080;\"> Este extra timpuriu \u015fi asigur\u0103 o produc\u0163ie ridicat\u0103.<\/span><\/h6>\n<h6><span style=\"color: #000080;\"> Este recomandat pentru culturile \u00een c\u00e2mp.<\/span><\/h6>\n<h6><span style=\"color: #000080;\">Rezisten\u0163e: IR (Rezisten\u0163\u0103 intermediar\u0103): <\/span><\/h6>\n<h6><span style=\"color: #000080;\">Sf\u00a0<\/span><\/h6>\n<h6><span style=\"color: #000080;\">ZYMV- Virusul mozaicului galben al<\/span><br \/>\n<span style=\"color: #000080;\">dovleceilor<\/span><br \/>\n<span style=\"color: #000080;\">WMV-Virusul mozaicului pepenilor verzi<\/span><\/h6>\n<h6><\/h6>\n<div class=\"ast-oembed-container \" style=\"height: 100%;\"><iframe loading=\"lazy\" title=\"\u041a\u0430\u0431\u0430\u0447\u043e\u043a \u0410\u0440\u0434\u0435\u043d\u0434\u043e\" width=\"500\" height=\"281\" src=\"https:\/\/www.youtube.com\/embed\/XCcbXrcSPIs?feature=oembed\" frameborder=\"0\" allow=\"accelerometer; autoplay; clipboard-write; encrypted-media; gyroscope; picture-in-picture; web-share\" referrerpolicy=\"strict-origin-when-cross-origin\" allowfullscreen><\/iframe><\/div>\n","protected":false},"excerpt":{"rendered":"<h6><span style=\"color: #ff00ff;\">EXTRATIMPURIU <\/span><span style=\"color: #ff00ff;\">!<\/span><\/h6>\n<p>Vezi video !<\/p>\n<h6><\/h6>\n","protected":false},"featured_media":14831,"comment_status":"open","ping_status":"closed","template":"","meta":{"site-sidebar-layout":"default","site-content-layout":"default","ast-site-content-layout":"default","site-content-style":"default","site-sidebar-style":"default","ast-global-header-display":"","ast-banner-title-visibility":"","ast-main-header-display":"","ast-hfb-above-header-display":"","ast-hfb-below-header-display":"","ast-hfb-mobile-header-display":"","site-post-title":"","ast-breadcrumbs-content":"","ast-featured-img":"","footer-sml-layout":"","ast-disable-related-posts":"","theme-transparent-header-meta":"default","adv-header-id-meta":"","stick-header-meta":"","header-above-stick-meta":"","header-main-stick-meta":"","header-below-stick-meta":"","astra-migrate-meta-layouts":"set","ast-page-background-enabled":"default","ast-page-background-meta":{"desktop":{"background-color":"var(--ast-global-color-4)","background-image":"","background-repeat":"repeat","background-position":"center center","background-size":"auto","background-attachment":"scroll","background-type":"","background-media":"","overlay-type":"","overlay-color":"","overlay-opacity":"","overlay-gradient":""},"tablet":{"background-color":"","background-image":"","background-repeat":"repeat","background-position":"center center","background-size":"auto","background-attachment":"scroll","background-type":"","background-media":"","overlay-type":"","overlay-color":"","overlay-opacity":"","overlay-gradient":""},"mobile":{"background-color":"","background-image":"","background-repeat":"repeat","background-position":"center center","background-size":"auto","background-attachment":"scroll","background-type":"","background-media":"","overlay-type":"","overlay-color":"","overlay-opacity":"","overlay-gradient":""}},"ast-content-background-meta":{"desktop":{"background-color":"var(--ast-global-color-5)","background-image":"","background-repeat":"repeat","background-position":"center center","background-size":"auto","background-attachment":"scroll","background-type":"","background-media":"","overlay-type":"","overlay-color":"","overlay-opacity":"","overlay-gradient":""},"tablet":{"background-color":"var(--ast-global-color-5)","background-image":"","background-repeat":"repeat","background-position":"center center","background-size":"auto","background-attachment":"scroll","background-type":"","background-media":"","overlay-type":"","overlay-color":"","overlay-opacity":"","overlay-gradient":""},"mobile":{"background-color":"var(--ast-global-color-5)","background-image":"","background-repeat":"repeat","background-position":"center center","background-size":"auto","background-attachment":"scroll","background-type":"","background-media":"","overlay-type":"","overlay-color":"","overlay-opacity":"","overlay-gradient":""}}},"product_brand":[],"product_cat":[87],"product_tag":[],"class_list":{"0":"post-14804","1":"product","2":"type-product","3":"status-publish","4":"has-post-thumbnail","6":"product_cat-dovlecei","7":"pa_cantitate-10-seminte","8":"pa_cantitate-100-seminte","9":"pa_cantitate-200-seminte","10":"pa_cantitate-25-seminte","11":"pa_cantitate-250-seminte","12":"pa_cantitate-5-seminte","13":"pa_cantitate-50-seminte","14":"pa_cantitate-500-seminte","15":"desktop-align-left","16":"tablet-align-left","17":"mobile-align-left","19":"first","20":"instock","21":"sale","22":"taxable","23":"shipping-taxable","24":"purchasable","25":"product-type-variable"},"_links":{"self":[{"href":"https:\/\/vivasem.ro\/index.php?rest_route=\/wp\/v2\/product\/14804","targetHints":{"allow":["GET"]}}],"collection":[{"href":"https:\/\/vivasem.ro\/index.php?rest_route=\/wp\/v2\/product"}],"about":[{"href":"https:\/\/vivasem.ro\/index.php?rest_route=\/wp\/v2\/types\/product"}],"replies":[{"embeddable":true,"href":"https:\/\/vivasem.ro\/index.php?rest_route=%2Fwp%2Fv2%2Fcomments&post=14804"}],"wp:featuredmedia":[{"embeddable":true,"href":"https:\/\/vivasem.ro\/index.php?rest_route=\/wp\/v2\/media\/14831"}],"wp:attachment":[{"href":"https:\/\/vivasem.ro\/index.php?rest_route=%2Fwp%2Fv2%2Fmedia&parent=14804"}],"wp:term":[{"taxonomy":"product_brand","embeddable":true,"href":"https:\/\/vivasem.ro\/index.php?rest_route=%2Fwp%2Fv2%2Fproduct_brand&post=14804"},{"taxonomy":"product_cat","embeddable":true,"href":"https:\/\/vivasem.ro\/index.php?rest_route=%2Fwp%2Fv2%2Fproduct_cat&post=14804"},{"taxonomy":"product_tag","embeddable":true,"href":"https:\/\/vivasem.ro\/index.php?rest_route=%2Fwp%2Fv2%2Fproduct_tag&post=14804"}],"curies":[{"name":"wp","href":"https:\/\/api.w.org\/{rel}","templated":true}]}}