{"id":14209,"date":"2024-11-16T11:47:32","date_gmt":"2024-11-16T09:47:32","guid":{"rendered":"https:\/\/vivasem.ro\/?post_type=product&#038;p=14209"},"modified":"2024-11-29T10:06:04","modified_gmt":"2024-11-29T08:06:04","slug":"morcovi-nantes-5-naba-profesional","status":"publish","type":"product","link":"https:\/\/vivasem.ro\/?product=morcovi-nantes-5-naba-profesional","title":{"rendered":"MORCOVI NANTES 5 NABA (Profesional)"},"content":{"rendered":"<h6><span style=\"color: #ff0000;\">MORCOVI NANTES 5 NABA ,\u00a0 \u00a0 \u00a0 \u00a0 \u00a0 \u00a0 \u00a0 \u00a0 \u00a0 \u00a0 \u00a0 \u00a0 \u00a0 \u00a0 \u00a0<img loading=\"lazy\" decoding=\"async\" src=\"https:\/\/vivasem.ro\/wp-content\/uploads\/2024\/11\/TOP-HARVEST-300x74.png\" alt=\"\" width=\"195\" height=\"48\" \/><img loading=\"lazy\" decoding=\"async\" src=\"https:\/\/vivasem.ro\/wp-content\/uploads\/2022\/12\/BAKKER-BROTHERS-300x106.jpg\" alt=\"\" width=\"127\" height=\"45\" \/><\/span><\/h6>\n<h6><span style=\"color: #ff0000;\">Produs \u0219i ambalat de TOP HARVEST -BAKKER BROTHERS Olanda,<\/span><\/h6>\n<p>AMBALAJ:CUTIE METALIC\u0102 DE 100 GRAME.<\/p>\n<h6><span style=\"color: #333399;\"><strong>SELEC\u021aIE PROFESIONAL\u0102 A SOIULUI NANTES 5,\u00a0 FOARTE PRODUCTIV\u0102 , CU FRUCTE LUNGI, APROAPE CILINDRICE, CU V\u00c2RF BONT.<\/strong><\/span><\/h6>\n<h6><span style=\"color: #ff0000;\">LUNGIMEA MEDIE ESTE DE 18-22 centimetrii, CU DIAMETRU DE 3-4 cm., DAR .\u00ceN CONDI\u021aII OPTIME DE CULTUR\u0102, SE OB\u021aIN \u0218I MAI MARI.<\/span><\/h6>\n<h6><span style=\"color: #333399;\"><strong>ACE\u0218TI MORCOVI SUNT FOARTE DULCI, GUSTO\u0218I,\u00a0 FRAGEZI.<\/strong><\/span><\/h6>\n<h6><span style=\"color: #333399;\">Varietate semi-timpurie ,maturitatea \u00een 110-115\u00a0 zile de la sem\u0103nat.<\/span><\/h6>\n<h6><span style=\"color: #333399;\">Recomandat pentru cultura de vara-toamn\u0103.<\/span><\/h6>\n<h6><span style=\"color: #333399;\">Pretabil la recoltare mecanic\u0103.<\/span><\/h6>\n<h6><span style=\"color: #333399;\">Densitatea recomandata pentru semanat: 1,3-2,8 mil. sem.\/ha.<\/span><\/h6>\n<h6><span style=\"color: #333399;\">Cantitate de seminte recomandata pentru semanat: 1,5 gr-3 gr\/10 mp.<\/span><\/h6>\n<h6><span style=\"color: #ff0000;\">Soi cu\u00a0o capacitate foarte bun\u0103 de pastrare,\u00a0<\/span><\/h6>\n<h6><span style=\"color: #0000ff;\">SEMIN\u021aELE AU FOST\u00a0 TRATATE CU FUNGICID MAXIM 480 FS (2,4 % \/g)pe baz\u0103 de\u00a0 fludioxonil.<\/span><\/h6>\n<h6><span style=\"color: #0000ff;\"> Fludioxonilul inhib\u0103 germinarea sporilor distrug\u00e2nd agen\u0163ii patogeni de pe suprafa\u0163a semin\u0163elor (inclusiv \u00een zona comisurii centrale a bobului) \u015fi creeaz\u0103 o barier\u0103 \u00een jurul semin\u0163ei \u00een momentul sem\u0103natului (nu permite infectarea semin\u0163ei cu agen\u0163i patogeni din sol).<\/span><\/h6>\n<h6><span style=\"color: #0000ff;\">SEMINTELE TRATATE POT FI TOXICE. <\/span><\/h6>\n<h6><span style=\"color: #0000ff;\">NU FOLOSI\u021aI SEMIN\u021aELE PENTRU CONSUM UMAN SAU ANIMAL.<\/span><\/h6>\n<h6><span style=\"color: #0000ff;\">NU LE L\u0102SA\u021aI LA \u00ceNDEM\u00c2NA COPIILOR.<\/span><\/h6>\n<h6>Ambalare \u00een plic de polietilen\u0103 cu ziplock, etichetat.<\/h6>\n","protected":false},"excerpt":{"rendered":"<h6><span style=\"color: #0000ff;\">\u00a0100 grame \/120.000-150.000 seminte<\/span><\/h6>\n<h6><span style=\"color: #ff6600;\">OFERT\u0102<\/span><\/h6>\n","protected":false},"featured_media":14212,"comment_status":"open","ping_status":"closed","template":"","meta":{"site-sidebar-layout":"default","site-content-layout":"default","ast-site-content-layout":"default","site-content-style":"default","site-sidebar-style":"default","ast-global-header-display":"","ast-banner-title-visibility":"","ast-main-header-display":"","ast-hfb-above-header-display":"","ast-hfb-below-header-display":"","ast-hfb-mobile-header-display":"","site-post-title":"","ast-breadcrumbs-content":"","ast-featured-img":"","footer-sml-layout":"","ast-disable-related-posts":"","theme-transparent-header-meta":"default","adv-header-id-meta":"","stick-header-meta":"","header-above-stick-meta":"","header-main-stick-meta":"","header-below-stick-meta":"","astra-migrate-meta-layouts":"set","ast-page-background-enabled":"default","ast-page-background-meta":{"desktop":{"background-color":"var(--ast-global-color-4)","background-image":"","background-repeat":"repeat","background-position":"center center","background-size":"auto","background-attachment":"scroll","background-type":"","background-media":"","overlay-type":"","overlay-color":"","overlay-opacity":"","overlay-gradient":""},"tablet":{"background-color":"","background-image":"","background-repeat":"repeat","background-position":"center center","background-size":"auto","background-attachment":"scroll","background-type":"","background-media":"","overlay-type":"","overlay-color":"","overlay-opacity":"","overlay-gradient":""},"mobile":{"background-color":"","background-image":"","background-repeat":"repeat","background-position":"center center","background-size":"auto","background-attachment":"scroll","background-type":"","background-media":"","overlay-type":"","overlay-color":"","overlay-opacity":"","overlay-gradient":""}},"ast-content-background-meta":{"desktop":{"background-color":"var(--ast-global-color-5)","background-image":"","background-repeat":"repeat","background-position":"center center","background-size":"auto","background-attachment":"scroll","background-type":"","background-media":"","overlay-type":"","overlay-color":"","overlay-opacity":"","overlay-gradient":""},"tablet":{"background-color":"var(--ast-global-color-5)","background-image":"","background-repeat":"repeat","background-position":"center center","background-size":"auto","background-attachment":"scroll","background-type":"","background-media":"","overlay-type":"","overlay-color":"","overlay-opacity":"","overlay-gradient":""},"mobile":{"background-color":"var(--ast-global-color-5)","background-image":"","background-repeat":"repeat","background-position":"center center","background-size":"auto","background-attachment":"scroll","background-type":"","background-media":"","overlay-type":"","overlay-color":"","overlay-opacity":"","overlay-gradient":""}}},"product_brand":[],"product_cat":[89],"product_tag":[],"class_list":{"0":"post-14209","1":"product","2":"type-product","3":"status-publish","4":"has-post-thumbnail","6":"product_cat-radacinoase","7":"desktop-align-left","8":"tablet-align-left","9":"mobile-align-left","11":"first","12":"instock","13":"taxable","14":"shipping-taxable","15":"purchasable","16":"product-type-simple"},"_links":{"self":[{"href":"https:\/\/vivasem.ro\/index.php?rest_route=\/wp\/v2\/product\/14209","targetHints":{"allow":["GET"]}}],"collection":[{"href":"https:\/\/vivasem.ro\/index.php?rest_route=\/wp\/v2\/product"}],"about":[{"href":"https:\/\/vivasem.ro\/index.php?rest_route=\/wp\/v2\/types\/product"}],"replies":[{"embeddable":true,"href":"https:\/\/vivasem.ro\/index.php?rest_route=%2Fwp%2Fv2%2Fcomments&post=14209"}],"wp:featuredmedia":[{"embeddable":true,"href":"https:\/\/vivasem.ro\/index.php?rest_route=\/wp\/v2\/media\/14212"}],"wp:attachment":[{"href":"https:\/\/vivasem.ro\/index.php?rest_route=%2Fwp%2Fv2%2Fmedia&parent=14209"}],"wp:term":[{"taxonomy":"product_brand","embeddable":true,"href":"https:\/\/vivasem.ro\/index.php?rest_route=%2Fwp%2Fv2%2Fproduct_brand&post=14209"},{"taxonomy":"product_cat","embeddable":true,"href":"https:\/\/vivasem.ro\/index.php?rest_route=%2Fwp%2Fv2%2Fproduct_cat&post=14209"},{"taxonomy":"product_tag","embeddable":true,"href":"https:\/\/vivasem.ro\/index.php?rest_route=%2Fwp%2Fv2%2Fproduct_tag&post=14209"}],"curies":[{"name":"wp","href":"https:\/\/api.w.org\/{rel}","templated":true}]}}