{"id":14011,"date":"2024-11-08T17:42:25","date_gmt":"2024-11-08T15:42:25","guid":{"rendered":"https:\/\/vivasem.ro\/?post_type=product&#038;p=14011"},"modified":"2026-03-16T14:00:57","modified_gmt":"2026-03-16T12:00:57","slug":"turbo-f1-opal-zi-bulgaria-02g","status":"publish","type":"product","link":"https:\/\/vivasem.ro\/?product=turbo-f1-opal-zi-bulgaria-02g","title":{"rendered":".TURBO F1 (OPAL ZI-Bulgaria) 0,2g"},"content":{"rendered":"<h6><span style=\"color: #ff0000;\"><strong><u>TURBO F1,<\/u><\/strong><\/span><\/h6>\n<h6><span style=\"color: #ff0000;\"><strong><u>Produs \u0219i ambalat de:\u00a0<\/u><\/strong><strong><u>OPAL ZI ODD- BULGARIA,\u00a0 \u00a0 \u00a0 \u00a0 \u00a0 \u00a0<\/u><\/strong><strong><u><img loading=\"lazy\" decoding=\"async\" class=\"alignnone wp-image-13963 lazyautosizes ls-is-cached lazyloaded\" src=\"https:\/\/vivasem.ro\/wp-content\/uploads\/2024\/11\/OPAL-ZI-LTD-300x237.png\" sizes=\"auto, 77px\" srcset=\"https:\/\/vivasem.ro\/wp-content\/uploads\/2024\/11\/OPAL-ZI-LTD-300x237.png 300w, https:\/\/vivasem.ro\/wp-content\/uploads\/2024\/11\/OPAL-ZI-LTD-150x119.png 150w, https:\/\/vivasem.ro\/wp-content\/uploads\/2024\/11\/OPAL-ZI-LTD-250x198.png 250w, https:\/\/vivasem.ro\/wp-content\/uploads\/2024\/11\/OPAL-ZI-LTD.png 344w\" alt=\"\" width=\"77\" height=\"61\" data-src=\"https:\/\/vivasem.ro\/wp-content\/uploads\/2024\/11\/OPAL-ZI-LTD-300x237.png\" data-srcset=\"https:\/\/vivasem.ro\/wp-content\/uploads\/2024\/11\/OPAL-ZI-LTD-300x237.png 300w, https:\/\/vivasem.ro\/wp-content\/uploads\/2024\/11\/OPAL-ZI-LTD-150x119.png 150w, https:\/\/vivasem.ro\/wp-content\/uploads\/2024\/11\/OPAL-ZI-LTD-250x198.png 250w, https:\/\/vivasem.ro\/wp-content\/uploads\/2024\/11\/OPAL-ZI-LTD.png 344w\" data-sizes=\"auto\" data-eio-rwidth=\"300\" data-eio-rheight=\"237\" \/><\/u><\/strong><\/span><\/h6>\n<h6><span style=\"color: #333399;\"><strong>Hibridul\u00a0<\/strong>de\u00a0<strong>tomate TURBO F1 <\/strong>, este extra-timpuriu, semideterminat , rezistent la temperaturi sc\u0103zute\u00a0,ca urmare se preteaza\u00a0 \u00een cultur\u0103 for\u021bat\u0103, protejat\u0103, solarii,sere,etc.pentru prima recolt\u0103 a sezonului.<\/span><\/h6>\n<h6><span style=\"color: #333399;\">PREZINT\u0102 O PRODUCTIVITATE RIDICAT\u0102.<\/span><\/h6>\n<h6><span style=\"color: #ff0000;\">Fructele se coc in acela\u0219 timp\u00a0 si au o forma rotund\u0103 ,u\u0219or aplatizate \u0219i slab ondulate, fara inel verde in jurul coditei,de culoare ro\u0219u intens la maturitate.<\/span><\/h6>\n<h6><span style=\"color: #ff0000;\">Sunt mari de 220- 300 grame \u00een medie, nu crap\u0103, sunt solide, tari, f\u0103r\u0103 celuloz\u0103 \u0219i au o rezistenta la pastrare \u0219i transport foarte bun\u0103,\u00a0<\/span><\/h6>\n<h6><span style=\"color: #000080;\">Au gust excelent, dulce,slab acid,de aceea se preteaza in special consumului in stare proaspata.<\/span><\/h6>\n<h6><span style=\"color: #000080;\"><strong>Hibridul\u00a0<\/strong>de\u00a0<strong>tomate TURBO F1<\/strong> <span style=\"color: #ff0000;\">este\u00a0 rezistent la TmV-mozaicul tutunului, F-fuzarioz\u0103<\/span>\u00a0 ,Verticilium <span style=\"color: #ff0000;\">\u0219i foarte tolerant\u00a0 la A-alternarioza.<\/span><\/span><\/h6>\n<h6><span style=\"color: #0000ff;\">Este potrivit pentru cultura pe dou\u0103 bra\u021be sau pe o singura tulpina,-VEZI FOTO CU CELE DOU\u0102 SCHEME-, p<\/span><span style=\"color: #0000ff;\">lantele fiind foarte puternice \u0219i o legarea excelent\u0103 chiar \u0219i la etajele superioare<\/span><span style=\"color: #0000ff;\">. <\/span><\/h6>\n<h6><span style=\"color: #0000ff;\">SCHEMA DE TRANSPLANTARE:- pe un singur r\u00e2nd , la 70 cm \u00eentre r\u00e2nduri \u0219i 40 cm \u00eentre plante,<\/span><\/h6>\n<h6><span style=\"color: #0000ff;\">-pe doua r\u00e2nduri: l<\/span><span style=\"color: #0000ff;\">a 80 cu 60 cm \u00eentre r\u00e2nduri \u0219i 40 cm \u00eentre plante.<\/span><\/h6>\n<p>P+2<\/p>\n","protected":false},"excerpt":{"rendered":"<h6><span style=\"color: #0000ff;\">0,2 grame\/circa 60 SEMIN\u021aE<\/span><\/h6>\n<h6><span style=\"color: #ff0000;\"><strong>Hibrid tip Prekos, dar cu fructe mai mari ! Gust excelent!<\/strong><\/span><\/h6>\n","protected":false},"featured_media":14012,"comment_status":"open","ping_status":"closed","template":"","meta":{"site-sidebar-layout":"default","site-content-layout":"default","ast-site-content-layout":"default","site-content-style":"default","site-sidebar-style":"default","ast-global-header-display":"","ast-banner-title-visibility":"","ast-main-header-display":"","ast-hfb-above-header-display":"","ast-hfb-below-header-display":"","ast-hfb-mobile-header-display":"","site-post-title":"","ast-breadcrumbs-content":"","ast-featured-img":"","footer-sml-layout":"","ast-disable-related-posts":"","theme-transparent-header-meta":"default","adv-header-id-meta":"","stick-header-meta":"","header-above-stick-meta":"","header-main-stick-meta":"","header-below-stick-meta":"","astra-migrate-meta-layouts":"set","ast-page-background-enabled":"default","ast-page-background-meta":{"desktop":{"background-color":"var(--ast-global-color-4)","background-image":"","background-repeat":"repeat","background-position":"center center","background-size":"auto","background-attachment":"scroll","background-type":"","background-media":"","overlay-type":"","overlay-color":"","overlay-opacity":"","overlay-gradient":""},"tablet":{"background-color":"","background-image":"","background-repeat":"repeat","background-position":"center center","background-size":"auto","background-attachment":"scroll","background-type":"","background-media":"","overlay-type":"","overlay-color":"","overlay-opacity":"","overlay-gradient":""},"mobile":{"background-color":"","background-image":"","background-repeat":"repeat","background-position":"center center","background-size":"auto","background-attachment":"scroll","background-type":"","background-media":"","overlay-type":"","overlay-color":"","overlay-opacity":"","overlay-gradient":""}},"ast-content-background-meta":{"desktop":{"background-color":"var(--ast-global-color-5)","background-image":"","background-repeat":"repeat","background-position":"center center","background-size":"auto","background-attachment":"scroll","background-type":"","background-media":"","overlay-type":"","overlay-color":"","overlay-opacity":"","overlay-gradient":""},"tablet":{"background-color":"var(--ast-global-color-5)","background-image":"","background-repeat":"repeat","background-position":"center center","background-size":"auto","background-attachment":"scroll","background-type":"","background-media":"","overlay-type":"","overlay-color":"","overlay-opacity":"","overlay-gradient":""},"mobile":{"background-color":"var(--ast-global-color-5)","background-image":"","background-repeat":"repeat","background-position":"center center","background-size":"auto","background-attachment":"scroll","background-type":"","background-media":"","overlay-type":"","overlay-color":"","overlay-opacity":"","overlay-gradient":""}}},"product_brand":[],"product_cat":[110,150,187],"product_tag":[],"class_list":{"0":"post-14011","1":"product","2":"type-product","3":"status-publish","4":"has-post-thumbnail","6":"product_cat-tomate-hibrid","7":"product_cat-hibrizi-bulgaresti","8":"product_cat-soiuri-florian-opal-bulgaria","9":"desktop-align-left","10":"tablet-align-left","11":"mobile-align-left","13":"first","14":"instock","15":"taxable","16":"shipping-taxable","17":"purchasable","18":"product-type-simple"},"_links":{"self":[{"href":"https:\/\/vivasem.ro\/index.php?rest_route=\/wp\/v2\/product\/14011","targetHints":{"allow":["GET"]}}],"collection":[{"href":"https:\/\/vivasem.ro\/index.php?rest_route=\/wp\/v2\/product"}],"about":[{"href":"https:\/\/vivasem.ro\/index.php?rest_route=\/wp\/v2\/types\/product"}],"replies":[{"embeddable":true,"href":"https:\/\/vivasem.ro\/index.php?rest_route=%2Fwp%2Fv2%2Fcomments&post=14011"}],"wp:featuredmedia":[{"embeddable":true,"href":"https:\/\/vivasem.ro\/index.php?rest_route=\/wp\/v2\/media\/14012"}],"wp:attachment":[{"href":"https:\/\/vivasem.ro\/index.php?rest_route=%2Fwp%2Fv2%2Fmedia&parent=14011"}],"wp:term":[{"taxonomy":"product_brand","embeddable":true,"href":"https:\/\/vivasem.ro\/index.php?rest_route=%2Fwp%2Fv2%2Fproduct_brand&post=14011"},{"taxonomy":"product_cat","embeddable":true,"href":"https:\/\/vivasem.ro\/index.php?rest_route=%2Fwp%2Fv2%2Fproduct_cat&post=14011"},{"taxonomy":"product_tag","embeddable":true,"href":"https:\/\/vivasem.ro\/index.php?rest_route=%2Fwp%2Fv2%2Fproduct_tag&post=14011"}],"curies":[{"name":"wp","href":"https:\/\/api.w.org\/{rel}","templated":true}]}}