{"id":13699,"date":"2024-10-29T09:23:08","date_gmt":"2024-10-29T07:23:08","guid":{"rendered":"https:\/\/vivasem.ro\/?post_type=product&#038;p=13699"},"modified":"2026-04-04T16:10:42","modified_gmt":"2026-04-04T14:10:42","slug":"dovleac-miranda-cu-seminte-fara-coaja-florian","status":"publish","type":"product","link":"https:\/\/vivasem.ro\/?product=dovleac-miranda-cu-seminte-fara-coaja-florian","title":{"rendered":"DOVLEAC MIRANDA (cu seminte f\u0103r\u0103 coaj\u0103 ) (Florian)"},"content":{"rendered":"<h6><span style=\"color: #ff0000;\"><strong><u>DOVLEAC MIRANDA ,<\/u><\/strong><\/span><\/h6>\n<h6><span style=\"color: #ff0000;\"><span class=\"post-meta-key\">Produs \u0219i ambalat de : Florian OOD-Bulgaria<\/span><\/span><\/h6>\n<h6><span style=\"color: #0000ff;\">Soi de dovleac cu seminte f\u0103r\u0103 coaj\u0103 .<\/span><\/h6>\n<h6><span style=\"color: #333399;\">Dovlecii cop\u021bi, au forma aproape sferic\u0103, cu coaja verde \u0219i pete de culoare portocalie ce ating\u00a0 greutatea medie de 2,5-4,5 kg.<\/span><\/h6>\n<h6><span style=\"color: #ff0000;\">Interiorul acestora con\u021bine o mul\u021bime de semin\u021be fara coaj\u0103 care pot fi consumate direct fara sa fie decojite in prealabil.<\/span><\/h6>\n<h6><span style=\"color: #333399;\">Semintele de dovleac sunt gustoase, foarte benefice si bogate in substante nutritive.<\/span><\/h6>\n<h6><span style=\"color: #333399;\">Pot fi consumate atat crude c\u00e2t \u0219i pr\u0103jite.\u00a0<\/span><\/h6>\n<h6><span style=\"color: #333399;\">Acest soi cre\u0219te cel mai bine in locuri insorite si ferite de vant.<\/span><\/h6>\n<h6><span style=\"color: #333399;\">Perioada de vegetatie 105 zile.<\/span><\/h6>\n<h6><span style=\"color: #333399;\">Insamantare 20-30 aprilie la o temperatura minima a solului de 10 grade.<\/span><\/h6>\n<p>P+2<\/p>\n","protected":false},"excerpt":{"rendered":"<h6><span style=\"color: #0000ff;\">3 grame\/cca 25-30 semin\u021be<\/span><\/h6>\n","protected":false},"featured_media":13700,"comment_status":"open","ping_status":"closed","template":"","meta":{"site-sidebar-layout":"default","site-content-layout":"default","ast-site-content-layout":"default","site-content-style":"default","site-sidebar-style":"default","ast-global-header-display":"","ast-banner-title-visibility":"","ast-main-header-display":"","ast-hfb-above-header-display":"","ast-hfb-below-header-display":"","ast-hfb-mobile-header-display":"","site-post-title":"","ast-breadcrumbs-content":"","ast-featured-img":"","footer-sml-layout":"","ast-disable-related-posts":"","theme-transparent-header-meta":"default","adv-header-id-meta":"","stick-header-meta":"","header-above-stick-meta":"","header-main-stick-meta":"","header-below-stick-meta":"","astra-migrate-meta-layouts":"set","ast-page-background-enabled":"default","ast-page-background-meta":{"desktop":{"background-color":"var(--ast-global-color-4)","background-image":"","background-repeat":"repeat","background-position":"center center","background-size":"auto","background-attachment":"scroll","background-type":"","background-media":"","overlay-type":"","overlay-color":"","overlay-opacity":"","overlay-gradient":""},"tablet":{"background-color":"","background-image":"","background-repeat":"repeat","background-position":"center center","background-size":"auto","background-attachment":"scroll","background-type":"","background-media":"","overlay-type":"","overlay-color":"","overlay-opacity":"","overlay-gradient":""},"mobile":{"background-color":"","background-image":"","background-repeat":"repeat","background-position":"center center","background-size":"auto","background-attachment":"scroll","background-type":"","background-media":"","overlay-type":"","overlay-color":"","overlay-opacity":"","overlay-gradient":""}},"ast-content-background-meta":{"desktop":{"background-color":"var(--ast-global-color-5)","background-image":"","background-repeat":"repeat","background-position":"center center","background-size":"auto","background-attachment":"scroll","background-type":"","background-media":"","overlay-type":"","overlay-color":"","overlay-opacity":"","overlay-gradient":""},"tablet":{"background-color":"var(--ast-global-color-5)","background-image":"","background-repeat":"repeat","background-position":"center center","background-size":"auto","background-attachment":"scroll","background-type":"","background-media":"","overlay-type":"","overlay-color":"","overlay-opacity":"","overlay-gradient":""},"mobile":{"background-color":"var(--ast-global-color-5)","background-image":"","background-repeat":"repeat","background-position":"center center","background-size":"auto","background-attachment":"scroll","background-type":"","background-media":"","overlay-type":"","overlay-color":"","overlay-opacity":"","overlay-gradient":""}}},"product_brand":[],"product_cat":[87],"product_tag":[],"class_list":{"0":"post-13699","1":"product","2":"type-product","3":"status-publish","4":"has-post-thumbnail","6":"product_cat-dovlecei","7":"desktop-align-left","8":"tablet-align-left","9":"mobile-align-left","11":"first","12":"instock","13":"taxable","14":"shipping-taxable","15":"purchasable","16":"product-type-simple"},"_links":{"self":[{"href":"https:\/\/vivasem.ro\/index.php?rest_route=\/wp\/v2\/product\/13699","targetHints":{"allow":["GET"]}}],"collection":[{"href":"https:\/\/vivasem.ro\/index.php?rest_route=\/wp\/v2\/product"}],"about":[{"href":"https:\/\/vivasem.ro\/index.php?rest_route=\/wp\/v2\/types\/product"}],"replies":[{"embeddable":true,"href":"https:\/\/vivasem.ro\/index.php?rest_route=%2Fwp%2Fv2%2Fcomments&post=13699"}],"wp:featuredmedia":[{"embeddable":true,"href":"https:\/\/vivasem.ro\/index.php?rest_route=\/wp\/v2\/media\/13700"}],"wp:attachment":[{"href":"https:\/\/vivasem.ro\/index.php?rest_route=%2Fwp%2Fv2%2Fmedia&parent=13699"}],"wp:term":[{"taxonomy":"product_brand","embeddable":true,"href":"https:\/\/vivasem.ro\/index.php?rest_route=%2Fwp%2Fv2%2Fproduct_brand&post=13699"},{"taxonomy":"product_cat","embeddable":true,"href":"https:\/\/vivasem.ro\/index.php?rest_route=%2Fwp%2Fv2%2Fproduct_cat&post=13699"},{"taxonomy":"product_tag","embeddable":true,"href":"https:\/\/vivasem.ro\/index.php?rest_route=%2Fwp%2Fv2%2Fproduct_tag&post=13699"}],"curies":[{"name":"wp","href":"https:\/\/api.w.org\/{rel}","templated":true}]}}