{"id":13692,"date":"2024-10-28T22:58:40","date_gmt":"2024-10-28T20:58:40","guid":{"rendered":"https:\/\/vivasem.ro\/?post_type=product&#038;p=13692"},"modified":"2026-02-19T21:18:58","modified_gmt":"2026-02-19T19:18:58","slug":"pepino-pepene-galben-de-copac-florian-bulgaria","status":"publish","type":"product","link":"https:\/\/vivasem.ro\/?product=pepino-pepene-galben-de-copac-florian-bulgaria","title":{"rendered":"\u201e\u201ePEPINO-PEPENE GALBEN DE COPAC (FLORIAN-Bulgaria)"},"content":{"rendered":"<h6><span style=\"color: #ff0000;\"><strong><u>PEPINO-PEPENE GALBEN DE COPAC\u00a0,<\/u><\/strong><\/span>\u00a0 \u00a0 \u00a0 \u00a0 \u00a0 <span style=\"color: #ff0000;\"><strong><u><a href=\"https:\/\/vivasem.ro\/wp-content\/uploads\/2023\/02\/FLORIAN-logo.jpg\"><img loading=\"lazy\" decoding=\"async\" class=\"alignnone wp-image-11691\" src=\"https:\/\/vivasem.ro\/wp-content\/uploads\/2023\/02\/FLORIAN-logo-300x159.jpg\" alt=\"\" width=\"155\" height=\"82\" srcset=\"https:\/\/vivasem.ro\/wp-content\/uploads\/2023\/02\/FLORIAN-logo-300x159.jpg 300w, https:\/\/vivasem.ro\/wp-content\/uploads\/2023\/02\/FLORIAN-logo-original-248x131.jpg 248w, https:\/\/vivasem.ro\/wp-content\/uploads\/2023\/02\/FLORIAN-logo-original-590x313.jpg 590w, https:\/\/vivasem.ro\/wp-content\/uploads\/2023\/02\/FLORIAN-logo-original.jpg 655w\" sizes=\"auto, (max-width: 155px) 100vw, 155px\" \/><\/a><\/u><\/strong><\/span><\/h6>\n<h6><span style=\"color: #ff0000;\"><span class=\"post-meta-key\">Produs\u00a0 ambalat de :Florian-Bulgaria<\/span><\/span><\/h6>\n<p>&nbsp;<\/p>\n<div class=\"ast-oembed-container \" style=\"height: 100%;\"><iframe loading=\"lazy\" title=\"Pepino Melon is Very Fresh Fruit #shortvideo #shorts #youtubeshorts #gardening\" width=\"422\" height=\"750\" src=\"https:\/\/www.youtube.com\/embed\/Uu6TV856vLo?feature=oembed\" frameborder=\"0\" allow=\"accelerometer; autoplay; clipboard-write; encrypted-media; gyroscope; picture-in-picture; web-share\" referrerpolicy=\"strict-origin-when-cross-origin\" allowfullscreen><\/iframe><\/div>\n<div class=\"ast-oembed-container \" style=\"height: 100%;\"><iframe loading=\"lazy\" title=\"Amazingly Unique Pepino Fruit 20 #fruitgarden #shots\" width=\"422\" height=\"750\" src=\"https:\/\/www.youtube.com\/embed\/Jl2C5yjLlio?feature=oembed\" frameborder=\"0\" allow=\"accelerometer; autoplay; clipboard-write; encrypted-media; gyroscope; picture-in-picture; web-share\" referrerpolicy=\"strict-origin-when-cross-origin\" allowfullscreen><\/iframe><\/div>\n<h6><span style=\"color: #333399;\">Un soi exotic, originar din America de Sud, de cultivat \u00een gr\u0103din\u0103, solarii \u0219i sere. <\/span><\/h6>\n<h6><span style=\"color: #ff0000;\">Planta este anual\u0103 , poate fi utilizat\u0103 \u0219i ca plant\u0103 ornamental\u0103, cu tulpin\u0103 viguroas\u0103, ce atinge 1,5-2 metrii \u00een\u0103l\u021bime \u0219i formeaz\u0103 flori aromate, atractive pentru albine \u0219i fructe aspectuase, comestibile. <\/span><\/h6>\n<h6><span style=\"color: #333399;\">Acestea sunt ovale sau \u00een form\u0103 de inim\u0103 , au culoarea crem cu dungi mov sau ro\u0219u-brun \u0219i o greutate de 100-300 grame. <\/span><\/h6>\n<h6><span style=\"color: #333399;\"><span style=\"color: #ff0000;\">Miezul este zemos, fraged, aromat si are gust de pepene galben sau mango. Pulpa fructelor coapte moale, suculent\u0103,se consum\u0103 dup\u0103 dup\u0103 decojire. <\/span>\u00a0Fructele au un continut bogat de vitamina C si iod. Se consum\u0103 \u00een stare proaspat\u0103 sau se pot g\u0103tii sub diverse forme: \u00een pr\u0103jituri, ca gemuri, pot fi uscate, conservate .<\/span><\/h6>\n<h6><span style=\"color: #333399;\">\u00cen zona noastr\u0103 se cultiv\u0103 ,prin r\u0103sad, pentru ob\u021binerea de culturi timpurii.<\/span><\/h6>\n<h6><span style=\"color: #333399;\">\u00censaman\u021barea se face la 1-1.5 cm., \u00een februarie-mai, iar dupa o luna plantele gata de transplantat se planteaza la o distan\u021b\u0103 de 40 cm intre plante \u0219i 60 cm. \u00eentre r\u00e2nduri<\/span><\/h6>\n<h6><span style=\"color: #333399;\">\u00cen zonele foarte c\u0103lduroase, se pot \u00eens\u0103m\u00e2n\u021ba direct ,\u00een amplasamente foarte bine luminate, unde soarele este prezent \u00een cea mai mare parte a zilei, la o ad\u00e2ncime de 0,5 cm, \u00eentr-un sol fertil, bogat \u00een substan\u021be nutritive, pentru ca planta s\u0103 aib\u0103 o cre\u0219tere rapid\u0103 \u0219i viguroas\u0103. De asemenea solul trebuie s\u0103 aib\u0103 un sistem bun de drenare, pentru a nu permite stagnarea apei \u00een momentul efectu\u0103rii procesului de irigare. <\/span><\/h6>\n<h6><span style=\"color: #ff0000;\">\u00cen concluzie, Pepino,\u00a0poate fi utilizat \u0219i ca plant\u0103 ornamental\u0103, av\u00e2nd un aspect decorativ deosebit, gustul fructelor seam\u0103n\u0103 foarte mult cu gustul pepenelui galben; plantele,prezint\u0103 o rezisten\u021b\u0103 ridicat\u0103 la boli \u0219i d\u0103un\u0103tori \u0219i ofer\u0103 o productivitate bogat\u0103 f\u0103r\u0103 s\u0103 necesite condi\u021bii preten\u021bioase de \u00eentre\u021binere.<\/span><\/h6>\n<h6><\/h6>\n<div class=\"tr\">\n<div class=\"td\"><\/div>\n<div class=\"td\"><\/div>\n<\/div>\n<div class=\"tr\"><\/div>\n<h6 style=\"text-align: right;\"><\/h6>\n<h6><\/h6>\n<div class=\"ff7\">\n<div class=\"ff20\">\n<div class=\"ff20\">\n<h6 id=\"pageContainer5\" class=\"page\" data-page-number=\"5\" data-loaded=\"true\"><\/h6>\n<\/div>\n<\/div>\n<\/div>\n","protected":false},"excerpt":{"rendered":"<h6><span style=\"color: #0000ff;\">10 semin\u021be <\/span><\/h6>\n<h6><span style=\"color: #ff00ff;\">VEZI VIDEO!<\/span><\/h6>\n","protected":false},"featured_media":13695,"comment_status":"open","ping_status":"closed","template":"","meta":{"site-sidebar-layout":"default","site-content-layout":"default","ast-site-content-layout":"default","site-content-style":"default","site-sidebar-style":"default","ast-global-header-display":"","ast-banner-title-visibility":"","ast-main-header-display":"","ast-hfb-above-header-display":"","ast-hfb-below-header-display":"","ast-hfb-mobile-header-display":"","site-post-title":"","ast-breadcrumbs-content":"","ast-featured-img":"","footer-sml-layout":"","ast-disable-related-posts":"","theme-transparent-header-meta":"default","adv-header-id-meta":"","stick-header-meta":"","header-above-stick-meta":"","header-main-stick-meta":"","header-below-stick-meta":"","astra-migrate-meta-layouts":"set","ast-page-background-enabled":"default","ast-page-background-meta":{"desktop":{"background-color":"var(--ast-global-color-4)","background-image":"","background-repeat":"repeat","background-position":"center center","background-size":"auto","background-attachment":"scroll","background-type":"","background-media":"","overlay-type":"","overlay-color":"","overlay-opacity":"","overlay-gradient":""},"tablet":{"background-color":"","background-image":"","background-repeat":"repeat","background-position":"center center","background-size":"auto","background-attachment":"scroll","background-type":"","background-media":"","overlay-type":"","overlay-color":"","overlay-opacity":"","overlay-gradient":""},"mobile":{"background-color":"","background-image":"","background-repeat":"repeat","background-position":"center center","background-size":"auto","background-attachment":"scroll","background-type":"","background-media":"","overlay-type":"","overlay-color":"","overlay-opacity":"","overlay-gradient":""}},"ast-content-background-meta":{"desktop":{"background-color":"var(--ast-global-color-5)","background-image":"","background-repeat":"repeat","background-position":"center center","background-size":"auto","background-attachment":"scroll","background-type":"","background-media":"","overlay-type":"","overlay-color":"","overlay-opacity":"","overlay-gradient":""},"tablet":{"background-color":"var(--ast-global-color-5)","background-image":"","background-repeat":"repeat","background-position":"center center","background-size":"auto","background-attachment":"scroll","background-type":"","background-media":"","overlay-type":"","overlay-color":"","overlay-opacity":"","overlay-gradient":""},"mobile":{"background-color":"var(--ast-global-color-5)","background-image":"","background-repeat":"repeat","background-position":"center center","background-size":"auto","background-attachment":"scroll","background-type":"","background-media":"","overlay-type":"","overlay-color":"","overlay-opacity":"","overlay-gradient":""}}},"product_brand":[],"product_cat":[87,91],"product_tag":[],"class_list":{"0":"post-13692","1":"product","2":"type-product","3":"status-publish","4":"has-post-thumbnail","6":"product_cat-dovlecei","7":"product_cat-alte-legume","8":"desktop-align-left","9":"tablet-align-left","10":"mobile-align-left","12":"first","13":"outofstock","14":"taxable","15":"shipping-taxable","16":"purchasable","17":"product-type-simple"},"_links":{"self":[{"href":"https:\/\/vivasem.ro\/index.php?rest_route=\/wp\/v2\/product\/13692","targetHints":{"allow":["GET"]}}],"collection":[{"href":"https:\/\/vivasem.ro\/index.php?rest_route=\/wp\/v2\/product"}],"about":[{"href":"https:\/\/vivasem.ro\/index.php?rest_route=\/wp\/v2\/types\/product"}],"replies":[{"embeddable":true,"href":"https:\/\/vivasem.ro\/index.php?rest_route=%2Fwp%2Fv2%2Fcomments&post=13692"}],"wp:featuredmedia":[{"embeddable":true,"href":"https:\/\/vivasem.ro\/index.php?rest_route=\/wp\/v2\/media\/13695"}],"wp:attachment":[{"href":"https:\/\/vivasem.ro\/index.php?rest_route=%2Fwp%2Fv2%2Fmedia&parent=13692"}],"wp:term":[{"taxonomy":"product_brand","embeddable":true,"href":"https:\/\/vivasem.ro\/index.php?rest_route=%2Fwp%2Fv2%2Fproduct_brand&post=13692"},{"taxonomy":"product_cat","embeddable":true,"href":"https:\/\/vivasem.ro\/index.php?rest_route=%2Fwp%2Fv2%2Fproduct_cat&post=13692"},{"taxonomy":"product_tag","embeddable":true,"href":"https:\/\/vivasem.ro\/index.php?rest_route=%2Fwp%2Fv2%2Fproduct_tag&post=13692"}],"curies":[{"name":"wp","href":"https:\/\/api.w.org\/{rel}","templated":true}]}}