{"id":13684,"date":"2024-10-27T09:06:23","date_gmt":"2024-10-27T07:06:23","guid":{"rendered":"https:\/\/vivasem.ro\/?post_type=product&#038;p=13684"},"modified":"2026-03-03T11:46:26","modified_gmt":"2026-03-03T09:46:26","slug":"praz-de-stara-zagora-72-florian","status":"publish","type":"product","link":"https:\/\/vivasem.ro\/?product=praz-de-stara-zagora-72-florian","title":{"rendered":"PRAZ BULG\u0102RESC STARA ZAGORA 72 (FLORIAN )"},"content":{"rendered":"<h6><span style=\"color: #ff0000;\"><strong><u>PRAZ STARA ZAGORA 72 ,<\/u><\/strong><\/span><\/h6>\n<h6><span style=\"color: #ff0000;\"><strong><u>Produs \u0219i ambalat de FLORIAN OOD Bulgaria ,<\/u><\/strong><\/span><img loading=\"lazy\" decoding=\"async\" class=\"alignnone wp-image-11691\" style=\"color: #0000ff;\" src=\"https:\/\/vivasem.ro\/wp-content\/uploads\/2023\/02\/FLORIAN-logo-300x159.jpg\" alt=\"\" width=\"123\" height=\"65\" srcset=\"https:\/\/vivasem.ro\/wp-content\/uploads\/2023\/02\/FLORIAN-logo-300x159.jpg 300w, https:\/\/vivasem.ro\/wp-content\/uploads\/2023\/02\/FLORIAN-logo-original-248x131.jpg 248w, https:\/\/vivasem.ro\/wp-content\/uploads\/2023\/02\/FLORIAN-logo-original-590x313.jpg 590w, https:\/\/vivasem.ro\/wp-content\/uploads\/2023\/02\/FLORIAN-logo-original.jpg 655w\" sizes=\"auto, (max-width: 123px) 100vw, 123px\" \/><\/h6>\n<hr \/>\n<h6><span style=\"color: #333399;\">SOI BULG\u0102RESC PRAZ MARE , DE CULOARE VERDE DESCHIS, ce prezinta tulpini lungi, de 70 de cm, sub\u021biri,caracteristic pentru soi este faptul ca formeaza o mic\u0103 c\u0103p\u0103\u021b\u00e2n\u0103. <\/span><\/h6>\n<h6><span style=\"color: #ff0000;\">Miezul este alb, crocant, suculent, are un gust excelent\u00a0u\u0219or picant, specific.<\/span><\/h6>\n<h6><span style=\"color: #333399;\">Frunzele sunt inguste, alungite, dese, de culoare verde deschis .<\/span><\/h6>\n<h6><span style=\"color: #333399;\"> Soiul <strong>este ideal pentru recolta de vara si toamna.<\/strong> \u00a0<\/span><\/h6>\n<h6><span style=\"color: #333399;\">Se p\u0103streaza foarte bine peste iarn\u0103.<\/span><\/h6>\n<h6><span style=\"color: #333399;\">Poten\u021bial ridicat de productie.<\/span><\/h6>\n<h6><span style=\"color: #333399;\">Se seam\u0103n\u0103 \u0219i toamna \u0219i prim\u0103vara.<\/span><\/h6>\n<h6><span style=\"color: #333399;\"><strong>E<\/strong>ste un\u00a0<strong>praz<\/strong>\u00a0recomandat atat pentru consum in stare proaspata (salate sau amestecuri de legume proaspete), cat si in diverse retete in bucatarie.<\/span><\/h6>\n<h6><span style=\"color: #333399;\">Plantare: Produc\u0103torul recomand\u0103 cultivarea la distan\u021ba de 10 x 30 cm<\/span><\/h6>\n<h6><\/h6>\n<h6><\/h6>\n","protected":false},"excerpt":{"rendered":"<h6><span style=\"color: #0000ff;\">2 grame \/700-900 SEMIN\u021aE<img loading=\"lazy\" decoding=\"async\" class=\"alignnone wp-image-6106\" src=\"https:\/\/vivasem.ro\/wp-content\/uploads\/2021\/12\/NOU3.jpg\" alt=\"\" width=\"61\" height=\"59\" srcset=\"https:\/\/vivasem.ro\/wp-content\/uploads\/2021\/12\/NOU3.jpg 270w, https:\/\/vivasem.ro\/wp-content\/uploads\/2021\/12\/NOU3-248x241.jpg 248w\" sizes=\"auto, (max-width: 61px) 100vw, 61px\" \/><\/span><\/h6>\n<h6><\/h6>\n","protected":false},"featured_media":13685,"comment_status":"open","ping_status":"closed","template":"","meta":{"site-sidebar-layout":"default","site-content-layout":"default","ast-site-content-layout":"default","site-content-style":"default","site-sidebar-style":"default","ast-global-header-display":"","ast-banner-title-visibility":"","ast-main-header-display":"","ast-hfb-above-header-display":"","ast-hfb-below-header-display":"","ast-hfb-mobile-header-display":"","site-post-title":"","ast-breadcrumbs-content":"","ast-featured-img":"","footer-sml-layout":"","ast-disable-related-posts":"","theme-transparent-header-meta":"default","adv-header-id-meta":"","stick-header-meta":"","header-above-stick-meta":"","header-main-stick-meta":"","header-below-stick-meta":"","astra-migrate-meta-layouts":"set","ast-page-background-enabled":"default","ast-page-background-meta":{"desktop":{"background-color":"var(--ast-global-color-4)","background-image":"","background-repeat":"repeat","background-position":"center center","background-size":"auto","background-attachment":"scroll","background-type":"","background-media":"","overlay-type":"","overlay-color":"","overlay-opacity":"","overlay-gradient":""},"tablet":{"background-color":"","background-image":"","background-repeat":"repeat","background-position":"center center","background-size":"auto","background-attachment":"scroll","background-type":"","background-media":"","overlay-type":"","overlay-color":"","overlay-opacity":"","overlay-gradient":""},"mobile":{"background-color":"","background-image":"","background-repeat":"repeat","background-position":"center center","background-size":"auto","background-attachment":"scroll","background-type":"","background-media":"","overlay-type":"","overlay-color":"","overlay-opacity":"","overlay-gradient":""}},"ast-content-background-meta":{"desktop":{"background-color":"var(--ast-global-color-5)","background-image":"","background-repeat":"repeat","background-position":"center center","background-size":"auto","background-attachment":"scroll","background-type":"","background-media":"","overlay-type":"","overlay-color":"","overlay-opacity":"","overlay-gradient":""},"tablet":{"background-color":"var(--ast-global-color-5)","background-image":"","background-repeat":"repeat","background-position":"center center","background-size":"auto","background-attachment":"scroll","background-type":"","background-media":"","overlay-type":"","overlay-color":"","overlay-opacity":"","overlay-gradient":""},"mobile":{"background-color":"var(--ast-global-color-5)","background-image":"","background-repeat":"repeat","background-position":"center center","background-size":"auto","background-attachment":"scroll","background-type":"","background-media":"","overlay-type":"","overlay-color":"","overlay-opacity":"","overlay-gradient":""}}},"product_brand":[],"product_cat":[91],"product_tag":[],"class_list":{"0":"post-13684","1":"product","2":"type-product","3":"status-publish","4":"has-post-thumbnail","6":"product_cat-alte-legume","7":"desktop-align-left","8":"tablet-align-left","9":"mobile-align-left","11":"first","12":"instock","13":"taxable","14":"shipping-taxable","15":"purchasable","16":"product-type-simple"},"_links":{"self":[{"href":"https:\/\/vivasem.ro\/index.php?rest_route=\/wp\/v2\/product\/13684","targetHints":{"allow":["GET"]}}],"collection":[{"href":"https:\/\/vivasem.ro\/index.php?rest_route=\/wp\/v2\/product"}],"about":[{"href":"https:\/\/vivasem.ro\/index.php?rest_route=\/wp\/v2\/types\/product"}],"replies":[{"embeddable":true,"href":"https:\/\/vivasem.ro\/index.php?rest_route=%2Fwp%2Fv2%2Fcomments&post=13684"}],"wp:featuredmedia":[{"embeddable":true,"href":"https:\/\/vivasem.ro\/index.php?rest_route=\/wp\/v2\/media\/13685"}],"wp:attachment":[{"href":"https:\/\/vivasem.ro\/index.php?rest_route=%2Fwp%2Fv2%2Fmedia&parent=13684"}],"wp:term":[{"taxonomy":"product_brand","embeddable":true,"href":"https:\/\/vivasem.ro\/index.php?rest_route=%2Fwp%2Fv2%2Fproduct_brand&post=13684"},{"taxonomy":"product_cat","embeddable":true,"href":"https:\/\/vivasem.ro\/index.php?rest_route=%2Fwp%2Fv2%2Fproduct_cat&post=13684"},{"taxonomy":"product_tag","embeddable":true,"href":"https:\/\/vivasem.ro\/index.php?rest_route=%2Fwp%2Fv2%2Fproduct_tag&post=13684"}],"curies":[{"name":"wp","href":"https:\/\/api.w.org\/{rel}","templated":true}]}}